000
CXUS53 KLSX 011600
CF6COU
PRELIMINARY LOCAL CLIMATOLOGICAL DATA (WS FORM: F-6)

                                          STATION:   COLUMBIA ASOS
                                          MONTH:     NOVEMBER
                                          YEAR:      2012
                                          LATITUDE:   38 49 N
                                          LONGITUDE:  92 13 W

  TEMPERATURE IN F:       :PCPN:    SNOW:  WIND      :SUNSHINE: SKY     :PK WND
================================================================================
1   2   3   4   5  6A  6B    7    8   9   10  11  12  13   14  15   16   17  18
                                     12Z  AVG MX 2MIN
DY MAX MIN AVG DEP HDD CDD  WTR  SNW DPTH SPD SPD DIR MIN PSBL S-S WX    SPD DR
================================================================================

 1  69  39  54   3  11   0 0.00  0.0    0  6.3 14  20   M    M   1 8      18  20
 2  59  38  49  -2  16   0 0.00  0.0    0  9.5 18 120   M    M   0 8      24 110
 3  54  38  46  -4  19   0 0.00  0.0    0  8.8 17 360   M    M   1        24 110
 4  53  30  42  -8  23   0    T  0.0    0  4.3 13 130   M    M   3 18     15 130
 5  44  42  43  -6  22   0 0.12  0.0    0  8.2 13 100   M    M  10 1      17 110
 6  52  42  47  -2  18   0    T  0.0    0  7.7 17 310   M    M  10 1      22 310
 7  49  36  43  -6  22   0 0.00  0.0    0  8.8 20 340   M    M   6        24 350
 8  61  32  47  -1  18   0 0.00  0.0    0 10.0 16 150   M    M   0        21 140
 9  73  49  61  13   4   0 0.00  0.0    0 11.9 21 180   M    M   1        31 170
10  77  58  68  21   0   3    T  0.0    0 17.5 29 180   M    M   0        39 170
11  68  31  50   3  15   0 0.77  0.0    0 16.6 32 170   M    M   6 1      41 170
12  44  26  35 -11  30   0 0.00  0.0    0  9.5 23 280   M    M   0        29 250
13  52  23  38  -8  27   0 0.00  0.0    0  5.5 12 180   M    M   0        15 200
14  56  33  45   0  20   0 0.00  0.0    0  6.0 10 160   M    M   0        13 160
15  57  32  45   0  20   0 0.00  0.0    0  3.7  8 220   M    M   1        10 210
16  61  36  49   5  16   0 0.00  0.0    0  2.1  8 120   M    M   0 8      10 120
17  61  34  48   4  17   0 0.00  0.0    0  7.4 13 140   M    M   0        16 160
18  64  37  51   8  14   0 0.00  0.0    0  8.1 13 180   M    M   0        16 180
19  59  44  52   9  13   0 0.07  0.0    0  8.0 13 170   M    M   5 1      17 190
20  62  39  51   9  14   0 0.00  0.0    0  6.4 14 330   M    M   0 12     16 310
21  66  30  48   6  17   0 0.00  0.0    0  7.1 13 170   M    M   3 12     15 170
22  72  47  60  19   5   0 0.03  0.0    0 14.0 26 320   M    M   3        37 320
23  47  26  37  -4  28   0 0.00  0.0    0 13.9 30 330   M    M   1        38 330
24  40  20  30 -10  35   0 0.00  0.0    0  7.3 14 180   M    M   0        17 170
25  57  34  46   6  19   0 0.00  0.0    0  7.6 15  40   M    M   0        20  40
26  42  23  33  -6  32   0 0.00  0.0    0 11.9 22  10   M    M   4        26  20
27  39  16  28 -11  37   0 0.00  0.0    0  4.7  9 210   M    M   0        13 190
28  51  22  37  -1  28   0 0.00  0.0    0  5.1 10 210   M    M   0        15 190
29  63  33  48  10  17   0 0.00  0.0    0 10.7 18 210   M    M   0        23 170
30  65  39  52  15  13   0 0.00  0.0    0  7.9 16 260   M    M   0 8      20 250
================================================================================
SM 1717 1029       570   3  0.99     0.0 256.5          M       55
================================================================================
AV 57.2 34.3                               8.6 FASTST   M    M   2    MAX(MPH)
                                 MISC ---->  # 32 170               # 41  170
================================================================================
NOTES:
# LAST OF SEVERAL OCCURRENCES

COLUMN 17 PEAK WIND IN M.P.H.

PRELIMINARY LOCAL CLIMATOLOGICAL DATA (WS FORM: F-6) , PAGE 2

                                          STATION:  COLUMBIA ASOS
                                          MONTH:    NOVEMBER
                                          YEAR:     2012
                                          LATITUDE:   38 49 N
                                          LONGITUDE:  92 13 W

[TEMPERATURE DATA]      [PRECIPITATION DATA]       SYMBOLS USED IN COLUMN 16

AVERAGE MONTHLY: 45.8   TOTAL FOR MONTH:   0.99    1 = FOG OR MIST
DPTR FM NORMAL:   1.4   DPTR FM NORMAL:   -2.26    2 = FOG REDUCING VISIBILITY
HIGHEST:    77 ON 10    GRTST 24HR  0.77 ON 10-11      TO 1/4 MILE OR LESS
LOWEST:     16 ON 27                               3 = THUNDER
                        SNOW, ICE PELLETS, HAIL    4 = ICE PELLETS
                        TOTAL MONTH:   0.0 INCH    5 = HAIL
                        GRTST 24HR     0.0         6 = FREEZING RAIN OR DRIZZLE
                        GRTST DEPTH:   0           7 = DUSTSTORM OR SANDSTORM:
                                                       VSBY 1/2 MILE OR LESS
                                                   8 = SMOKE OR HAZE
[NO. OF DAYS WITH]      [WEATHER - DAYS WITH]      9 = BLOWING SNOW
                                                   X = TORNADO
MAX 32 OR BELOW:   0    0.01 INCH OR MORE:   4
MAX 90 OR ABOVE:   0    0.10 INCH OR MORE:   2
MIN 32 OR BELOW:  12    0.50 INCH OR MORE:   1
MIN  0 OR BELOW:   0    1.00 INCH OR MORE:   0

[HDD (BASE 65) ]
TOTAL THIS MO.   570    CLEAR  (SCALE 0-3)  24
DPTR FM NORMAL   -50    PTCLDY (SCALE 4-7)   4
TOTAL FM JUL 1   967    CLOUDY (SCALE 8-10)  2
DPTR FM NORMAL   -18

[CDD (BASE 65) ]
TOTAL THIS MO.     3
DPTR FM NORMAL     1    [PRESSURE DATA]
TOTAL FM JAN 1  1896    HIGHEST SLP 30.53 ON 13
DPTR FM NORMAL   647    LOWEST  SLP 29.72 ON 11

[REMARKS]
#FINAL-11-12#
