000
CXUS53 KLSX 011756
CF6COU

PRELIMINARY LOCAL CLIMATOLOGICAL DATA (WS FORM: F-6)

                                          STATION:   COLUMBIA ASOS
                                          MONTH:     AUGUST
                                          YEAR:      2012
                                          LATITUDE:   38 49 N
                                          LONGITUDE:  92 13 W

  TEMPERATURE IN F:       :PCPN:    SNOW:  WIND      :SUNSHINE: SKY     :PK WND
================================================================================
1   2   3   4   5  6A  6B    7    8   9   10  11  12  13   14  15   16   17  18
                                     12Z  AVG MX 2MIN
DY MAX MIN AVG DEP HDD CDD  WTR  SNW DPTH SPD SPD DIR MIN PSBL S-S WX    SPD DR
================================================================================

 1 101  75  88  11   0  23 0.00  0.0    0  6.2 12  50   M    M   1 8      15  50
 2  95  75  85   8   0  20    T  0.0    0  5.8 16 120   M    M   1        22 130
 3  98  71  85   8   0  20 0.00  0.0    0  4.0 10  40   M    M   0 1      17  90
 4 100  78  89  12   0  24    T  0.0    0  7.5 16 160   M    M   2 3      22 220
 5  94  70  82   5   0  17 0.12  0.0    0  6.7 20 340   M    M   3 1      24 340
 6  97  65  81   4   0  16 0.00  0.0    0  5.9 12 350   M    M   0        17 360
 7 102  66  84   7   0  19 0.00  0.0    0  5.0 14 160   M    M   0        20 150
 8  95  70  83   6   0  18 0.06  0.0    0  8.2 25 190   M    M   2 3      32 190
 9  95  65  80   3   0  15 0.00  0.0    0  6.6 21 330   M    M   2        25 340
10  84  63  74  -3   0   9 0.00  0.0    0  9.2 18  30   M    M   3        23 360
11  89  57  73  -4   0   8 0.00  0.0    0  4.7 10 280   M    M   0        17 320
12  86  66  76  -1   0  11 0.01  0.0    0  7.6 15 170   M    M   4 3      20 150
13  75  64  70  -7   0   5 0.00  0.0    0 10.2 20 330   M    M   8        24 320
14  79  57  68  -9   0   3 0.00  0.0    0  4.0 10 230   M    M   0        13 220
15  94  53  74  -3   0   9 0.00  0.0    0  7.1 16 210   M    M   1 1      23 200
16  93  69  81   4   0  16    T  0.0    0 12.1 26 250   M    M   2        32 240
17  85  56  71  -6   0   6 0.00  0.0    0  5.1 13  40   M    M   1        21  20
18  87  53  70  -6   0   5    T  0.0    0  6.1 12 360   M    M   2        20  40
19  86  63  75  -1   0  10    T  0.0    0  7.7 16 340   M    M   4        23 340
20  88  56  72  -4   0   7 0.00  0.0    0  6.8 18 320   M    M   1        23 360
21  95  59  77   1   0  12 0.00  0.0    0  6.0 18 270   M    M   1        31 250
22  99  60  80   4   0  15 0.00  0.0    0  5.5 15 250   M    M   1        22 290
23  97  66  82   6   0  17 0.00  0.0    0  7.4 18 210   M    M   2        24 210
24  96  68  82   6   0  17 0.00  0.0    0  8.3 21 170   M    M   0        25 180
25  91  68  80   5   0  15 0.01  0.0    0 10.0 21 200   M    M   5        26 170
26  85  71  78   3   0  13 0.10  0.0    0  6.5 16 220   M    M   8 18     21 220
27  95  68  82   7   0  17 0.00  0.0    0  8.2 15  50   M    M   2 12     22  90
28  97  65  81   6   0  16 0.00  0.0    0  5.5 15  40   M    M   0        20  40
29  96  68  82   8   0  17 0.00  0.0    0  6.4 14 140   M    M   0        20 110
30 100  66  83   9   0  18 0.00  0.0    0  6.6 15 100   M    M   0        20 120
31  79  73  76   2   0  11 2.23  0.0    0 12.5 22  70   M    M   8 1      31 100
================================================================================
SM 2853 2024         0 429  2.53     0.0 219.4          M       64
================================================================================
AV 92.0 65.3                               7.1 FASTST   M    M   2    MAX(MPH)
                                 MISC ---->  # 26 250               # 32  190
================================================================================
NOTES:
# LAST OF SEVERAL OCCURRENCES

COLUMN 17 PEAK WIND IN M.P.H.

PRELIMINARY LOCAL CLIMATOLOGICAL DATA (WS FORM: F-6) , PAGE 2

                                          STATION:  COLUMBIA ASOS
                                          MONTH:    AUGUST
                                          YEAR:     2012
                                          LATITUDE:   38 49 N
                                          LONGITUDE:  92 13 W

[TEMPERATURE DATA]      [PRECIPITATION DATA]       SYMBOLS USED IN COLUMN 16

AVERAGE MONTHLY: 78.7   TOTAL FOR MONTH:   2.53    1 = FOG OR MIST
DPTR FM NORMAL:   2.5   DPTR FM NORMAL:   -1.83    2 = FOG REDUCING VISIBILITY
HIGHEST:   102 ON  7    GRTST 24HR  2.23 ON 31-31      TO 1/4 MILE OR LESS
LOWEST:     53 ON 18,15                            3 = THUNDER
                        SNOW, ICE PELLETS, HAIL    4 = ICE PELLETS
                        TOTAL MONTH:   0.0 INCH    5 = HAIL
                        GRTST 24HR     0.0         6 = FREEZING RAIN OR DRIZZLE
                        GRTST DEPTH:   0           7 = DUSTSTORM OR SANDSTORM:
                                                       VSBY 1/2 MILE OR LESS
                                                   8 = SMOKE OR HAZE
[NO. OF DAYS WITH]      [WEATHER - DAYS WITH]      9 = BLOWING SNOW
                                                   X = TORNADO
MAX 32 OR BELOW:   0    0.01 INCH OR MORE:   6
MAX 90 OR ABOVE:  20    0.10 INCH OR MORE:   3
MIN 32 OR BELOW:   0    0.50 INCH OR MORE:   1
MIN  0 OR BELOW:   0    1.00 INCH OR MORE:   1

[HDD (BASE 65) ]
TOTAL THIS MO.     0    CLEAR  (SCALE 0-3)  25
DPTR FM NORMAL    -2    PTCLDY (SCALE 4-7)   3
TOTAL FM JUL 1     0    CLOUDY (SCALE 8-10)  3
DPTR FM NORMAL    -2

[CDD (BASE 65) ]
TOTAL THIS MO.   429
DPTR FM NORMAL    79    [PRESSURE DATA]
TOTAL FM JAN 1  1723    HIGHEST SLP 30.16 ON  5
DPTR FM NORMAL   640    LOWEST  SLP 29.70 ON  2

[REMARKS]
#FINAL-08-12#
