000
CXUS53 KLSX 071305
CF6COU
PRELIMINARY LOCAL CLIMATOLOGICAL DATA (WS FORM: F-6)

                                          STATION:   COLUMBIA ASOS
                                          MONTH:     JULY
                                          YEAR:      2012
                                          LATITUDE:   38 49 N
                                          LONGITUDE:  92 13 W

  TEMPERATURE IN F:       :PCPN:    SNOW:  WIND      :SUNSHINE: SKY     :PK WND
================================================================================
1   2   3   4   5  6A  6B    7    8   9   10  11  12  13   14  15   16   17  18
                                     12Z  AVG MX 2MIN
DY MAX MIN AVG DEP HDD CDD  WTR  SNW DPTH SPD SPD DIR MIN PSBL S-S WX    SPD DR
================================================================================

 1 102  71  87  11   0  22 0.00  0.0    0  5.5 16 220   M    M   1        21 230
 2 101  73  87  10   0  22 0.00  0.0    0  7.0 23 130   M    M   1        31 130
 3 101  71  86   9   0  21 0.00  0.0    0  8.2 20 230   M    M   0        24 230
 4 104  73  89  12   0  24 0.00  0.0    0  7.3 18 240   M    M   0        23 200
 5 105  74  90  13   0  25 0.00  0.0    0  5.3 13 280   M    M   0        17 180
 6 106  78  92  15   0  27 0.00  0.0    0  4.8 10 260   M    M   1        15 330
 7 106  76  91  14   0  26 0.00  0.0    0  5.6 23 190   M    M   1        30 180
 8  96  74  85   8   0  20 0.66  0.0    0  8.4 20  20   M    M   2 13     25  10
 9  91  72  82   5   0  17 0.49  0.0    0  5.4 16 180   M    M   1 13     18 180
10  94  68  81   4   0  16 0.00  0.0    0  6.2 10  30   M    M   1        15  40
11  90  73  82   5   0  17 0.00  0.0    0  6.7 12  80   M    M   4        15  90
12  96  68  82   5   0  17 0.00  0.0    0  5.4 15 160   M    M   1        18 110
13  95  70  83   5   0  18 0.02  0.0    0  5.9 25 300   M    M   2        35 290
14  95  68  82   4   0  17 0.00  0.0    0  3.3 16  80   M    M   1 13     23  60
15  96  67  82   4   0  17 0.00  0.0    0  3.5 10 120   M    M   1        15 130
16  99  73  86   8   0  21 0.00  0.0    0  6.1 14 180   M    M   2        18 220
17 100  73  87   9   0  22 0.00  0.0    0  7.4 17 220   M    M   1        23 230
18 105  74  90  12   0  25 0.00  0.0    0  7.9 20 230   M    M   1        24 200
19 102  76  89  11   0  24    T  0.0    0  8.4 26 340   M    M   2 3      33 320
20  88  69  79   1   0  14 0.00  0.0    0  7.7 15  40   M    M   0        22 360
21  96  66  81   3   0  16 0.00  0.0    0  5.8 13  60   M    M   0        17  40
22 102  69  86   8   0  21 0.00  0.0    0  5.9 14 120   M    M   0        18 140
23 105  76  91  13   0  26 0.00  0.0    0  7.3 15 230   M    M   0        22 190
24 105  79  92  14   0  27 0.00  0.0    0  7.2 17 220   M    M   1        22 230
25 106  81  94  17   0  29 0.00  0.0    0 11.4 23 220   M    M   0        30 210
26  92  71  82   5   0  17 0.14  0.0    0  7.3 29 320   M    M   4 13     37 320
27  96  70  83   6   0  18 0.00  0.0    0  9.4 21 320   M    M   0        26 340
28  96  65  81   4   0  16 0.00  0.0    0  5.2 12  50   M    M   0        18  50
29  98  69  84   7   0  19 0.27  0.0    0  9.1 28 360   M    M   2 13     35 350
30  92  72  82   5   0  17    T  0.0    0  5.1 12  10   M    M   1 1      15  80
31 105  68  87  10   0  22 0.00  0.0    0  3.5  9 360   M    M   0 1      13 360
================================================================================
SM 3065 2227         0 640  1.58     0.0 203.2          M       31
================================================================================
AV 98.9 71.8                               6.6 FASTST   M    M   1    MAX(MPH)
                                 MISC ---->  # 29 320               # 37  320
================================================================================
NOTES:
# LAST OF SEVERAL OCCURRENCES

COLUMN 17 PEAK WIND IN M.P.H.

PRELIMINARY LOCAL CLIMATOLOGICAL DATA (WS FORM: F-6) , PAGE 2

                                          STATION:  COLUMBIA ASOS
                                          MONTH:    JULY
                                          YEAR:     2012
                                          LATITUDE:   38 49 N
                                          LONGITUDE:  92 13 W

[TEMPERATURE DATA]      [PRECIPITATION DATA]       SYMBOLS USED IN COLUMN 16

AVERAGE MONTHLY: 85.4   TOTAL FOR MONTH:   1.58    1 = FOG OR MIST
DPTR FM NORMAL:   8.1   DPTR FM NORMAL:   -2.79    2 = FOG REDUCING VISIBILITY
HIGHEST:   106 ON 25, 7 GRTST 24HR  1.15 ON  8- 9      TO 1/4 MILE OR LESS
LOWEST:     65 ON 28                               3 = THUNDER
                        SNOW, ICE PELLETS, HAIL    4 = ICE PELLETS
                        TOTAL MONTH:   0.0 INCH    5 = HAIL
                        GRTST 24HR     0.0         6 = FREEZING RAIN OR DRIZZLE
                        GRTST DEPTH:   0           7 = DUSTSTORM OR SANDSTORM:
                                                       VSBY 1/2 MILE OR LESS
                                                   8 = SMOKE OR HAZE
[NO. OF DAYS WITH]      [WEATHER - DAYS WITH]      9 = BLOWING SNOW
                                                   X = TORNADO
MAX 32 OR BELOW:   0    0.01 INCH OR MORE:   5
MAX 90 OR ABOVE:  30    0.10 INCH OR MORE:   4
MIN 32 OR BELOW:   0    0.50 INCH OR MORE:   1
MIN  0 OR BELOW:   0    1.00 INCH OR MORE:   0

[HDD (BASE 65) ]
TOTAL THIS MO.     0    CLEAR  (SCALE 0-3)  29
DPTR FM NORMAL     0    PTCLDY (SCALE 4-7)   2
TOTAL FM JUL 1     0    CLOUDY (SCALE 8-10)  0
DPTR FM NORMAL     0

[CDD (BASE 65) ]
TOTAL THIS MO.   640
DPTR FM NORMAL   258    [PRESSURE DATA]
TOTAL FM JAN 1  1294    HIGHEST SLP 30.13 ON 28
DPTR FM NORMAL   561    LOWEST  SLP 29.67 ON 25

[REMARKS]
#FINAL-07-12#
