000
CXUS53 KLSX 031559
CF6COU
PRELIMINARY LOCAL CLIMATOLOGICAL DATA (WS FORM: F-6)

                                          STATION:   COLUMBIA ASOS
                                          MONTH:     APRIL
                                          YEAR:      2012
                                          LATITUDE:   38 49 N
                                          LONGITUDE:  92 13 W

  TEMPERATURE IN F:       :PCPN:    SNOW:  WIND      :SUNSHINE: SKY     :PK WND
================================================================================
1   2   3   4   5  6A  6B    7    8   9   10  11  12  13   14  15   16   17  18
                                     12Z  AVG MX 2MIN
DY MAX MIN AVG DEP HDD CDD  WTR  SNW DPTH SPD SPD DIR MIN PSBL S-S WX    SPD DR
================================================================================

 1  87  58  73  23   0   8 0.00  0.0    0  8.8 18 230   M    M   0        24 230
 2  89  61  75  24   0  10 0.00  0.0    0  6.8 14 190   M    M   0        17 180
 3  78  59  69  18   0   4    T  0.0    0  6.7 16 280   M    M   3        18 280
 4  70  54  62  11   3   0 0.12  0.0    0  9.4 18  20   M    M   5 18     23  40
 5  55  45  50  -2  15   0 0.50  0.0    0 11.1 21  50   M    M   8 1      25  40
 6  63  37  50  -2  15   0 0.00  0.0    0  8.2 14  70   M    M   0        18 120
 7  59  41  50  -2  15   0 0.06  0.0    0  7.7 17 140   M    M   6        22 140
 8  67  40  54   1  11   0 0.00  0.0    0  4.8 10  70   M    M   0 18     14  30
 9  71  46  59   6   6   0 0.00  0.0    0  6.4 16 300   M    M   0 8      20 300
10  62  42  52  -1  13   0 0.00  0.0    0  9.4 17 310   M    M   1        21 330
11  58  34  46  -8  19   0 0.00  0.0    0  7.1 14  30   M    M   0        18  10
12  65  34  50  -4  15   0    T  0.0    0  7.3 12 190   M    M   4        18 130
13  60  47  54   0  11   0 1.37  0.0    0 12.8 23 150   M    M   8 13     29 140
14  77  59  68  13   0   3 1.60  0.0    0 12.7 28 190   M    M   8 13     37 190
15  72  57  65  10   0   0 0.48  0.0    0 15.6 30 180   M    M   5 13     38 180
16  66  50  58   3   7   0 0.00  0.0    0 13.1 30 240   M    M   3        38 250
17  70  45  58   2   7   0 0.00  0.0    0  6.2 12 160   M    M   1        15 120
18  75  49  62   6   3   0 0.00  0.0    0  9.5 17 190   M    M   0        22 220
19  79  52  66  10   0   1 0.01  0.0    0 12.0 24 170   M    M   1        30 170
20  62  40  51  -6  14   0 0.01  0.0    0 12.0 23 330   M    M   7 3      28 330
21  62  37  50  -7  15   0 0.00  0.0    0  4.5 10  60   M    M   2 1      14 110
22  58  41  50  -7  15   0    T  0.0    0 11.9 25 330   M    M   5        30 330
23  63  36  50  -8  15   0 0.00  0.0    0  8.4 18 310   M    M   2        25 300
24  78  42  60   2   5   0 0.00  0.0    0 10.7 23 220   M    M   0        28 230
25  86  58  72  14   0   7    T  0.0    0  9.2 23 220   M    M   0        28 240
26  83  59  71  13   0   6 0.00  0.0    0  9.7 18  10   M    M   0        22  10
27  61  50  56  -3   9   0    T  0.0    0 16.9 29  90   M    M   3        36 100
28  73  53  63   4   2   0 0.14  0.0    0  7.0 15 140   M    M   5 13     21 150
29  71  50  61   2   4   0 3.08  0.0    0  8.8 20  60   M    M   9 123    24 210
30  69  59  64   4   1   0 0.68  0.0    0  7.7 35 310   M    M   8 13     45 310
================================================================================
SM 2089 1435       220  39  8.05     0.0 282.4          M       94
================================================================================
AV 69.6 47.8                               9.4 FASTST   M    M   3    MAX(MPH)
                                 MISC ---->  # 35 310               # 45  310
================================================================================
NOTES:
# LAST OF SEVERAL OCCURRENCES

COLUMN 17 PEAK WIND IN M.P.H.

PRELIMINARY LOCAL CLIMATOLOGICAL DATA (WS FORM: F-6) , PAGE 2

                                          STATION:  COLUMBIA ASOS
                                          MONTH:    APRIL
                                          YEAR:     2012
                                          LATITUDE:   38 49 N
                                          LONGITUDE:  92 13 W

[TEMPERATURE DATA]      [PRECIPITATION DATA]       SYMBOLS USED IN COLUMN 16

AVERAGE MONTHLY: 58.7   TOTAL FOR MONTH:   8.05    1 = FOG OR MIST
DPTR FM NORMAL:   3.7   DPTR FM NORMAL:    3.56    2 = FOG REDUCING VISIBILITY
HIGHEST:    89 ON  2    GRTST 24HR  3.22 ON 29-30      TO 1/4 MILE OR LESS
LOWEST:     34 ON 12,11                            3 = THUNDER
                        SNOW, ICE PELLETS, HAIL    4 = ICE PELLETS
                        TOTAL MONTH:   0.0 INCH    5 = HAIL
                        GRTST 24HR     0.0         6 = FREEZING RAIN OR DRIZZLE
                        GRTST DEPTH:   0           7 = DUSTSTORM OR SANDSTORM:
                                                       VSBY 1/2 MILE OR LESS
                                                   8 = SMOKE OR HAZE
[NO. OF DAYS WITH]      [WEATHER - DAYS WITH]      9 = BLOWING SNOW
                                                   X = TORNADO
MAX 32 OR BELOW:   0    0.01 INCH OR MORE:  11
MAX 90 OR ABOVE:   0    0.10 INCH OR MORE:   8
MIN 32 OR BELOW:   0    0.50 INCH OR MORE:   5
MIN  0 OR BELOW:   0    1.00 INCH OR MORE:   3

[HDD (BASE 65) ]
TOTAL THIS MO.   220    CLEAR  (SCALE 0-3)  17
DPTR FM NORMAL  -101    PTCLDY (SCALE 4-7)  12
TOTAL FM JUL 1  3769    CLOUDY (SCALE 8-10)  1
DPTR FM NORMAL -1134

[CDD (BASE 65) ]
TOTAL THIS MO.    39
DPTR FM NORMAL    17    [PRESSURE DATA]
TOTAL FM JAN 1    87    HIGHEST SLP 30.39 ON  8
DPTR FM NORMAL    62    LOWEST  SLP 29.53 ON 25

[REMARKS]
#FINAL-04-12#
