000
CXUS53 KLSX 011609
CF6COU

PRELIMINARY LOCAL CLIMATOLOGICAL DATA (WS FORM: F-6)

                                          STATION:   COLUMBIA     ASOS
                                          MONTH:     MARCH
                                          YEAR:      2012
                                          LATITUDE:   38 49 N
                                          LONGITUDE:  92 13 W

  TEMPERATURE IN F:       :PCPN:    SNOW:  WIND      :SUNSHINE: SKY     :PK WND
================================================================================
1   2   3   4   5  6A  6B    7    8   9   10  11  12  13   14  15   16   17  18
                                     12Z  AVG MX 2MIN
DY MAX MIN AVG DEP HDD CDD  WTR  SNW DPTH SPD SPD DIR MIN PSBL S-S WX    SPD DR
================================================================================

 1  73  29  51  12  14   0 0.00  0.0    0  8.6 24 180   M    M   0        33 160
 2  53  33  43   3  22   0 0.14    T    0 12.3 29 310   M    M   4 138    37 320
 3  44  30  37  -3  28   0 0.00  0.0    0 12.0 25 260   M    M   2        31 260
 4  54  28  41   1  24   0    T  0.0    0  7.3 24 340   M    M   7        31 310
 5  54  22  38  -3  27   0 0.00  0.0    0  9.8 22 170   M    M   1        26 170
 6  75  46  61  20   4   0 0.00  0.0    0 20.2 37 200   M    M   0        49 200
 7  71  59  65  24   0   0 0.00  0.0    0 17.7 33 190   M    M   6 1      41 190
 8  66  35  51   9  14   0 0.74  0.0    0 11.7 33 320   M    M   5 1      40 320
 9  57  33  45   3  20   0 0.00  0.0    0  6.1 13 350   M    M   0        15  30
10  65  32  49   7  16   0 0.00  0.0    0  9.2 16 180   M    M   0        22 200
11  56  42  49   6  16   0 0.55  0.0    0 12.1 23 140   M    M   7 1      31 140
12  78  54  66  23   0   1 0.00  0.0    0 12.7 26 220   M    M   3 1      33 220
13  81  49  65  21   0   0 0.00  0.0    0  6.7 16 150   M    M   0        20 170
14  85  59  72  28   0   7 0.00  0.0    0 13.0 26 210   M    M   3        32 210
15  81  61  71  27   0   6 0.07  0.0    0  9.7 17 250   M    M   5 3      21 230
16  82  58  70  25   0   5    T  0.0    0 10.1 21 170   M    M   2        26 170
17  73  59  66  21   0   1 0.17  0.0    0  9.5 23 240   M    M   3 13     29 240
18  78  56  67  22   0   2    T  0.0    0 12.3 23 190   M    M   2        32 190
19  81  58  70  24   0   5    T  0.0    0 14.5 35 190   M    M   4        46 190
20  78  57  68  22   0   3 1.09  0.0    0 10.0 30 160   M    M   8 1      39 180
21  70  57  64  18   1   0 0.57  0.0    0  9.5 30 140   M    M  10 1      39 150
22  69  50  60  13   5   0 0.15  0.0    0  8.2 28 190   M    M   6 1      33 190
23  61  51  56   9   9   0 0.50  0.0    0  8.4 16  10   M    M   9 13     22 360
24  68  51  60  12   5   0    T  0.0    0  7.3 16 330   M    M   5        21 330
25  76  52  64  16   1   0 0.00  0.0    0  4.3 10 350   M    M   0 12     13  20
26  77  54  66  18   0   1    T  0.0    0  9.8 17 120   M    M   1        24 110
27  82  58  70  22   0   5 0.00  0.0    0 12.7 25 210   M    M   2        31 210
28  81  60  71  22   0   6 0.07  0.0    0  7.1 18  80   M    M   1 3      24 110
29  74  57  66  17   0   1 0.17  0.0    0  9.0 25 240   M    M   4 13     41 250
30  78  57  68  18   0   3 0.00  0.0    0  9.0 17 210   M    M   2        25 210
31  81  53  67  17   0   2 0.00  0.0    0  6.9 16  40   M    M   0 1      20  50
================================================================================
SM 2202 1500       206  48  4.22    T    317.7          M      102
================================================================================
AV 71.0 48.4                              10.2 FASTST   M    M   3    MAX(MPH)
                                 MISC ---->  # 37 200               # 49  200
================================================================================
NOTES:
# LAST OF SEVERAL OCCURRENCES

COLUMN 17 PEAK WIND IN M.P.H.

PRELIMINARY LOCAL CLIMATOLOGICAL DATA (WS FORM: F-6) , PAGE 2

                                          STATION:  COLUMBIA     ASOS
                                          MONTH:    MARCH
                                          YEAR:     2012
                                          LATITUDE:   38 49 N
                                          LONGITUDE:  92 13 W

[TEMPERATURE DATA]      [PRECIPITATION DATA]       SYMBOLS USED IN COLUMN 16

AVERAGE MONTHLY: 59.7   TOTAL FOR MONTH:   4.22    1 = FOG OR MIST
DPTR FM NORMAL:  15.1   DPTR FM NORMAL:    1.31    2 = FOG REDUCING VISIBILITY
HIGHEST:    85 ON 14    GRTST 24HR  1.31 ON 20-21      TO 1/4 MILE OR LESS
LOWEST:     22 ON  5                               3 = THUNDER
                        SNOW, ICE PELLETS, HAIL    4 = ICE PELLETS
                        TOTAL MONTH:    T          5 = HAIL
                        GRTST 24HR    T  ON  2- 2  6 = FREEZING RAIN OR DRIZZLE
                        GRTST DEPTH:  0            7 = DUSTSTORM OR SANDSTORM:
                                                       VSBY 1/2 MILE OR LESS
                                                   8 = SMOKE OR HAZE
[NO. OF DAYS WITH]      [WEATHER - DAYS WITH]      9 = BLOWING SNOW
                                                   X = TORNADO
MAX 32 OR BELOW:   0    0.01 INCH OR MORE:  11
MAX 90 OR ABOVE:   0    0.10 INCH OR MORE:   9
MIN 32 OR BELOW:   5    0.50 INCH OR MORE:   5
MIN  0 OR BELOW:   0    1.00 INCH OR MORE:   1

[HDD (BASE 65) ]
TOTAL THIS MO.   206    CLEAR  (SCALE 0-3)  18
DPTR FM NORMAL  -430    PTCLDY (SCALE 4-7)  10
TOTAL FM JUL 1  3549    CLOUDY (SCALE 8-10)  3
DPTR FM NORMAL -1033

[CDD (BASE 65) ]
TOTAL THIS MO.    48
DPTR FM NORMAL    45    [PRESSURE DATA]
TOTAL FM JAN 1    48    HIGHEST SLP 30.57 ON  9
DPTR FM NORMAL    45    LOWEST  SLP 29.38 ON  2

[REMARKS]
#FINAL-03-12#
