000
CXUS53 KLSX 011617
CF6COU

PRELIMINARY LOCAL CLIMATOLOGICAL DATA (WS FORM: F-6)

                                          STATION:   COLUMBIA ASOS
                                          MONTH:     JUNE
                                          YEAR:      2012
                                          LATITUDE:   38 49 N
                                          LONGITUDE:  92 13 W

  TEMPERATURE IN F:       :PCPN:    SNOW:  WIND      :SUNSHINE: SKY     :PK WND
================================================================================
1   2   3   4   5  6A  6B    7    8   9   10  11  12  13   14  15   16   17  18
                                     12Z  AVG MX 2MIN
DY MAX MIN AVG DEP HDD CDD  WTR  SNW DPTH SPD SPD DIR MIN PSBL S-S WX    SPD DR
================================================================================

 1  68  48  58 -11   7   0 0.00  0.0    0  9.2 17 340   M    M   4 1      22 320
 2  82  54  68  -1   0   3 0.00  0.0    0  8.8 22 250   M    M   3        26 250
 3  85  54  70   1   0   5 0.00  0.0    0  5.0 22 210   M    M   0        28 210
 4  94  59  77   7   0  12 0.00  0.0    0  9.6 21  10   M    M   1 12     25  10
 5  85  59  72   2   0   7 0.00  0.0    0  6.7 17  50   M    M   1        22  50
 6  82  62  72   2   0   7 0.00  0.0    0  6.3 14  70   M    M   2        17  70
 7  82  57  70   0   0   5 0.00  0.0    0  5.2 12  90   M    M   0        15 100
 8  86  58  72   1   0   7 0.00  0.0    0  4.2 13 190   M    M   0        17 170
 9  91  61  76   5   0  11 0.00  0.0    0  9.1 16 180   M    M   0        21 190
10  89  68  79   7   0  14 0.00  0.0    0 12.5 22 160   M    M   1        28 160
11  79  65  72   0   0   7 0.46  0.0    0  8.9 30 340   M    M   4 13     40 340
12  82  58  70  -2   0   5 0.00  0.0    0  7.8 17 330   M    M   0 8      24 330
13  84  55  70  -2   0   5 0.00  0.0    0  6.1 14 170   M    M   0        16 140
14  91  60  76   3   0  11 0.00  0.0    0  8.1 16 160   M    M   0        26 140
15  94  66  80   7   0  15 0.00  0.0    0 12.0 23 170   M    M   1        33 170
16  94  70  82   9   0  17 1.17  0.0    0 10.8 32 320   M    M   1 13     39 320
17  89  70  80   6   0  15 0.00  0.0    0  6.6 15 210   M    M   5 1      21 200
18  93  73  83   9   0  18 0.00  0.0    0 13.9 26 210   M    M   0        32 200
19  91  74  83   9   0  18 0.00  0.0    0 14.3 24 160   M    M   1        31 170
20  92  73  83   9   0  18 0.00  0.0    0 12.0 22 190   M    M   2        26 190
21  85  66  76   1   0  11    T  0.0    0  7.4 20 300   M    M   5        25 330
22  86  64  75   0   0  10 0.00  0.0    0  5.9 12  10   M    M   0        16  10
23  90  63  77   2   0  12 0.00  0.0    0  7.3 18 150   M    M   0        24 150
24 100  69  85  10   0  20 0.00  0.0    0  6.9 14 220   M    M   0        22 220
25  92  70  81   5   0  16 0.00  0.0    0  7.4 16  50   M    M   0        22  70
26  92  57  75  -1   0  10 0.00  0.0    0  8.3 15  90   M    M   0        18 100
27 103  64  84   8   0  19 0.00  0.0    0  9.3 18 160   M    M   0        26 210
28 107  68  88  12   0  23 0.00  0.0    0 10.1 21 250   M    M   0        24 260
29 104  77  91  15   0  26 0.00  0.0    0  8.4 20 220   M    M   0        24 200
30 102  72  87  11   0  22 0.00  0.0    0  6.9 16 220   M    M   0        21 230
================================================================================
SM 2694 1914         7 369  1.63     0.0 255.0          M       31
================================================================================
AV 89.8 63.8                               8.5 FASTST   M    M   1    MAX(MPH)
                                 MISC ---->  # 32 320               # 40  340
================================================================================
NOTES:
# LAST OF SEVERAL OCCURRENCES

COLUMN 17 PEAK WIND IN M.P.H.

PRELIMINARY LOCAL CLIMATOLOGICAL DATA (WS FORM: F-6) , PAGE 2

                                          STATION:  COLUMBIA ASOS
                                          MONTH:    JUNE
                                          YEAR:     2012
                                          LATITUDE:   38 49 N
                                          LONGITUDE:  92 13 W

[TEMPERATURE DATA]      [PRECIPITATION DATA]       SYMBOLS USED IN COLUMN 16

AVERAGE MONTHLY: 76.8   TOTAL FOR MONTH:   1.63    1 = FOG OR MIST
DPTR FM NORMAL:   3.9   DPTR FM NORMAL:   -2.84    2 = FOG REDUCING VISIBILITY
HIGHEST:   107 ON 28    GRTST 24HR  1.18 ON 16-17      TO 1/4 MILE OR LESS
LOWEST:     48 ON  1                               3 = THUNDER
                        SNOW, ICE PELLETS, HAIL    4 = ICE PELLETS
                        TOTAL MONTH:   0.0 INCH    5 = HAIL
                        GRTST 24HR     0.0         6 = FREEZING RAIN OR DRIZZLE
                        GRTST DEPTH:   0           7 = DUSTSTORM OR SANDSTORM:
                                                       VSBY 1/2 MILE OR LESS
                                                   8 = SMOKE OR HAZE
[NO. OF DAYS WITH]      [WEATHER - DAYS WITH]      9 = BLOWING SNOW
                                                   X = TORNADO
MAX 32 OR BELOW:   0    0.01 INCH OR MORE:   2
MAX 90 OR ABOVE:  16    0.10 INCH OR MORE:   2
MIN 32 OR BELOW:   0    0.50 INCH OR MORE:   1
MIN  0 OR BELOW:   0    1.00 INCH OR MORE:   1

[HDD (BASE 65) ]
TOTAL THIS MO.     7    CLEAR  (SCALE 0-3)  26
DPTR FM NORMAL    -4    PTCLDY (SCALE 4-7)   4
TOTAL FM JUL 1  3793    CLOUDY (SCALE 8-10)  0
DPTR FM NORMAL -1230

[CDD (BASE 65) ]
TOTAL THIS MO.   369
DPTR FM NORMAL   121    [PRESSURE DATA]
TOTAL FM JAN 1   654    HIGHEST SLP 30.15 ON 13
DPTR FM NORMAL   303    LOWEST  SLP 29.72 ON 18

[REMARKS]
#FINAL-06-12#
