000
CXUS53 KLSX 131138 CCA
CF6COU

PRELIMINARY LOCAL CLIMATOLOGICAL DATA (WS FORM: F-6)

                                          STATION:   COLUMBIA     ASOS
                                          MONTH:     FEBRUARY
                                          YEAR:      2012
                                          LATITUDE:   38 49 N
                                          LONGITUDE:  92 13 W

  TEMPERATURE IN F:       :PCPN:    SNOW:  WIND      :SUNSHINE: SKY     :PK WND
================================================================================
1   2   3   4   5  6A  6B    7    8   9   10  11  12  13   14  15   16   17  18
                                     12Z  AVG MX 2MIN
DY MAX MIN AVG DEP HDD CDD  WTR  SNW DPTH SPD SPD DIR MIN PSBL S-S WX    SPD DR
================================================================================

 1  57  36  47  16  18   0 0.00  0.0    0  4.0 13 350   M    M   0        16 320
 2  62  32  47  16  18   0 0.00  0.0    0  4.4 10 100   M    M   0        14 110
 3  51  41  46  15  19   0 1.30  0.0    0 13.1 25 100   M    M   6 1      33 110
 4  48  39  44  12  21   0 0.10  0.0    0  8.7 16 100   M    M  10 1      20  90
 5  49  30  40   8  25   0 0.09    T    0  7.3 15 360   M    M   6 18     20  10
 6  48  25  37   5  28   0 0.00  0.0    0  5.2 14 270   M    M   4 128    17 250
 7  50  32  41   9  24   0 0.06  0.3    0  7.0 17 360   M    M   5 18     21 360
 8  34  32  33   1  32   0    T  0.0    T  5.4 13 350   M    M  10 16     15 350
 9  39  28  34   1  31   0 0.00  0.0    0  4.1 10 220   M    M   9        13 200
10  40  18  29  -4  36   0    T    T    0 14.0 25 320   M    M   9 18     32 330
11  29  12  21 -12  44   0 0.00  0.0    0 14.5 24 330   M    M   0        31 350
12  36  10  23 -10  42   0 0.00  0.0    0  6.3 12 300   M    M   2        22 210
13  33  27  30  -4  35   0 0.37  3.4    T 11.6 21 210   M    M  10 1      25 210
14  38  32  35   1  30   0    T    T    3  7.7 13 210   M    M   8 1      16 250
15  45  35  40   6  25   0 0.59  0.0    0  6.0 15 160   M    M   9 12     20 140
16  50  30  40   5  25   0 0.03  0.0    0  7.5 17 300   M    M   4 128    23 300
17  57  29  43   8  22   0 0.00  0.0    0  7.0 16  10   M    M   1        20  10
18  46  32  39   4  26   0 0.00  0.0    0 10.1 17  10   M    M   3        21  10
19  47  29  38   2  27   0 0.00  0.0    0  6.6 12  50   M    M   3        15  30
20  54  29  42   6  23   0 0.03  0.0    0 13.4 31 180   M    M   3        41 200
21  54  37  46  10  19   0 0.05  0.0    0 14.1 29 250   M    M   4 1      36 250
22  60  34  47  10  18   0 0.00  0.0    0  8.2 23 260   M    M   2        29 250
23  68  39  54  17  11   0 0.02  0.0    0 13.1 38 270   M    M   4        49 270
24  44  31  38   1  27   0    T    T    0 16.8 38 270   M    M   8 18     49 270
25  43  24  34  -4  31   0 0.00  0.0    0  9.0 18 290   M    M   0        24 300
26  64  33  49  11  16   0 0.00  0.0    0 14.6 31 220   M    M   1        45 210
27  50  31  41   3  24   0 0.00  0.0    0  7.2 14 340   M    M   2        17  10
28  66  38  52  13  13   0    T  0.0    0 14.3 29 170   M    M   7 3      43 190
29  63  42  53  14  12   0 0.13  0.0    0 21.2 39 260   M    M   2 13     49 260
================================================================================
SM 1425  887       722   0  2.77     3.7 282.4          M      132
================================================================================
AV 49.1 30.6                               9.7 FASTST   M    M   5    MAX(MPH)
                                 MISC ---->  # 39 260               # 49  270
================================================================================
NOTES:
# LAST OF SEVERAL OCCURRENCES

COLUMN 17 PEAK WIND IN M.P.H.

PRELIMINARY LOCAL CLIMATOLOGICAL DATA (WS FORM: F-6) , PAGE 2

                                          STATION:  COLUMBIA     ASOS
                                          MONTH:    FEBRUARY
                                          YEAR:     2012
                                          LATITUDE:   38 49 N
                                          LONGITUDE:  92 13 W

[TEMPERATURE DATA]      [PRECIPITATION DATA]       SYMBOLS USED IN COLUMN 16

AVERAGE MONTHLY: 39.9   TOTAL FOR MONTH:   2.77    1 = FOG OR MIST
DPTR FM NORMAL:   5.5   DPTR FM NORMAL:    0.52    2 = FOG REDUCING VISIBILITY
HIGHEST:    68 ON 23    GRTST 24HR  1.37 ON  3- 4      TO 1/4 MILE OR LESS
LOWEST:     10 ON 12                               3 = THUNDER
                        SNOW, ICE PELLETS, HAIL    4 = ICE PELLETS
                        TOTAL MONTH:   3.7 INCHES  5 = HAIL
                        GRTST 24HR   3.4 ON 13     6 = FREEZING RAIN OR DRIZZLE
                        GRTST DEPTH:   3 ON 14     7 = DUSTSTORM OR SANDSTORM:
                                                       VSBY 1/2 MILE OR LESS
                                                   8 = SMOKE OR HAZE
[NO. OF DAYS WITH]      [WEATHER - DAYS WITH]      9 = BLOWING SNOW
                                                   X = TORNADO
MAX 32 OR BELOW:   1    0.01 INCH OR MORE:  11
MAX 90 OR ABOVE:   0    0.10 INCH OR MORE:   5
MIN 32 OR BELOW:  19    0.50 INCH OR MORE:   2
MIN  0 OR BELOW:   0    1.00 INCH OR MORE:   1

[HDD (BASE 65) ]
TOTAL THIS MO.   722    CLEAR  (SCALE 0-3)  13
DPTR FM NORMAL  -135    PTCLDY (SCALE 4-7)  10
TOTAL FM JUL 1  3343    CLOUDY (SCALE 8-10)  6
DPTR FM NORMAL  -629

[CDD (BASE 65) ]
TOTAL THIS MO.     0
DPTR FM NORMAL     0    [PRESSURE DATA]
TOTAL FM JAN 1     0    HIGHEST SLP 30.67 ON 11
DPTR FM NORMAL     0    LOWEST  SLP 29.22 ON 23

[REMARKS]
#FINAL-02-12#
