000
CXUS53 KLSX 011611
CF6COU

PRELIMINARY LOCAL CLIMATOLOGICAL DATA (WS FORM: F-6)

                                          STATION:   COLUMBIA ASOS
                                          MONTH:     MAY
                                          YEAR:      2012
                                          LATITUDE:   38 49 N
                                          LONGITUDE:  92 13 W

  TEMPERATURE IN F:       :PCPN:    SNOW:  WIND      :SUNSHINE: SKY     :PK WND
================================================================================
1   2   3   4   5  6A  6B    7    8   9   10  11  12  13   14  15   16   17  18
                                     12Z  AVG MX 2MIN
DY MAX MIN AVG DEP HDD CDD  WTR  SNW DPTH SPD SPD DIR MIN PSBL S-S WX    SPD DR
================================================================================

 1  81  60  71  11   0   6 0.59  0.0    0 11.4 22 210   M    M   4 13     29 210
 2  86  67  77  17   0  12 0.00  0.0    0 14.1 26 170   M    M   1        35 170
 3  83  66  75  15   0  10 0.00  0.0    0 10.1 22 170   M    M   4        28 160
 4  83  66  75  14   0  10 0.25  0.0    0  8.5 23 360   M    M   5 13     31 340
 5  87  68  78  17   0  13 0.00  0.0    0  5.5 13 190   M    M   1 1      16 160
 6  89  65  77  16   0  12 0.30  0.0    0  7.0 25 300   M    M   0 13     33 300
 7  72  56  64   2   1   0 0.02  0.0    0  9.0 23 270   M    M   7        31 260
 8  74  55  65   3   0   0 0.00  0.0    0  7.4 18 330   M    M   2        24 290
 9  69  48  59  -3   6   0 0.00  0.0    0  7.8 17 290   M    M   2        21 320
10  74  49  62   0   3   0 0.00  0.0    0  3.5 10 170   M    M   0        14 130
11  75  53  64   1   1   0 0.00  0.0    0  6.9 16 160   M    M   0        20 160
12  76  58  67   4   0   2 0.00  0.0    0  5.9 18 360   M    M   2        23 360
13  75  54  65   2   0   0 0.00  0.0    0  7.7 15  20   M    M   2 18     21 360
14  78  53  66   3   0   1 0.00  0.0    0  4.0 12 360   M    M   0        18 340
15  81  52  67   3   0   2 0.00  0.0    0  6.7 14 230   M    M   0        17 260
16  80  56  68   4   0   3 0.00  0.0    0  7.2 15  10   M    M   0        18  10
17  79  52  66   2   0   1 0.00  0.0    0  6.9 13 130   M    M   0        18 160
18  86  56  71   7   0   6 0.00  0.0    0  8.1 13 170   M    M   0        17 170
19  87  64  76  11   0  11 0.00  0.0    0  9.9 21 180   M    M   0        25 180
20  84  61  73   8   0   8 0.00  0.0    0  9.4 18 210   M    M   2        24 220
21  75  53  64  -1   1   0 0.00  0.0    0  9.7 20 360   M    M   1        25 360
22  77  49  63  -3   2   0 0.00  0.0    0  3.9 12 170   M    M   0        15 160
23  86  57  72   6   0   7 0.00  0.0    0 12.4 21 150   M    M   0        25 140
24  91  67  79  13   0  14 0.00  0.0    0 12.6 28 180   M    M   3        32 190
25  91  70  81  15   0  16    T  0.0    0  7.5 15 150   M    M   3        21 120
26  92  70  81  14   0  16 0.00  0.0    0  8.8 16 180   M    M   0        21 170
27  92  66  79  12   0  14 0.00  0.0    0 10.6 21 200   M    M   0        28 210
28  91  72  82  15   0  17    T  0.0    0 13.0 28 200   M    M   2 3      33 230
29  89  64  77   9   0  12    T  0.0    0  5.7 20  10   M    M   1        24 360
30  82  58  70   2   0   5 0.15  0.0    0  6.8 17  30   M    M   2 13     22 340
31  70  53  62  -6   3   0    T  0.0    0 10.9 21 320   M    M   8        25 340
================================================================================
SM 2535 1838        17 198  1.31     0.0 258.9          M       52
================================================================================
AV 81.8 59.3                               8.4 FASTST   M    M   2    MAX(MPH)
                                 MISC ---->  # 28 180               # 35  170
================================================================================
NOTES:
# LAST OF SEVERAL OCCURRENCES

COLUMN 17 PEAK WIND IN M.P.H.

PRELIMINARY LOCAL CLIMATOLOGICAL DATA (WS FORM: F-6) , PAGE 2

                                          STATION:  COLUMBIA ASOS
                                          MONTH:    MAY
                                          YEAR:     2012
                                          LATITUDE:   38 49 N
                                          LONGITUDE:  92 13 W

[TEMPERATURE DATA]      [PRECIPITATION DATA]       SYMBOLS USED IN COLUMN 16

AVERAGE MONTHLY: 70.6   TOTAL FOR MONTH:   1.31    1 = FOG OR MIST
DPTR FM NORMAL:   6.6   DPTR FM NORMAL:   -3.67    2 = FOG REDUCING VISIBILITY
HIGHEST:    92 ON 27,26 GRTST 24HR  0.70 ON 30- 1      TO 1/4 MILE OR LESS
LOWEST:     48 ON  9                               3 = THUNDER
                        SNOW, ICE PELLETS, HAIL    4 = ICE PELLETS
                        TOTAL MONTH:   0.0 INCH    5 = HAIL
                        GRTST 24HR     0.0         6 = FREEZING RAIN OR DRIZZLE
                        GRTST DEPTH:   0           7 = DUSTSTORM OR SANDSTORM:
                                                       VSBY 1/2 MILE OR LESS
                                                   8 = SMOKE OR HAZE
[NO. OF DAYS WITH]      [WEATHER - DAYS WITH]      9 = BLOWING SNOW
                                                   X = TORNADO
MAX 32 OR BELOW:   0    0.01 INCH OR MORE:   5
MAX 90 OR ABOVE:   5    0.10 INCH OR MORE:   4
MIN 32 OR BELOW:   0    0.50 INCH OR MORE:   1
MIN  0 OR BELOW:   0    1.00 INCH OR MORE:   0

[HDD (BASE 65) ]
TOTAL THIS MO.    17    CLEAR  (SCALE 0-3)  26
DPTR FM NORMAL   -92    PTCLDY (SCALE 4-7)   4
TOTAL FM JUL 1  3771    CLOUDY (SCALE 8-10)  1
DPTR FM NORMAL -1241

[CDD (BASE 65) ]
TOTAL THIS MO.   198
DPTR FM NORMAL   120    [PRESSURE DATA]
TOTAL FM JAN 1   285    HIGHEST SLP 30.22 ON 21
DPTR FM NORMAL   182    LOWEST  SLP 29.54 ON 24

[REMARKS]
#FINAL-05-12#
