000
CXUS53 KLSX 011600
CF6COU
PRELIMINARY LOCAL CLIMATOLOGICAL DATA (WS FORM: F-6)

                                          STATION:   COLUMBIA     ASOS
                                          MONTH:     JANUARY
                                          YEAR:      2012
                                          LATITUDE:   38 49 N
                                          LONGITUDE:  92 13 W

  TEMPERATURE IN F:       :PCPN:    SNOW:  WIND      :SUNSHINE: SKY     :PK WND
================================================================================
1   2   3   4   5  6A  6B    7    8   9   10  11  12  13   14  15   16   17  18
                                     12Z  AVG MX 2MIN
DY MAX MIN AVG DEP HDD CDD  WTR  SNW DPTH SPD SPD DIR MIN PSBL S-S WX    SPD DR
================================================================================

 1  47  30  39   9  26   0 0.09  0.0    0 19.4 31 320   M    M   2 1      41 310
 2  33  19  26  -4  39   0 0.00  0.0    0 16.9 32 320   M    M   0        43 320
 3  42  11  27  -3  38   0 0.00  0.0    0  9.6 18 170   M    M   0        22 160
 4  49  30  40  10  25   0 0.00  0.0    0 10.2 21 300   M    M   0        26 320
 5  63  32  48  18  17   0 0.00  0.0    0 10.7 18 230   M    M   0        23 240
 6  68  39  54  25  11   0 0.00  0.0    0 12.6 25 230   M    M   0        31 230
 7  51  31  41  12  24   0 0.00  0.0    0  5.8 12 340   M    M   0        14 340
 8  41  26  34   5  31   0 0.00  0.0    0  5.4  9  50   M    M   5        10  40
 9  49  20  35   6  30   0 0.00  0.0    0  4.7 10 290   M    M   0 18     13 290
10  55  23  39  10  26   0 0.00  0.0    0  4.1 10 180   M    M   0        13 180
11  56  27  42  13  23   0 0.00  0.0    0  9.8 26 330   M    M   3        32 320
12  27  14  21  -8  44   0 0.07  1.0    1 17.3 30 290   M    M  10 1      38 300
13  24  11  18 -11  47   0    T    T    1 10.9 20 300   M    M   4        26 300
14  33  18  26  -3  39   0 0.00  0.0    1  7.9 18 320   M    M   4        22 310
15  51  22  37   8  28   0 0.00  0.0    1 15.6 29 170   M    M   0        33 180
16  70  42  56  27   9   0 0.20  0.0    0 15.6 33 220   M    M   2 13     41 220
17  46  17  32   2  33   0 0.23  0.0    0 14.8 28 300   M    M   6 138    35 290
18  35   9  22  -8  43   0 0.00  0.0    0  7.2 20 190   M    M   0        24 190
19  32  15  24  -6  41   0 0.00  0.0    0 10.3 21  30   M    M   0        24  30
20  29  14  22  -8  43   0    T  0.0    0 10.9 17  90   M    M   6        22  90
21  28  17  23  -7  42   0 0.00  0.0    0  9.0 17 130   M    M   9 18     23 130
22  53  27  40  10  25   0 0.00  0.0    0 15.2 25 170   M    M   9 1      32 180
23  50  27  39   9  26   0 0.00  0.0    0 13.6 33 260   M    M   7 18     45 270
24  47  19  33   3  32   0 0.00  0.0    0  4.2 10 100   M    M   0        13 110
25  40  33  37   7  28   0 0.02  0.0    0  8.1 16 100   M    M   8 18     21 130
26  46  33  40  10  25   0 0.00  0.0    0  7.2 21 310   M    M   7 12     25 320
27  41  26  34   4  31   0 0.13  0.6    0  6.4 20 310   M    M   5 1      28 310
28  43  25  34   4  31   0    T    T    1 11.5 21 240   M    M   1 1      25 240
29  48  30  39   9  26   0 0.00  0.0    0  7.4 16 250   M    M   1        21 250
30  67  34  51  20  14   0 0.00  0.0    0 13.5 28 230   M    M   0        33 220
31  62  46  54  23  11   0    T  0.0    0 10.6 23 210   M    M   4        28 220
================================================================================
SM 1426  767       908   0  0.74     1.6 326.4          M       93
================================================================================
AV 46.0 24.7                              10.5 FASTST   M    M   3    MAX(MPH)
                                 MISC ---->  # 33 220               # 45  270
================================================================================
NOTES:
# LAST OF SEVERAL OCCURRENCES

COLUMN 17 PEAK WIND IN M.P.H.

PRELIMINARY LOCAL CLIMATOLOGICAL DATA (WS FORM: F-6) , PAGE 2

                                          STATION:  COLUMBIA     ASOS
                                          MONTH:    JANUARY
                                          YEAR:     2012
                                          LATITUDE:   38 49 N
                                          LONGITUDE:  92 13 W

[TEMPERATURE DATA]      [PRECIPITATION DATA]       SYMBOLS USED IN COLUMN 16

AVERAGE MONTHLY: 35.4   TOTAL FOR MONTH:   0.74    1 = FOG OR MIST
DPTR FM NORMAL:   5.7   DPTR FM NORMAL:   -1.18    2 = FOG REDUCING VISIBILITY
HIGHEST:    70 ON 16    GRTST 24HR  0.23 ON 17-17      TO 1/4 MILE OR LESS
LOWEST:      9 ON 18                               3 = THUNDER
                        SNOW, ICE PELLETS, HAIL    4 = ICE PELLETS
                        TOTAL MONTH:   1.6 INCHES  5 = HAIL
                        GRTST 24HR   1.0 ON 12-12  6 = FREEZING RAIN OR DRIZZLE
                        GRTST DEPTH:   1 ON 28,15  7 = DUSTSTORM OR SANDSTORM:
                                                       VSBY 1/2 MILE OR LESS
                                                   8 = SMOKE OR HAZE
[NO. OF DAYS WITH]      [WEATHER - DAYS WITH]      9 = BLOWING SNOW
                                                   X = TORNADO
MAX 32 OR BELOW:   5    0.01 INCH OR MORE:   6
MAX 90 OR ABOVE:   0    0.10 INCH OR MORE:   3
MIN 32 OR BELOW:  25    0.50 INCH OR MORE:   0
MIN  0 OR BELOW:   0    1.00 INCH OR MORE:   0

[HDD (BASE 65) ]
TOTAL THIS MO.   908    CLEAR  (SCALE 0-3)  18
DPTR FM NORMAL  -186    PTCLDY (SCALE 4-7)  10
TOTAL FM JUL 1  2621    CLOUDY (SCALE 8-10)  3
DPTR FM NORMAL  -468

[CDD (BASE 65) ]
TOTAL THIS MO.     0
DPTR FM NORMAL     0    [PRESSURE DATA]
TOTAL FM JAN 1     0    HIGHEST SLP 30.55 ON  3
DPTR FM NORMAL     0    LOWEST  SLP 29.38 ON 23

[REMARKS]
#FINAL-01-12#
