000
CXUS53 KLSX 011817
CF6COU

PRELIMINARY LOCAL CLIMATOLOGICAL DATA (WS FORM: F-6)

                                          STATION:   COLUMBIA ASOS
                                          MONTH:     FEBRUARY
                                          YEAR:      2017
                                          LATITUDE:   38 49 N
                                          LONGITUDE:  92 13 W

  TEMPERATURE IN F:       :PCPN:    SNOW:  WIND      :SUNSHINE: SKY     :PK WND
================================================================================
1   2   3   4   5  6A  6B    7    8   9   10  11  12  13   14  15   16   17  18
                                     12Z  AVG MX 2MIN
DY MAX MIN AVG DEP HDD CDD  WTR  SNW DPTH SPD SPD DIR MIN PSBL S-S WX    SPD DR
================================================================================

 1  42  30  36   5  29   0 0.00  0.0    0  8.4 16 360   M    M   0        20  10
 2  35  22  29  -2  36   0 0.00  0.0    0  8.1 17  10   M    M   3        20  10
 3  35  21  28  -3  37   0 0.00  0.0    0  7.5 16 360   M    M   3        20 330
 4  40  19  30  -2  35   0 0.00  0.0    0 13.6 24 180   M    M   3        31 180
 5  55  27  41   9  24   0 0.00  0.0    0  6.2 10 200   M    M   0        12 200
 6  62  37  50  18  15   0 0.00  0.0    0  9.2 18 180   M    M   6 1      22 180
 7  63  33  48  16  17   0 0.00  0.0    0 13.4 22 280   M    M   7 18     29 300
 8  34  19  27  -5  38   0 0.00  0.0    0 12.5 23 340   M    M   6        29 350
 9  32  16  24  -9  41   0 0.00  0.0    0  8.3 20 340   M    M   2        23 330
10  70  26  48  15  17   0 0.00  0.0    0 13.8 28 220   M    M   0        34 230
11  74  48  61  28   4   0 0.00  0.0    0  7.8 17  40   M    M   1        19  30
12  55  36  46  13  19   0 0.00  0.0    0 12.5 25 360   M    M   1        32 360
13  48  30  39   5  26   0 0.01  0.0    0  4.4 12 180   M    M   4        15 190
14  54  35  45  11  20   0    T  0.0    0  7.2 14 330   M    M   0 8      19 330
15  49  27  38   4  27   0 0.00  0.0    0  9.0 17 360   M    M   0        23 350
16  70  29  50  15  15   0 0.00  0.0    0 13.0 24 240   M    M   0        30 230
17  73  39  56  21   9   0 0.00  0.0    0 11.6 21 250   M    M   0        27 220
18  71  45  58  23   7   0 0.00  0.0    0  6.7 15 220   M    M   0        18 230
19  77  44  61  25   4   0 0.00  0.0    0  8.6 17 160   M    M   0 1      23 160
20  77  58  68  32   0   3 0.04  0.0    0 13.8 28 170   M    M   4 3      38 170
21  69  51  60  24   5   0 0.01  0.0    0  6.2 13  20   M    M   6 12     16  20
22  70  48  59  22   6   0 0.00  0.0    0  9.2 18 190   M    M   6 12     23 180
23  67  49  58  21   7   0    T  0.0    0 10.0 20  70   M    M   4 12     24  80
24  62  29  46   9  19   0    T  0.0    0 17.4 28 290   M    M   8 1      38 290
25  41  23  32  -6  33   0    T    T    0 12.0 25 300   M    M   3        31 290
26  48  25  37  -1  28   0 0.00  0.0    0 10.4 20 190   M    M   6        24 190
27  66  32  49  11  16   0 0.00  0.0    0 11.4 23 170   M    M   2        32 190
28  77  54  66  27   0   1 0.15  0.0    0 18.5 35 200   M    M   4 3      42 210
================================================================================
SM 1616  952       534   4  0.21    T    290.7          M       79
================================================================================
AV 57.7 34.0                              10.4 FASTST   M    M   3    MAX(MPH)
                                 MISC ---->  # 35 200               # 42  210
================================================================================
NOTES:
# LAST OF SEVERAL OCCURRENCES

COLUMN 17 PEAK WIND IN M.P.H.

PRELIMINARY LOCAL CLIMATOLOGICAL DATA (WS FORM: F-6) , PAGE 2

                                          STATION:  COLUMBIA ASOS
                                          MONTH:    FEBRUARY
                                          YEAR:     2017
                                          LATITUDE:   38 49 N
                                          LONGITUDE:  92 13 W

[TEMPERATURE DATA]      [PRECIPITATION DATA]       SYMBOLS USED IN COLUMN 16

AVERAGE MONTHLY: 45.9   TOTAL FOR MONTH:   0.21    1 = FOG OR MIST
DPTR FM NORMAL:  11.5   DPTR FM NORMAL:   -2.04    2 = FOG REDUCING VISIBILITY
HIGHEST:    77 ON 28,20 GRTST 24HR  0.15 ON 28-28      TO 1/4 MILE OR LESS
LOWEST:     16 ON  9                               3 = THUNDER
                        SNOW, ICE PELLETS, HAIL    4 = ICE PELLETS
                        TOTAL MONTH:    T          5 = HAIL
                        GRTST 24HR    T  ON 25-25  6 = FREEZING RAIN OR DRIZZLE
                        GRTST DEPTH:   0           7 = DUSTSTORM OR SANDSTORM:
                                                       VSBY 1/2 MILE OR LESS
                                                   8 = SMOKE OR HAZE
[NO. OF DAYS WITH]      [WEATHER - DAYS WITH]      9 = BLOWING SNOW
                                                   X = TORNADO
MAX 32 OR BELOW:   1    0.01 INCH OR MORE:   4
MAX 90 OR ABOVE:   0    0.10 INCH OR MORE:   1
MIN 32 OR BELOW:  15    0.50 INCH OR MORE:   0
MIN  0 OR BELOW:   0    1.00 INCH OR MORE:   0

[HDD (BASE 65) ]
TOTAL THIS MO.   534    CLEAR  (SCALE 0-3)  17
DPTR FM NORMAL  -323    PTCLDY (SCALE 4-7)  10
TOTAL FM JUL 1  3041    CLOUDY (SCALE 8-10)  1
DPTR FM NORMAL  -905

[CDD (BASE 65) ]
TOTAL THIS MO.     4
DPTR FM NORMAL     4    [PRESSURE DATA]
TOTAL FM JAN 1     4    HIGHEST SLP 30.61 ON  3
DPTR FM NORMAL     4    LOWEST  SLP 29.37 ON 24

[REMARKS]
#FINAL-02-17#
