710
CXUS53 KLSX 020919 CCA
CF6COU

PRELIMINARY LOCAL CLIMATOLOGICAL DATA (WS FORM: F-6)

                                          STATION:   COLUMBIA ASOS
                                          MONTH:     MARCH
                                          YEAR:      2017
                                          LATITUDE:   38 49 N
                                          LONGITUDE:  92 13 W

  TEMPERATURE IN F:       :PCPN:    SNOW:  WIND      :SUNSHINE: SKY     :PK WND
================================================================================
1   2   3   4   5  6A  6B    7    8   9   10  11  12  13   14  15   16   17  18
                                     12Z  AVG MX 2MIN
DY MAX MIN AVG DEP HDD CDD  WTR  SNW DPTH SPD SPD DIR MIN PSBL S-S WX    SPD DR
================================================================================

 1  55  36  46   7  19   0 0.47  0.0    0 15.8 29 290   M    M   4 13     39 300
 2  54  26  40   0  25   0 0.00  0.0    0  8.8 24 310   M    M   2        31 310
 3  49  23  36  -4  29   0 0.00  0.0    0  9.3 18 150   M    M   0        25 130
 4  71  39  55  15  10   0 0.00  0.0    0 14.1 26 220   M    M   0        33 220
 5  64  53  59  18   6   0 0.00  0.0    0 16.1 26 190   M    M   9        34 200
 6  73  50  62  21   3   0 0.42  0.0    0 20.0 44 280   M    M   8 13     54 280
 7  57  39  48   7  17   0 0.01  0.0    0 14.0 31 260   M    M   0 3      41 270
 8  67  36  52  10  13   0 0.00  0.0    0  9.4 24 230   M    M   0        30 230
 9  71  40  56  14   9   0 0.22  0.0    0 10.6 23  10   M    M   0 13     30  20
10  42  29  36  -7  29   0 0.00  0.0    0 12.1 22  10   M    M   3        25  10
11  34  27  31 -12  34   0 0.06    T    0  8.1 16  50   M    M   9 18     20  50
12  44  29  37  -6  28   0 0.01  0.0    0  6.9 21 150   M    M   6 1      27 180
13  39  30  35  -9  30   0 0.10  0.0    0 12.5 23 350   M    M  10 16     27 360
14  32  20  26 -18  39   0 0.00  0.0    0 10.8 16 360   M    M   8 1      21  20
15  40  14  27 -17  38   0 0.00  0.0    0  3.8 10  30   M    M   2        12  30
16  61  31  46   1  19   0 0.00  0.0    0 12.0 24 160   M    M   5        31 160
17  74  44  59  14   6   0 0.00  0.0    0 11.2 21 340   M    M   5        26 330
18  62  39  51   6  14   0 0.00  0.0    0  9.2 20 350   M    M   0        25 350
19  61  41  51   5  14   0 0.08  0.0    0 12.7 21 150   M    M   4 3      26 130
20  84  53  69  23   0   4 0.00  0.0    0 11.3 18  10   M    M   0        24  20
21  63  44  54   8  11   0 0.00  0.0    0 12.9 25  30   M    M   2 138    30  30
22  55  36  46  -1  19   0 0.00  0.0    0 13.0 21 100   M    M   2        26 110
23  79  41  60  13   5   0 0.01  0.0    0 15.5 28 170   M    M   5 3      35 170
24  74  56  65  17   0   0 0.36  0.0    0 11.0 26 180   M    M   5 1      36 190
25  60  50  55   7  10   0 0.45  0.0    0  7.3 18 250   M    M   8 13     22 240
26  59  48  54   6  11   0 0.01  0.0    0  8.2 16 260   M    M   8 1      20 260
27  55  49  52   3  13   0 0.53  0.0    0  8.4 15  80   M    M  10 1      19  60
28  59  50  55   6  10   0 0.00  0.0    0  8.1 17  80   M    M  10 1      22  90
29  62  49  56   7   9   0 0.33  0.0    0 14.4 26 110   M    M   9 13     40 100
30  60  47  54   4  11   0 0.14  0.0    0  9.1 18 230   M    M  10 12     21 240
31  50  43  47  -3  18   0 0.01  0.0    0 10.1 17 330   M    M   8 1      22 340
================================================================================
SM 1810 1212       499   4  3.21    T    346.7          M      152
================================================================================
AV 58.4 39.1                              11.2 FASTST   M    M   5    MAX(MPH)
                                 MISC ---->  # 44 280               # 54  280
================================================================================
NOTES:
# LAST OF SEVERAL OCCURRENCES

COLUMN 17 PEAK WIND IN M.P.H.

PRELIMINARY LOCAL CLIMATOLOGICAL DATA (WS FORM: F-6) , PAGE 2

                                          STATION:  COLUMBIA ASOS
                                          MONTH:    MARCH
                                          YEAR:     2017
                                          LATITUDE:   38 49 N
                                          LONGITUDE:  92 13 W

[TEMPERATURE DATA]      [PRECIPITATION DATA]       SYMBOLS USED IN COLUMN 16

AVERAGE MONTHLY: 48.7   TOTAL FOR MONTH:   3.21    1 = FOG OR MIST
DPTR FM NORMAL:   4.1   DPTR FM NORMAL:    0.30    2 = FOG REDUCING VISIBILITY
HIGHEST:    84 ON 20    GRTST 24HR  0.53 ON 27         TO 1/4 MILE OR LESS
LOWEST:     14 ON 15                               3 = THUNDER
                        SNOW, ICE PELLETS, HAIL    4 = ICE PELLETS
                        TOTAL MONTH:    T          5 = HAIL
                        GRTST 24HR    T  ON 11     6 = FREEZING RAIN OR DRIZZLE
                        GRTST DEPTH:   0           7 = DUSTSTORM OR SANDSTORM:
                                                       VSBY 1/2 MILE OR LESS
                                                   8 = SMOKE OR HAZE
[NO. OF DAYS WITH]      [WEATHER - DAYS WITH]      9 = BLOWING SNOW
                                                   X = TORNADO
MAX 32 OR BELOW:   1    0.01 INCH OR MORE:  16
MAX 90 OR ABOVE:   0    0.10 INCH OR MORE:   9
MIN 32 OR BELOW:   9    0.50 INCH OR MORE:   1
MIN  0 OR BELOW:   0    1.00 INCH OR MORE:   0

[HDD (BASE 65) ]
TOTAL THIS MO.   499    CLEAR  (SCALE 0-3)  12
DPTR FM NORMAL  -137    PTCLDY (SCALE 4-7)   7
TOTAL FM JUL 1  3540    CLOUDY (SCALE 8-10) 12
DPTR FM NORMAL -1042

[CDD (BASE 65) ]
TOTAL THIS MO.     4
DPTR FM NORMAL     1    [PRESSURE DATA]
TOTAL FM JAN 1     8    HIGHEST SLP 30.68 ON  3
DPTR FM NORMAL     5    LOWEST  SLP 29.51 ON  6

[REMARKS]
#FINAL-03-17#
