000
CXUS53 KLSX 011605 CCA
CF6COU

PRELIMINARY LOCAL CLIMATOLOGICAL DATA (WS FORM: F-6)

                                          STATION:   COLUMBIA MO
                                          MONTH:     OCTOBER
                                          YEAR:      2011
                                          LATITUDE:   38 49 N
                                          LONGITUDE:  92 13 W

  TEMPERATURE IN F:       :PCPN:    SNOW:  WIND      :SUNSHINE: SKY     :PK WND
================================================================================
1   2   3   4   5  6A  6B    7    8   9   10  11  12  13   14  15   16   17  18
                                     12Z  AVG MX 2MIN
DY MAX MIN AVG DEP HDD CDD  WTR  SNW DPTH SPD SPD DIR MIN PSBL S-S WX    SPD DR
================================================================================

 1  68  42  55  -6  10   0 0.00  0.0    0  5.1 12 360   M    M   0        17  50
 2  72  39  56  -5   9   0 0.00  0.0    0  3.7  8 180   M    M   0         M  M
 3  77  40  59  -1   6   0 0.00  0.0    0  3.0  8 220   M    M   0         M  M
 4  81  46  64   4   1   0 0.00  0.0    0  5.9 12 150   M    M   0         M  M
 5  81  50  66   6   0   1 0.00  0.0    0  8.0 15 150   M    M   0        18 150
 6  83  53  68   9   0   3 0.00  0.0    0 10.3 21 140   M    M   0        28 150
 7  84  59  72  13   0   7 0.00  0.0    0 12.7 23 180   M    M   0        32 150
 8  83  58  71  13   0   6 0.00  0.0    0 10.0 21 170   M    M   0        25 140
 9  81  56  69  11   0   4 0.00  0.0    0  9.5 18 140   M    M   0        23 160
10  79  57  68  10   0   3 0.19  0.0    0  6.5 15 230   M    M   4 1      21 210
11  79  58  69  11   0   4 0.02  0.0    0  5.9 13 170   M    M   5 1      17 200
12  71  57  64   7   1   0 0.40  0.0    0  9.4 24 250   M    M   4 13     31 270
13  72  52  62   5   3   0 0.00  0.0    0 12.2 26 320   M    M   1 8      33 310
14  69  49  59   2   6   0 0.00  0.0    0 10.5 26 280   M    M   0 8      33 310
15  70  42  56   0   9   0 0.00  0.0    0  7.2 13 240   M    M   0 8      17 280
16  79  48  64   8   1   0 0.00  0.0    0  9.9 24 260   M    M   0        31 260
17  57  39  48  -8  17   0 0.27  0.0    0  6.5 15  20   M    M   6 13     18  10
18  51  42  47  -8  18   0 0.04  0.0    0 11.0 22 340   M    M   9        26 340
19  46  40  43 -12  22   0    T  0.0    0 13.4 22 320   M    M  10        26 320
20  55  37  46  -9  19   0 0.00  0.0    0 12.0 23 310   M    M   1        29 320
21  63  34  49  -5  16   0 0.00  0.0    0  5.4 10 250   M    M   0 8      15 260
22  72  40  56   2   9   0 0.00  0.0    0  4.0 10 320   M    M   1        12 330
23  75  48  62   8   3   0 0.00  0.0    0  7.7 15 230   M    M   3        21 230
24  75  47  61   7   4   0 0.00  0.0    0  6.8 16 230   M    M   0 8      20 230
25  84  57  71  18   0   6 0.00  0.0    0 17.5 33 210   M    M   2        44 210
26  69  45  57   4   8   0 0.04  0.0    0  9.4 18 330   M    M   7 18     24 330
27  56  40  48  -5  17   0    T  0.0    0  7.0 15 360   M    M   4        20 350
28  59  32  46  -6  19   0 0.00  0.0    0  5.3 15 270   M    M   1        21 270
29  63  33  48  -4  17   0 0.00  0.0    0  7.7 16 210   M    M   0        20 200
30  64  42  53   1  12   0    T  0.0    0 12.6 29 240   M    M   2        37 230
31  64  34  49  -2  16   0 0.00  0.0    0  6.4 12 230   M    M   0        15 210
================================================================================
SM 2182 1416       243  34  0.96     0.0 262.5          M       60
================================================================================
AV 70.4 45.7                               8.5 FASTST   M    M   2    MAX(MPH)
                                 MISC ---->  # 33 210               # 44  210
================================================================================
NOTES:
# LAST OF SEVERAL OCCURRENCES

COLUMN 17 PEAK WIND IN M.P.H.

PRELIMINARY LOCAL CLIMATOLOGICAL DATA (WS FORM: F-6) , PAGE 2

                                          STATION:  COLUMBIA MO
                                          MONTH:    OCTOBER
                                          YEAR:     2011
                                          LATITUDE:   38 49 N
                                          LONGITUDE:  92 13 W

[TEMPERATURE DATA]      [PRECIPITATION DATA]       SYMBOLS USED IN COLUMN 16

AVERAGE MONTHLY: 58.1   TOTAL FOR MONTH:   0.96    1 = FOG OR MIST
DPTR FM NORMAL:   2.1   DPTR FM NORMAL:   -2.35    2 = FOG REDUCING VISIBILITY
HIGHEST:    84 ON 25, 7 GRTST 24HR  0.40 ON 12-12      TO 1/4 MILE OR LESS
LOWEST:     32 ON 28                               3 = THUNDER
                        SNOW, ICE PELLETS, HAIL    4 = ICE PELLETS
                        TOTAL MONTH:   0.0 INCH    5 = HAIL
                        GRTST 24HR     0.0         6 = FREEZING RAIN OR DRIZZLE
                        GRTST DEPTH:   0           7 = DUSTSTORM OR SANDSTORM:
                                                       VSBY 1/2 MILE OR LESS
                                                   8 = SMOKE OR HAZE
[NO. OF DAYS WITH]      [WEATHER - DAYS WITH]      9 = BLOWING SNOW
                                                   X = TORNADO
MAX 32 OR BELOW:   0    0.01 INCH OR MORE:   6
MAX 90 OR ABOVE:   0    0.10 INCH OR MORE:   3
MIN 32 OR BELOW:   1    0.50 INCH OR MORE:   0
MIN  0 OR BELOW:   0    1.00 INCH OR MORE:   0

[HDD (BASE 65) ]
TOTAL THIS MO.   243    CLEAR  (SCALE 0-3)  23
DPTR FM NORMAL   -54    PTCLDY (SCALE 4-7)   6
TOTAL FM JUL 1   353    CLOUDY (SCALE 8-10)  2
DPTR FM NORMAL   -12

[CDD (BASE 65) ]
TOTAL THIS MO.    34
DPTR FM NORMAL    14    [PRESSURE DATA]
TOTAL FM JAN 1  1508    HIGHEST SLP 30.34 ON  1
DPTR FM NORMAL   261    LOWEST  SLP 29.62 ON 12

[REMARKS]
#FINAL-10-11#
