000
CXUS53 KLSX 011400
CF6COU
PRELIMINARY LOCAL CLIMATOLOGICAL DATA (WS FORM: F-6)
STATION: COLUMBIA ASOS
MONTH: SEPTEMBER
YEAR: 2021
LATITUDE: 38 49 N
LONGITUDE: 92 13 W
TEMPERATURE IN F: :PCPN: SNOW: WIND :SUNSHINE: SKY :PK WND
================================================================================
1 2 3 4 5 6A 6B 7 8 9 10 11 12 13 14 15 16 17 18
12Z AVG MX 2MIN
DY MAX MIN AVG DEP HDD CDD WTR SNW DPTH SPD SPD DIR MIN PSBL S-S WX SPD DR
================================================================================
1 86 68 77 3 0 12 T 0.0 0 7.9 17 10 M M 5 1 23 10
2 84 63 74 0 0 9 0.00 0.0 0 8.3 14 130 M M 0 19 130
3 89 66 78 4 0 13 T 0.0 0 8.3 15 220 M M 6 24 210
4 77 67 72 -1 0 7 0.63 0.0 0 7.5 14 230 M M 7 1 19 240
5 83 60 72 -1 0 7 0.00 0.0 0 4.0 10 300 M M 2 12 17 270
6 88 61 75 2 0 10 0.00 0.0 0 6.4 14 210 M M 0 18 220
7 92 65 79 7 0 14 0.00 0.0 0 10.4 23 230 M M 1 30 220
8 84 60 72 0 0 7 0.00 0.0 0 8.9 23 300 M M 1 31 340
9 83 55 69 -3 0 4 0.00 0.0 0 4.1 10 350 M M 0 15 350
10 91 61 76 5 0 11 0.00 0.0 0 9.1 16 210 M M 2 21 210
11 91 66 79 8 0 14 0.00 0.0 0 11.3 23 210 M M 0 30 220
12 91 69 80 9 0 15 0.00 0.0 0 11.2 20 230 M M 0 26 230
13 91 61 76 6 0 11 0.00 0.0 0 9.6 20 190 M M 0 28 180
14 91 72 82 12 0 17 T 0.0 0 10.7 23 250 M M 2 31 220
15 86 63 75 5 0 10 0.00 0.0 0 6.7 12 60 M M 2 17 100
16 88 58 73 4 0 8 0.00 0.0 0 6.9 14 140 M M 0 19 80
17 93 63 78 9 0 13 0.00 0.0 0 5.3 10 110 M M 0 16 120
18 92 65 79 11 0 14 0.00 0.0 0 5.4 13 100 M M 1 16 100
19 90 67 79 11 0 14 0.00 0.0 0 7.2 16 150 M M 1 23 160
20 92 68 80 12 0 15 1.05 0.0 0 9.8 28 330 M M 3 138 37 320
21 72 58 65 -2 0 0 0.59 0.0 0 12.1 29 340 M M 5 13 36 330
22 74 52 63 -4 2 0 0.00 0.0 0 8.1 18 330 M M 1 25 320
23 74 49 62 -4 3 0 0.00 0.0 0 5.1 14 270 M M 0 19 310
24 82 52 67 1 0 2 0.02 0.0 0 10.2 22 210 M M 1 31 210
25 75 54 65 -1 0 0 T 0.0 0 5.9 14 300 M M 2 12 20 270
26 89 52 71 6 0 6 0.00 0.0 0 11.0 23 210 M M 0 29 210
27 89 62 76 11 0 11 0.00 0.0 0 12.0 23 230 M M 0 31 220
28 89 61 75 11 0 10 0.00 0.0 0 4.7 12 170 M M 0 16 180
29 88 63 76 12 0 11 0.16 0.0 0 6.9 21 150 M M 2 13 28 160
30 86 65 76 12 0 11 1.23 0.0 0 6.6 33 120 M M 3 13 44 120
================================================================================
SM 2580 1846 5 276 3.68 0.0 241.6 M 47
================================================================================
AV 86.0 61.5 8.1 FASTST M M 2 MAX(MPH)
MISC ----> 33 120 44 120
================================================================================
NOTES:
# LAST OF SEVERAL OCCURRENCES
COLUMN 17 PEAK WIND IN M.P.H.
PRELIMINARY LOCAL CLIMATOLOGICAL DATA (WS FORM: F-6) , PAGE 2
STATION: COLUMBIA ASOS
MONTH: SEPTEMBER
YEAR: 2021
LATITUDE: 38 49 N
LONGITUDE: 92 13 W
[TEMPERATURE DATA] [PRECIPITATION DATA] SYMBOLS USED IN COLUMN 16
AVERAGE MONTHLY: 73.8 TOTAL FOR MONTH: 3.68 1 = FOG OR MIST
DPTR FM NORMAL: 4.6 DPTR FM NORMAL: -0.15 2 = FOG REDUCING VISIBILITY
HIGHEST: 93 ON 17 GRTST 24HR 1.64 ON 20-21 TO 1/4 MILE OR LESS
LOWEST: 49 ON 23 3 = THUNDER
SNOW, ICE PELLETS, HAIL 4 = ICE PELLETS
TOTAL MONTH: 0.0 INCH 5 = HAIL
GRTST 24HR 0.0 6 = FREEZING RAIN OR DRIZZLE
GRTST DEPTH: 0 7 = DUSTSTORM OR SANDSTORM:
VSBY 1/2 MILE OR LESS
8 = SMOKE OR HAZE
[NO. OF DAYS WITH] [WEATHER - DAYS WITH] 9 = BLOWING SNOW
X = TORNADO
MAX 32 OR BELOW: 0 0.01 INCH OR MORE: 6
MAX 90 OR ABOVE: 10 0.10 INCH OR MORE: 5
MIN 32 OR BELOW: 0 0.50 INCH OR MORE: 4
MIN 0 OR BELOW: 0 1.00 INCH OR MORE: 2
[HDD (BASE 65) ]
TOTAL THIS MO. 5 CLEAR (SCALE 0-3) 26
DPTR FM NORMAL -42 PTCLDY (SCALE 4-7) 4
TOTAL FM JUL 1 5 CLOUDY (SCALE 8-10) 0
DPTR FM NORMAL -41
[CDD (BASE 65) ]
TOTAL THIS MO. 276
DPTR FM NORMAL 103 [PRESSURE DATA]
TOTAL FM JAN 1 1631 HIGHEST SLP 30.26 ON 22
DPTR FM NORMAL 220 LOWEST SLP 29.75 ON 20
[REMARKS]
#FINAL-09-21#