000
CXUS53 KLSX 311600
CF6COU
PRELIMINARY LOCAL CLIMATOLOGICAL DATA (WS FORM: F-6)

                                          STATION:   COLUMBIA MO
                                          MONTH:     DECEMBER
                                          YEAR:      2011
                                          LATITUDE:   38 49 N
                                          LONGITUDE:  92 13 W

  TEMPERATURE IN F:       :PCPN:    SNOW:  WIND      :SUNSHINE: SKY     :PK WND
================================================================================
1   2   3   4   5  6A  6B    7    8   9   10  11  12  13   14  15   16   17  18
                                     12Z  AVG MX 2MIN
DY MAX MIN AVG DEP HDD CDD  WTR  SNW DPTH SPD SPD DIR MIN PSBL S-S WX    SPD DR
================================================================================

 1  55  29  42   5  23   0 0.00  0.0    0  7.3 21 350   M    M   1        24 350
 2  47  32  40   4  25   0    T  0.0    0  7.0 15 140   M    M   8        18 140
 3  58  44  51  15  14   0 0.55  0.0    0 13.9 26 160   M    M   7 1      33 150
 4  54  32  43   7  22   0 0.02  0.0    0 10.6 24 260   M    M  10 1      29 260
 5  32  25  29  -6  36   0 0.00  0.0    0 13.8 20 360   M    M  10         M  M
 6  27  23  25 -10  40   0 0.10  1.3    1  8.8 16 340   M    M  10 1      28 340
 7  36  11  24 -10  41   0 0.00  0.0    1  6.8 14 230   M    M   2        17 230
 8  41  21  31  -3  34   0 0.00  0.0    T  3.9  9 330   M    M   3        10 310
 9  37  24  31  -3  34   0 0.00  0.0    0  6.3 15  10   M    M   7        17  20
10  40  15  28  -6  37   0 0.00  0.0    0  6.0 13 200   M    M   1        23 200
11  49  24  37   4  28   0 0.00  0.0    0  8.4 12 160   M    M   0        15 160
12  45  30  38   5  27   0 0.02  0.0    0  6.4 12 180   M    M   8        14 180
13  47  39  43  10  22   0 0.46  0.0    0  7.1 14 150   M    M   9 1      18 150
14  58  46  52  20  13   0 0.46  0.0    0 13.8 22 190   M    M  10 13     28 190
15  58  28  43  11  22   0 0.00  0.0    0 11.1 21 290   M    M   7 18     26 310
16  39  23  31  -1  34   0 0.00  0.0    0  3.8  9 320   M    M   0        12 330
17  47  22  35   3  30   0 0.00  0.0    0  7.6 16 280   M    M   0        21 270
18  56  28  42  11  23   0 0.00  0.0    0 10.6 20 190   M    M   3        26 190
19  53  40  47  16  18   0 1.46  0.0    0  9.2 18 210   M    M  10 1      24 210
20  46  40  43  12  22   0 0.30  0.0    0  6.3 24  60   M    M  10 12     28  80
21  44  29  37   6  28   0 0.01  0.0    0 10.3 18 280   M    M   5 12     24 280
22  35  29  32   1  33   0 0.00  0.0    0  7.8 18 350   M    M   6 1      22 350
23  35  24  30  -1  35   0 0.00  0.0    0  7.7 15 350   M    M   5        17 360
24  47  21  34   4  31   0 0.00  0.0    0  7.5 13 240   M    M   0        15 240
25  52  27  40  10  25   0 0.00  0.0    0  7.0 14 310   M    M   0        17 320
26  39  25  32   2  33   0 0.10  0.0    0  5.5 14 150   M    M   5 1      17 150
27  45  32  39   9  26   0 0.01  0.0    0 10.6 24 290   M    M   3 1      32 300
28  51  25  38   8  27   0 0.00  0.0    0  7.5 18 200   M    M   0        22 200
29  59  32  46  16  19   0 0.02  0.0    0  9.4 16 240   M    M   2        20 240
30  55  37  46  16  19   0    T  0.0    0 16.7 31 270   M    M   5        45 270
================================================================================
SM 1387  857       821   0  3.51     1.3 258.7          M      147
================================================================================
AV 46.2 28.6                               8.6 FASTST   M    M   5    MAX(MPH)
                                 MISC ---->  # 31 270               # 45  270
================================================================================
NOTES:
# LAST OF SEVERAL OCCURRENCES

COLUMN 17 PEAK WIND IN M.P.H.

PRELIMINARY LOCAL CLIMATOLOGICAL DATA (WS FORM: F-6) , PAGE 2

                                          STATION:  COLUMBIA MO
                                          MONTH:    DECEMBER
                                          YEAR:     2011
                                          LATITUDE:   38 49 N
                                          LONGITUDE:  92 13 W

[TEMPERATURE DATA]      [PRECIPITATION DATA]       SYMBOLS USED IN COLUMN 16

AVERAGE MONTHLY: 37.4   TOTAL FOR MONTH:   3.51    1 = FOG OR MIST
DPTR FM NORMAL:   4.9   DPTR FM NORMAL:    1.14    2 = FOG REDUCING VISIBILITY
HIGHEST:    59 ON 29    GRTST 24HR  1.74 ON 19-20      TO 1/4 MILE OR LESS
LOWEST:     11 ON  7                               3 = THUNDER
                        SNOW, ICE PELLETS, HAIL    4 = ICE PELLETS
                        TOTAL MONTH:   1.3 INCHES  5 = HAIL
                        GRTST 24HR   1.3 ON   M    6 = FREEZING RAIN OR DRIZZLE
                        GRTST DEPTH:   1 ON  7, 6  7 = DUSTSTORM OR SANDSTORM:
                                                       VSBY 1/2 MILE OR LESS
                                                   8 = SMOKE OR HAZE
[NO. OF DAYS WITH]      [WEATHER - DAYS WITH]      9 = BLOWING SNOW
                                                   X = TORNADO
MAX 32 OR BELOW:   2    0.01 INCH OR MORE:  12
MAX 90 OR ABOVE:   0    0.10 INCH OR MORE:   7
MIN 32 OR BELOW:  24    0.50 INCH OR MORE:   2
MIN  0 OR BELOW:   0    1.00 INCH OR MORE:   1

[HDD (BASE 65) ]
TOTAL THIS MO.   821    CLEAR  (SCALE 0-3)  13
DPTR FM NORMAL  -153    PTCLDY (SCALE 4-7)  10
TOTAL FM JUL 1  1696    CLOUDY (SCALE 8-10)  7
DPTR FM NORMAL  -263

[CDD (BASE 65) ]
TOTAL THIS MO.     0
DPTR FM NORMAL     0    [PRESSURE DATA]
TOTAL FM JAN 1  1508    HIGHEST SLP M ON M
DPTR FM NORMAL   259    LOWEST  SLP 29.55 ON 30

[REMARKS]
