000
CXUS53 KLSX 042002 RRA
CF6COU

PRELIMINARY LOCAL CLIMATOLOGICAL DATA (WS FORM: F-6)

                                          STATION:   COLUMBIA MO
                                          MONTH:     SEPTEMBER
                                          YEAR:      2011
                                          LATITUDE:   38 49 N
                                          LONGITUDE:  92 13 W

  TEMPERATURE IN F:       :PCPN:    SNOW:  WIND      :SUNSHINE: SKY     :PK WND
================================================================================
1   2   3   4   5  6A  6B    7    8   9   10  11  12  13   14  15   16   17  18
                                     12Z  AVG MX 2MIN
DY MAX MIN AVG DEP HDD CDD  WTR  SNW DPTH SPD SPD DIR MIN PSBL S-S WX    SPD DR
================================================================================

 1  98  74  86  13   0  21 0.00  0.0    0  9.9 16 210   M    M   0        22 220
 2  96  70  83  10   0  18 0.00  0.0    0  7.1 14 220   M    M   0        20 240
 3  95  68  82   9   0  17 0.11  0.0    0  8.1 25 320   M    M   1 13     35 310
 4  76  54  65  -7   0   0 0.27  0.0    0 11.4 22  10   M    M   3 13     28 360
 5  72  51  62 -10   3   0 0.00  0.0    0 11.1 21 360   M    M   1        28  30
 6  74  45  60 -12   5   0 0.00  0.0    0  8.4 16  20   M    M   0        25 340
 7  76  45  61 -10   4   0 0.00  0.0    0  8.3 16 360   M    M   0        21 320
 8  79  45  62  -9   3   0 0.00  0.0    0  8.8 21 360   M    M   0        31 360
 9  81  59  70   0   0   5    T  0.0    0  6.1 16  90   M    M   8 8      22  70
10  75  60  68  -2   0   3 0.02  0.0    0  2.7 12  40   M    M   8 13     14  30
11  81  54  68  -2   0   3 0.00  0.0    0  3.9 10  50   M    M   2 12     39 330
12  87  57  72   3   0   7 0.00  0.0    0  6.5 16 220   M    M   0 1      21 220
13  91  60  76   7   0  11 0.00  0.0    0  6.3 20  40   M    M   1 3      26  40
14  63  45  54 -14  11   0 1.58  0.0    0 10.0 18 360   M    M   3 13     25  90
15  62  40  51 -17  14   0 0.00  0.0    0  6.9 17  70   M    M   1        22  60
16  62  50  56 -12   9   0    T  0.0    0  6.1 13 200   M    M  10        15 200
17  58  52  55 -12  10   0 0.19  0.0    0  8.0 15 150   M    M  10 1      21 130
18  69  56  63  -4   2   0 0.34  0.0    0  7.2 20 130   M    M   9 1      25 140
19  75  55  65  -1   0   0    T  0.0    0  6.2 16 330   M    M   6 18     30 270
20  78  50  64  -2   1   0 0.00  0.0    0  5.3 10 160   M    M   1 12     26 120
21  74  55  65   0   0   0 0.01  0.0    0  8.0 16 280   M    M   2 18     24 320
22  67  50  59  -6   6   0 0.00  0.0    0  3.9  8 270   M    M   1 12     18 150
23  67  46  57  -7   8   0    T  0.0    0  2.3  M   M   M    M   7 12      M   M
24  66  43  55  -9  10   0 0.00  0.0    0  5.3 10  40   M    M   0         M   M
25  69  38  54  -9  11   0    T  0.0    0  6.4 17  10   M    M   1         M   M
26  71  45  58  -5   7   0 0.00  0.0    0 11.5 23 290   M    M   3        31 260
27  72  53  63   0   2   0 0.00  0.0    0  7.6 16 270   M    M   6        23 330
28  82  57  70   8   0   5    T  0.0    0  6.2 16 280   M    M   4        22 270
29  83  54  69   7   0   4 0.00  0.0    0 11.7 28 350   M    M   0        33 310
30  73  49  61   0   4   0 0.00  0.0    0 10.1 21 320   M    M   0        24 320
================================================================================
SM 2272 1580       110  94  2.52     0.0 221.3          M       88
================================================================================
AV 75.7 52.7                               7.4 FASTST   M    M   3    MAX(MPH)
                                 MISC ---->  #  M   M               #  M    M
================================================================================
NOTES:
# LAST OF SEVERAL OCCURRENCES

COLUMN 17 PEAK WIND IN M.P.H.

PRELIMINARY LOCAL CLIMATOLOGICAL DATA (WS FORM: F-6) , PAGE 2

                                          STATION:  COLUMBIA MO
                                          MONTH:    SEPTEMBER
                                          YEAR:     2011
                                          LATITUDE:   38 49 N
                                          LONGITUDE:  92 13 W

[TEMPERATURE DATA]      [PRECIPITATION DATA]       SYMBOLS USED IN COLUMN 16

AVERAGE MONTHLY: 64.2   TOTAL FOR MONTH:   2.52    1 = FOG OR MIST
DPTR FM NORMAL:  -3.4   DPTR FM NORMAL:   -1.35    2 = FOG REDUCING VISIBILITY
HIGHEST:    98 ON  1    GRTST 24HR  1.58 ON 14-14      TO 1/4 MILE OR LESS
LOWEST:     38 ON 25                               3 = THUNDER
                        SNOW, ICE PELLETS, HAIL    4 = ICE PELLETS
                        TOTAL MONTH:   0.0 INCH    5 = HAIL
                        GRTST 24HR     0.0         6 = FREEZING RAIN OR DRIZZLE
                        GRTST DEPTH:   0           7 = DUSTSTORM OR SANDSTORM:
                                                       VSBY 1/2 MILE OR LESS
                                                   8 = SMOKE OR HAZE
[NO. OF DAYS WITH]      [WEATHER - DAYS WITH]      9 = BLOWING SNOW
                                                   X = TORNADO
MAX 32 OR BELOW:   0    0.01 INCH OR MORE:   7
MAX 90 OR ABOVE:   4    0.10 INCH OR MORE:   5
MIN 32 OR BELOW:   0    0.50 INCH OR MORE:   1
MIN  0 OR BELOW:   0    1.00 INCH OR MORE:   1

[HDD (BASE 65) ]
TOTAL THIS MO.   110    CLEAR  (SCALE 0-3)  21
DPTR FM NORMAL    44    PTCLDY (SCALE 4-7)   4
TOTAL FM JUL 1   110    CLOUDY (SCALE 8-10)  5
DPTR FM NORMAL    42

[CDD (BASE 65) ]
TOTAL THIS MO.    94
DPTR FM NORMAL   -50    [PRESSURE DATA]
TOTAL FM JAN 1  1474    HIGHEST SLP 30.39 ON 15
DPTR FM NORMAL   247    LOWEST  SLP 29.77 ON 27

[REMARKS]
#FINAL-09-11#
