000
CXUS53 KLSX 011721 CCA
CF6COU

PRELIMINARY LOCAL CLIMATOLOGICAL DATA (WS FORM: F-6)

                                          STATION:   COLUMBIA MO
                                          MONTH:     NOVEMBER
                                          YEAR:      2011
                                          LATITUDE:   38 49 N
                                          LONGITUDE:  92 13 W

  TEMPERATURE IN F:       :PCPN:    SNOW:  WIND      :SUNSHINE: SKY     :PK WND
================================================================================
1   2   3   4   5  6A  6B    7    8   9   10  11  12  13   14  15   16   17  18
                                     12Z  AVG MX 2MIN
DY MAX MIN AVG DEP HDD CDD  WTR  SNW DPTH SPD SPD DIR MIN PSBL S-S WX    SPD DR
================================================================================

 1  76  44  60   9   5   0 0.00  0.0    0 12.3 23 180   M    M   0        28 160
 2  74  43  59   8   6   0 0.33  0.0    0 13.5 29  50   M    M   7 1      37  50
 3  45  37  41  -9  24   0 1.19    T    0 17.5 31 340   M    M  10 1      39 350
 4  58  38  48  -2  17   0 0.00  0.0    0  6.8 12 150   M    M   3        15 160
 5  58  42  50   1  15   0 0.00  0.0    0 13.8 23 160   M    M   5        32 160
 6  64  50  57   8   8   0    T  0.0    0 13.6 23 170   M    M   8        29 170
 7  62  54  58  10   7   0 0.48  0.0    0  6.3 17 150   M    M   9 1      22 160
 8  61  53  57   9   8   0 1.33  0.0    0  6.1 15 150   M    M   9 13     18 160
 9  57  37  47  -1  18   0 0.15  0.0    0 15.0 29 320   M    M   5 1      37 310
10  47  30  39  -8  26   0 0.00  0.0    0 10.0 25 320   M    M   0        32 300
11  67  25  46  -1  19   0 0.00  0.0    0 11.5 25 240   M    M   0        32 240
12  60  40  50   4  15   0 0.00  0.0    0 15.5 29 180   M    M   0        36 170
13  73  53  63  17   2   0 0.00  0.0    0 15.1 33 240   M    M   0        43 240
14  70  49  60  15   5   0 0.00  0.0    0  9.9 28 250   M    M   1        35 260
15  67  40  54   9  11   0 0.00  0.0    0  8.5 21 360   M    M   1        25  10
16  46  34  40  -4  25   0 0.00  0.0    0  9.5 21 360   M    M   3        25 360
17  47  26  37  -7  28   0 0.00  0.0    0  7.9 16 250   M    M   1        23 230
18  58  32  45   2  20   0 0.00  0.0    0 16.0 29 180   M    M   0        37 200
19  68  42  55  12  10   0 0.00  0.0    0 16.8 33 200   M    M   8        41 200
20  42  33  38  -4  27   0 0.00  0.0    0  9.0 17 350   M    M   8 1      21 350
21  46  38  42   0  23   0    T  0.0    0  4.6 10  60   M    M  10 1      13 110
22  48  42  45   4  20   0 0.10  0.0    0 11.4 18 310   M    M  10 1      25 320
23  46  38  42   1  23   0    T  0.0    0  6.3 14 160   M    M   9 1      16 150
24  63  38  51  11  14   0 0.00  0.0    0 11.5 18 170   M    M   3 12     24 170
25  66  42  54  14  11   0 0.00  0.0    0 15.7 25 190   M    M   0        33 200
26  58  39  49  10  16   0 0.92  0.0    0 15.1 26 330   M    M  10 1      32 320
27  39  34  37  -2  28   0 0.00  0.0    0 14.5 24 330   M    M  10        30 350
28  36  29  33  -5  32   0 0.00  0.0    0 12.4 22 330   M    M   9        26 340
29  47  27  37  -1  28   0 0.00  0.0    0 14.8 23 350   M    M   0        30  10
30  46  21  34  -3  31   0 0.00  0.0    0  5.6 12 150   M    M   0        14 160
================================================================================
SM 1695 1150       522   0  4.50    T    346.5          M      139
================================================================================
AV 56.5 38.3                              11.6 FASTST   M    M   5    MAX(MPH)
                                 MISC ---->  # 33 240               # 43  240
================================================================================
NOTES:
# LAST OF SEVERAL OCCURRENCES

COLUMN 17 PEAK WIND IN M.P.H.

PRELIMINARY LOCAL CLIMATOLOGICAL DATA (WS FORM: F-6) , PAGE 2

                                          STATION:  COLUMBIA MO
                                          MONTH:    NOVEMBER
                                          YEAR:     2011
                                          LATITUDE:   38 49 N
                                          LONGITUDE:  92 13 W

[TEMPERATURE DATA]      [PRECIPITATION DATA]       SYMBOLS USED IN COLUMN 16

AVERAGE MONTHLY: 47.4   TOTAL FOR MONTH:   4.50    1 = FOG OR MIST
DPTR FM NORMAL:   3.0   DPTR FM NORMAL:    1.25    2 = FOG REDUCING VISIBILITY
HIGHEST:    76 ON  1    GRTST 24HR  1.61 ON  7- 8      TO 1/4 MILE OR LESS
LOWEST:     21 ON 30                               3 = THUNDER
                        SNOW, ICE PELLETS, HAIL    4 = ICE PELLETS
                        TOTAL MONTH:    T          5 = HAIL
                        GRTST 24HR    T  ON  3- 3  6 = FREEZING RAIN OR DRIZZLE
                        GRTST DEPTH:   0           7 = DUSTSTORM OR SANDSTORM:
                                                       VSBY 1/2 MILE OR LESS
                                                   8 = SMOKE OR HAZE
[NO. OF DAYS WITH]      [WEATHER - DAYS WITH]      9 = BLOWING SNOW
                                                   X = TORNADO
MAX 32 OR BELOW:   0    0.01 INCH OR MORE:   7
MAX 90 OR ABOVE:   0    0.10 INCH OR MORE:   7
MIN 32 OR BELOW:   7    0.50 INCH OR MORE:   3
MIN  0 OR BELOW:   0    1.00 INCH OR MORE:   2

[HDD (BASE 65) ]
TOTAL THIS MO.   522    CLEAR  (SCALE 0-3)  15
DPTR FM NORMAL   -98    PTCLDY (SCALE 4-7)   3
TOTAL FM JUL 1   875    CLOUDY (SCALE 8-10) 12
DPTR FM NORMAL  -110

[CDD (BASE 65) ]
TOTAL THIS MO.     0
DPTR FM NORMAL    -2    [PRESSURE DATA]
TOTAL FM JAN 1  1508    HIGHEST SLP 30.40 ON 17
DPTR FM NORMAL   259    LOWEST  SLP 29.44 ON 13

[REMARKS]
#FINAL-11-11#
