000
CXUS53 KLSX 011739
CF6COU

PRELIMINARY LOCAL CLIMATOLOGICAL DATA (WS FORM: F-6)

                                          STATION:   COLUMBIA MO
                                          MONTH:     AUGUST
                                          YEAR:      2011
                                          LATITUDE:   38 49 N
                                          LONGITUDE:  92 13 W

  TEMPERATURE IN F:       :PCPN:    SNOW:  WIND      :SUNSHINE: SKY     :PK WND
================================================================================
1   2   3   4   5  6A  6B    7    8   9   10  11  12  13   14  15   16   17  18
                                     12Z  AVG MX 2MIN
DY MAX MIN AVG DEP HDD CDD  WTR  SNW DPTH SPD SPD DIR MIN PSBL S-S WX    SPD DR
================================================================================

 1 101  75  88  11   0  23 0.00  0.0    0  6.1 10 160   M    M   0 1      15 170
 2 108  78  93  16   0  28 0.00  0.0    0  8.5 16 270   M    M   0        23 230
 3  95  76  86   9   0  21 0.00  0.0    0  7.8 14  20   M    M   0         M  M
 4  87  73  80   3   0  15 0.01  0.0    0  6.7 20 240   M    M   1        26 230
 5  83  71  77   0   0  12 0.35  0.0    0  6.8 32 230   M    M   3 13     40 230
 6  90  73  82   5   0  17    T  0.0    0  5.8 13 320   M    M   3 1       M 999
 7  97  69  83   6   0  18 0.10  0.0    0  6.1 44 290   M    M   1 13     62 300
 8  84  69  77   0   0  12    T  0.0    0  8.2 20 220   M    M   1        23 220
 9  92  65  79   2   0  14 0.00  0.0    0  5.8 14 280   M    M   1 1      18 290
10  80  64  72  -5   0   7 0.06  0.0    0  4.6 10 330   M    M   2 13     12 350
11  86  59  73  -4   0   8 0.00  0.0    0  4.4 12 360   M    M   1        36  90
12  86  63  75  -2   0  10 0.31  0.0    0  7.1 22 170   M    M   2 13     44 330
13  89  64  77   0   0  12 0.02  0.0    0  8.8 18 300   M    M   1 1      31 330
14  84  60  72  -5   0   7 0.00  0.0    0  5.1 12  40   M    M   1        31 330
15  81  60  71  -6   0   6 0.00  0.0    0  5.0 12 220   M    M   1 8      15 230
16  76  63  70  -7   0   5 0.97  0.0    0  7.8 20 150   M    M   5 13     23 160
17  86  67  77   1   0  12 0.00  0.0    0  4.2 14  20   M    M   3 1      15  20
18  91  64  78   2   0  13    T  0.0    0  2.8  9  70   M    M   1 123    18 360
19  89  67  78   2   0  13 1.21  0.0    0  4.3 23 270   M    M   2 13     28 270
20  86  67  77   1   0  12 0.13  0.0    0  6.4 33 330   M    M   3 13     41 330
21  88  66  77   1   0  12 0.00  0.0    0  5.2 12 270   M    M   1 12     24 220
22  85  68  77   1   0  12 0.00  0.0    0  5.5 10 160   M    M   1        15  90
23  90  70  80   4   0  15 0.00  0.0    0  9.2 22 210   M    M   0 1      26 210
24  93  70  82   6   0  17 0.00  0.0    0 11.1 18 220   M    M   0        26 190
25  85  58  72  -3   0   7 0.00  0.0    0  6.3 13 360   M    M   0        17 150
26  88  60  74  -1   0   9 0.00  0.0    0  3.5  9 270   M    M   0 8      10 270
27  92  64  78   3   0  13 0.00  0.0    0  6.0 13  20   M    M   1        17  10
28  86  60  73  -2   0   8 0.01  0.0    0  5.7 13 360   M    M   2 3      24 350
29  85  62  74   0   0   9 0.00  0.0    0  6.4 14 100   M    M   2        17 140
30  84  65  75   1   0  10 0.02  0.0    0  9.3 21 150   M    M   3        26 140
31  97  69  83   9   0  18 0.00  0.0    0  9.3 17 170   M    M   0        21 170
================================================================================
SM 2744 2059         0 395  3.19     0.0 199.8          M       42
================================================================================
AV 88.5 66.4                               6.4 FASTST   M    M   1    MAX(MPH)
                                 MISC ---->  # 44 290               # 62  300
================================================================================
NOTES:
# LAST OF SEVERAL OCCURRENCES

COLUMN 17 PEAK WIND IN M.P.H.

PRELIMINARY LOCAL CLIMATOLOGICAL DATA (WS FORM: F-6) , PAGE 2

                                          STATION:  COLUMBIA MO
                                          MONTH:    AUGUST
                                          YEAR:     2011
                                          LATITUDE:   38 49 N
                                          LONGITUDE:  92 13 W

[TEMPERATURE DATA]      [PRECIPITATION DATA]       SYMBOLS USED IN COLUMN 16

AVERAGE MONTHLY: 77.5   TOTAL FOR MONTH:   3.19    1 = FOG OR MIST
DPTR FM NORMAL:   1.3   DPTR FM NORMAL:   -1.17    2 = FOG REDUCING VISIBILITY
HIGHEST:   108 ON  2    GRTST 24HR  1.21 ON 19-19      TO 1/4 MILE OR LESS
LOWEST:     58 ON 25                               3 = THUNDER
                        SNOW, ICE PELLETS, HAIL    4 = ICE PELLETS
                        TOTAL MONTH:   0.0 INCH    5 = HAIL
                        GRTST 24HR     0.0         6 = FREEZING RAIN OR DRIZZLE
                        GRTST DEPTH:   0           7 = DUSTSTORM OR SANDSTORM:
                                                       VSBY 1/2 MILE OR LESS
                                                   8 = SMOKE OR HAZE
[NO. OF DAYS WITH]      [WEATHER - DAYS WITH]      9 = BLOWING SNOW
                                                   X = TORNADO
MAX 32 OR BELOW:   0    0.01 INCH OR MORE:  11
MAX 90 OR ABOVE:  11    0.10 INCH OR MORE:   6
MIN 32 OR BELOW:   0    0.50 INCH OR MORE:   2
MIN  0 OR BELOW:   0    1.00 INCH OR MORE:   1

[HDD (BASE 65) ]
TOTAL THIS MO.     0    CLEAR  (SCALE 0-3)  30
DPTR FM NORMAL    -2    PTCLDY (SCALE 4-7)   1
TOTAL FM JUL 1     0    CLOUDY (SCALE 8-10)  0
DPTR FM NORMAL    -2

[CDD (BASE 65) ]
TOTAL THIS MO.   395
DPTR FM NORMAL    45    [PRESSURE DATA]
TOTAL FM JAN 1  1380    HIGHEST SLP 30.08 ON 26
DPTR FM NORMAL   297    LOWEST  SLP 29.71 ON  8

[REMARKS]
#FINAL-08-11#
