000
CXUS53 KLSX 011404
CF6COU
PRELIMINARY LOCAL CLIMATOLOGICAL DATA (WS FORM: F-6)
STATION: COLUMBIA ASOS
MONTH: JULY
YEAR: 2021
LATITUDE: 38 49 N
LONGITUDE: 92 13 W
TEMPERATURE IN F: :PCPN: SNOW: WIND :SUNSHINE: SKY :PK WND
================================================================================
1 2 3 4 5 6A 6B 7 8 9 10 11 12 13 14 15 16 17 18
12Z AVG MX 2MIN
DY MAX MIN AVG DEP HDD CDD WTR SNW DPTH SPD SPD DIR MIN PSBL S-S WX SPD DR
================================================================================
1 84 69 77 -1 0 12 2.28 0.0 0 6.0 14 30 M M 6 13 19 30
2 84 64 74 -4 0 9 0.00 0.0 0 4.8 9 60 M M 2 15 360
3 85 67 76 -2 0 11 0.00 0.0 0 4.3 9 30 M M 3 17 140
4 87 64 76 -2 0 11 0.00 0.0 0 5.4 13 190 M M 0 16 200
5 86 66 76 -2 0 11 0.00 0.0 0 5.6 12 170 M M 0 16 210
6 88 69 79 1 0 14 0.00 0.0 0 5.7 13 200 M M 1 18 200
7 89 69 79 1 0 14 0.00 0.0 0 5.6 14 220 M M 2 20 230
8 84 71 78 0 0 13 0.00 0.0 0 4.7 13 340 M M 6 17 330
9 89 67 78 0 0 13 0.69 0.0 0 6.9 38 30 M M 1 13 57 40
10 83 67 75 -3 0 10 1.63 0.0 0 7.9 28 50 M M 6 13 41 30
11 77 67 72 -6 0 7 0.15 0.0 0 6.6 14 340 M M 8 13 17 340
12 76 68 72 -6 0 7 0.50 0.0 0 6.8 15 340 M M 10 138 19 330
13 85 68 77 -2 0 12 0.00 0.0 0 6.2 13 240 M M 4 17 240
14 90 68 79 0 0 14 0.00 0.0 0 9.0 18 220 M M 0 26 220
15 87 70 79 0 0 14 0.57 0.0 0 8.5 23 320 M M 4 13 30 330
16 85 69 77 -2 0 12 0.55 0.0 0 4.0 12 10 M M 7 1 14 10
17 84 70 77 -2 0 12 0.00 0.0 0 7.4 14 70 M M 4 1 18 80
18 85 68 77 -2 0 12 0.00 0.0 0 7.0 14 70 M M 3 18 80
19 86 67 77 -2 0 12 0.00 0.0 0 7.0 14 50 M M 1 20 60
20 87 67 77 -2 0 12 0.00 0.0 0 6.0 13 20 M M 1 18 20
21 87 67 77 -2 0 12 0.00 0.0 0 2.5 8 60 M M 2 1 12 80
22 88 69 79 0 0 14 0.00 0.0 0 4.3 10 230 M M 0 18 14 230
23 90 71 81 2 0 16 0.00 0.0 0 5.7 10 200 M M 2 18 15 200
24 94 74 84 5 0 19 0.00 0.0 0 7.9 15 250 M M 1 1 21 240
25 91 73 82 3 0 17 0.02 0.0 0 6.9 18 280 M M 2 3 26 290
26 91 70 81 2 0 16 0.00 0.0 0 5.3 10 80 M M 0 14 80
27 92 67 80 1 0 15 0.00 0.0 0 4.9 10 110 M M 0 13 100
28 95 70 83 4 0 18 0.00 0.0 0 4.0 8 200 M M 1 12 230
29 95 75 85 6 0 20 T 0.0 0 8.1 28 360 M M 1 8 36 360
30 89 74 82 3 0 17 T 0.0 0 6.5 20 340 M M 4 3 24 350
31 85 67 76 -3 0 11 0.46 0.0 0 8.1 33 360 M M 6 13 41 10
================================================================================
SM 2698 2132 0 407 6.85 0.0 189.6 M 88
================================================================================
AV 87.0 68.8 6.1 FASTST M M 3 MAX(MPH)
MISC ----> 38 30 57 40
================================================================================
NOTES:
# LAST OF SEVERAL OCCURRENCES
COLUMN 17 PEAK WIND IN M.P.H.
PRELIMINARY LOCAL CLIMATOLOGICAL DATA (WS FORM: F-6) , PAGE 2
STATION: COLUMBIA ASOS
MONTH: JULY
YEAR: 2021
LATITUDE: 38 49 N
LONGITUDE: 92 13 W
[TEMPERATURE DATA] [PRECIPITATION DATA] SYMBOLS USED IN COLUMN 16
AVERAGE MONTHLY: 77.9 TOTAL FOR MONTH: 6.85 1 = FOG OR MIST
DPTR FM NORMAL: -0.6 DPTR FM NORMAL: 2.72 2 = FOG REDUCING VISIBILITY
HIGHEST: 95 ON 29,28 GRTST 24HR 2.49 ON 30- 1 TO 1/4 MILE OR LESS
LOWEST: 64 ON 4, 2 3 = THUNDER
SNOW, ICE PELLETS, HAIL 4 = ICE PELLETS
TOTAL MONTH: 0.0 INCH 5 = HAIL
GRTST 24HR 0.0 6 = FREEZING RAIN OR DRIZZLE
GRTST DEPTH: 0 7 = DUSTSTORM OR SANDSTORM:
VSBY 1/2 MILE OR LESS
8 = SMOKE OR HAZE
[NO. OF DAYS WITH] [WEATHER - DAYS WITH] 9 = BLOWING SNOW
X = TORNADO
MAX 32 OR BELOW: 0 0.01 INCH OR MORE: 9
MAX 90 OR ABOVE: 8 0.10 INCH OR MORE: 8
MIN 32 OR BELOW: 0 0.50 INCH OR MORE: 6
MIN 0 OR BELOW: 0 1.00 INCH OR MORE: 2
[HDD (BASE 65) ]
TOTAL THIS MO. 0 CLEAR (SCALE 0-3) 20
DPTR FM NORMAL 0 PTCLDY (SCALE 4-7) 9
TOTAL FM JUL 1 0 CLOUDY (SCALE 8-10) 2
DPTR FM NORMAL 0
[CDD (BASE 65) ]
TOTAL THIS MO. 407
DPTR FM NORMAL -12 [PRESSURE DATA]
TOTAL FM JAN 1 891 HIGHEST SLP 30.17 ON 22
DPTR FM NORMAL 32 LOWEST SLP 29.78 ON 11
[REMARKS]
#FINAL-07-21#