000
CXUS53 KLSX 091322
CF6COU
PRELIMINARY LOCAL CLIMATOLOGICAL DATA (WS FORM: F-6)

                                          STATION:   COLUMBIA MO
                                          MONTH:     JULY
                                          YEAR:      2011
                                          LATITUDE:   38 49 N
                                          LONGITUDE:  92 13 W

  TEMPERATURE IN F:       :PCPN:    SNOW:  WIND      :SUNSHINE: SKY     :PK WND
================================================================================
1   2   3   4   5  6A  6B    7    8   9   10  11  12  13   14  15   16   17  18
                                     12Z  AVG MX 2MIN
DY MAX MIN AVG DEP HDD CDD  WTR  SNW DPTH SPD SPD DIR MIN PSBL S-S WX    SPD DR
================================================================================

 1  92  75  84   8   0  19 0.00  0.0    0  8.0 13 170   M    M   1 1      17 180
 2  95  72  84   7   0  19 0.00  0.0    0  6.3 13 240   M    M   1 1      31  80
 3  89  67  78   1   0  13 1.29  0.0    0  7.8 41 350   M    M   2 138    52 350
 4  87  68  78   1   0  13 0.05  0.0    0  5.2 12  60   M    M   5 13     28  90
 5  88  69  79   2   0  14 0.00  0.0    0  5.5 10 120   M    M   2 1      28  40
 6  89  72  81   4   0  16 0.00  0.0    0  4.5 10 350   M    M   2 1      13 360
 7  76  68  72  -5   0   7 0.44  0.0    0  4.7 10 350   M    M   4 1      35  30
 8  85  68  77   0   0  12 0.00  0.0    0  5.9 13  50   M    M   4 1      16  70
 9  87  68  78   1   0  13 0.00  0.0    0  7.4 16 150   M    M   2 18     20 140
10  95  74  85   8   0  20 0.00  0.0    0  7.5 14 190   M    M   1 1      21 190
11  95  78  87  10   0  22    T  0.0    0  5.6 16 260   M    M   1 3      24 150
12  97  70  84   7   0  19 1.24  0.0    0  7.1 28 340   M    M   2 13     39 320
13  86  70  78   0   0  13 0.14  0.0    0  5.8 14  40   M    M   4 13     18  40
14  87  68  78   0   0  13 0.00  0.0    0  6.8 13 100   M    M   2 18     26 200
15  89  73  81   3   0  16 0.00  0.0    0  6.1 12 130   M    M   1 18     22  40
16  90  72  81   3   0  16 0.00  0.0    0  5.0 12 140   M    M   1 18     41 330
17  91  73  82   4   0  17 0.00  0.0    0  6.0 12 220   M    M   0 1      15 170
18  91  73  82   4   0  17 0.00  0.0    0  5.5 12 210   M    M   0        32 210
19  94  74  84   6   0  19 0.00  0.0    0  5.9 12 180   M    M   0        15 240
20  95  74  85   7   0  20 0.00  0.0    0  7.8 15 240   M    M   0        23 240
21  99  74  87   9   0  22 0.00  0.0    0  6.2 12 260   M    M   1        14 260
22  98  77  88  10   0  23 0.00  0.0    0  6.4 15 160   M    M   0        20 170
23  99  75  87   9   0  22 0.00  0.0    0  5.4 14 220   M    M   0        17 220
24  93  73  83   5   0  18 0.00  0.0    0  6.3 18 110   M    M   2 13     24  60
25  94  72  83   6   0  18 0.00  0.0    0  3.5  9 150   M    M   0 1      12 100
26  96  73  85   8   0  20 0.00  0.0    0  5.9 13 160   M    M   1        20 170
27  97  76  87  10   0  22 0.00  0.0    0 10.7 18 170   M    M   0        25 190
28 100  77  89  12   0  24 0.00  0.0    0  9.8 20 300   M    M   0        32 210
29  94  75  85   8   0  20 0.00  0.0    0  3.8 15  40   M    M   2        21 290
30  85  73  79   2   0  14 0.06  0.0    0  6.7 16 340   M    M   3 1      20 340
31  98  72  85   8   0  20 0.00  0.0    0  3.6  9  60   M    M   1 1      13  40
================================================================================
SM 2851 2243         0 541  3.22     0.0 192.7          M       45
================================================================================
AV 92.0 72.4                               6.2 FASTST   M    M   1    MAX(MPH)
                                 MISC ---->  # 41 350               # 52  350
================================================================================
NOTES:
# LAST OF SEVERAL OCCURRENCES

COLUMN 17 PEAK WIND IN M.P.H.

PRELIMINARY LOCAL CLIMATOLOGICAL DATA (WS FORM: F-6) , PAGE 2

                                          STATION:  COLUMBIA MO
                                          MONTH:    JULY
                                          YEAR:     2011
                                          LATITUDE:   38 49 N
                                          LONGITUDE:  92 13 W

[TEMPERATURE DATA]      [PRECIPITATION DATA]       SYMBOLS USED IN COLUMN 16

AVERAGE MONTHLY: 82.2   TOTAL FOR MONTH:   3.22    1 = FOG OR MIST
DPTR FM NORMAL:   4.9   DPTR FM NORMAL:   -1.15    2 = FOG REDUCING VISIBILITY
HIGHEST:   100 ON 28    GRTST 24HR  1.38 ON 12-13      TO 1/4 MILE OR LESS
LOWEST:     67 ON  3                               3 = THUNDER
                        SNOW, ICE PELLETS, HAIL    4 = ICE PELLETS
                        TOTAL MONTH:   0.0 INCH    5 = HAIL
                        GRTST 24HR     0.0         6 = FREEZING RAIN OR DRIZZLE
                        GRTST DEPTH:   0           7 = DUSTSTORM OR SANDSTORM:
                                                       VSBY 1/2 MILE OR LESS
                                                   8 = SMOKE OR HAZE
[NO. OF DAYS WITH]      [WEATHER - DAYS WITH]      9 = BLOWING SNOW
                                                   X = TORNADO
MAX 32 OR BELOW:   0    0.01 INCH OR MORE:   6
MAX 90 OR ABOVE:  20    0.10 INCH OR MORE:   4
MIN 32 OR BELOW:   0    0.50 INCH OR MORE:   2
MIN  0 OR BELOW:   0    1.00 INCH OR MORE:   2

[HDD (BASE 65) ]
TOTAL THIS MO.     0    CLEAR  (SCALE 0-3)  26
DPTR FM NORMAL     0    PTCLDY (SCALE 4-7)   5
TOTAL FM JUL 1     0    CLOUDY (SCALE 8-10)  0
DPTR FM NORMAL     0

[CDD (BASE 65) ]
TOTAL THIS MO.   541
DPTR FM NORMAL   159    [PRESSURE DATA]
TOTAL FM JAN 1   985    HIGHEST SLP 30.13 ON 30
DPTR FM NORMAL   252    LOWEST  SLP 29.77 ON 27

[REMARKS]
#FINAL-07-11#
