000
CXUS53 KLSX 011600
CF6COU
PRELIMINARY LOCAL CLIMATOLOGICAL DATA (WS FORM: F-6)

                                          STATION:   COLUMBIA MO
                                          MONTH:     JUNE
                                          YEAR:      2011
                                          LATITUDE:   38 49 N
                                          LONGITUDE:  92 13 W

  TEMPERATURE IN F:       :PCPN:    SNOW:  WIND      :SUNSHINE: SKY     :PK WND
================================================================================
1   2   3   4   5  6A  6B    7    8   9   10  11  12  13   14  15   16   17  18
                                     12Z  AVG MX 2MIN
DY MAX MIN AVG DEP HDD CDD  WTR  SNW DPTH SPD SPD DIR MIN PSBL S-S WX    SPD DR
================================================================================

 1  85  59  72   3   0   7 0.00  0.0    0  4.3  M 999   M    M   0         M  99
 2  86  71  79  10   0  14 0.00  0.0    0  7.8 13 110   M    M   2        16 100
 3  91  70  81  12   0  16 0.00  0.0    0 10.0 18 220   M    M   1 1      23 210
 4  92  72  82  12   0  17 0.00  0.0    0  9.1 17 250   M    M   2        22 270
 5  89  69  79   9   0  14    T  0.0    0  5.5 13 210   M    M   1        17 320
 6  91  69  80  10   0  15 0.00  0.0    0  8.6 18 200   M    M   1        22 200
 7  93  69  81  10   0  16 0.00  0.0    0  9.8 22 220   M    M   1 1      26 220
 8  92  70  81  10   0  16 0.00  0.0    0 10.8 21 210   M    M   1        25 190
 9  90  69  80   9   0  15    T  0.0    0  7.0 17 130   M    M   1        22 130
10  90  69  80   9   0  15 0.02  0.0    0  7.9 38 210   M    M   2 3      53 240
11  75  57  66  -6   0   1 0.00  0.0    0  7.8 17 340   M    M   5 13     21 330
12  75  56  66  -6   0   1    T  0.0    0  7.9 15  70   M    M   5 1      18  80
13  71  60  66  -6   0   1 0.93  0.0    0 10.5 22 100   M    M   4 13     29  90
14  79  64  72  -1   0   7 0.03  0.0    0 12.7 26 120   M    M   1 13     36 130
15  83  63  73   0   0   8 0.78  0.0    0 10.2 33 220   M    M   2 138    46 250
16  81  59  70  -3   0   5 0.00  0.0    0  6.9 16 170   M    M   1        21 190
17  81  68  75   2   0  10 0.26  0.0    0  8.1 25  70   M    M   4 13     36 310
18  84  66  75   2   0  10 0.66  0.0    0  9.8 41 260   M    M   3 13     52 260
19  87  66  77   3   0  12 0.10  0.0    0  8.6 29 230   M    M   2        36 240
20  88  76  82   8   0  17 0.00  0.0    0 11.7 21 170   M    M   1        28 160
21  84  65  75   1   0  10 0.11  0.0    0 14.7 36 250   M    M   4        46 260
22  79  63  71  -3   0   6 0.00  0.0    0 13.1 28 260   M    M   4        37 250
23  77  61  69  -6   0   4 0.00  0.0    0 11.3 24 290   M    M   3        32 290
24  82  58  70  -5   0   5 0.00  0.0    0  4.5 10  50   M    M   1        13 280
25  80  67  74  -1   0   9    T  0.0    0  9.5 16 100   M    M   4 3      22 320
26  90  69  80   5   0  15 0.00  0.0    0  7.2 15 150   M    M   3 138    21 140
27  83  63  73  -2   0   8 1.86  0.0    0 10.2 53 340   M    M   4 138    62 340
28  81  65  73  -3   0   8 0.00  0.0    0  6.8 13  30   M    M   3        15  40
29  85  64  75  -1   0  10 0.00  0.0    0  8.0  M 999   M    M   1         M 999
30  92  71  82   6   0  17 0.00  0.0    0  8.7 16 170   M    M   2 1      18 200
================================================================================
SM 2536 1968         0 309  4.75     0.0 269.0          M       69
================================================================================
AV 84.5 65.6                               9.0 FASTST   M    M   2    MAX(MPH)
                                 MISC ---->  #9999999               #99999 99
================================================================================
NOTES:
# LAST OF SEVERAL OCCURRENCES

COLUMN 17 PEAK WIND IN M.P.H.

PRELIMINARY LOCAL CLIMATOLOGICAL DATA (WS FORM: F-6) , PAGE 2

                                          STATION:  COLUMBIA MO
                                          MONTH:    JUNE
                                          YEAR:     2011
                                          LATITUDE:   38 49 N
                                          LONGITUDE:  92 13 W

[TEMPERATURE DATA]      [PRECIPITATION DATA]       SYMBOLS USED IN COLUMN 16

AVERAGE MONTHLY: 75.1   TOTAL FOR MONTH:   4.75    1 = FOG OR MIST
DPTR FM NORMAL:   2.4   DPTR FM NORMAL:    0.73    2 = FOG REDUCING VISIBILITY
HIGHEST:    93 ON  7    GRTST 24HR  1.86 ON 27-27      TO 1/4 MILE OR LESS
LOWEST:     56 ON 12                               3 = THUNDER
                        SNOW, ICE PELLETS, HAIL    4 = ICE PELLETS
                        TOTAL MONTH:   0.0 INCH    5 = HAIL
                        GRTST 24HR     0.0         6 = FREEZING RAIN OR DRIZZLE
                        GRTST DEPTH:   0           7 = DUSTSTORM OR SANDSTORM:
                                                       VSBY 1/2 MILE OR LESS
                                                   8 = SMOKE OR HAZE
[NO. OF DAYS WITH]      [WEATHER - DAYS WITH]      9 = BLOWING SNOW
                                                   X = TORNADO
MAX 32 OR BELOW:   0    0.01 INCH OR MORE:   9
MAX 90 OR ABOVE:   9    0.10 INCH OR MORE:   7
MIN 32 OR BELOW:   0    0.50 INCH OR MORE:   4
MIN  0 OR BELOW:   0    1.00 INCH OR MORE:   1

[HDD (BASE 65) ]
TOTAL THIS MO.     0    CLEAR  (SCALE 0-3)  22
DPTR FM NORMAL   -10    PTCLDY (SCALE 4-7)   8
TOTAL FM JUL 1  5136    CLOUDY (SCALE 8-10)  0
DPTR FM NORMAL   -41

[CDD (BASE 65) ]
TOTAL THIS MO.   309
DPTR FM NORMAL    64    [PRESSURE DATA]
TOTAL FM JAN 1   444    HIGHEST SLP 30.29 ON  1
DPTR FM NORMAL   108    LOWEST  SLP 29.56 ON 20

[REMARKS]
#FINAL-06-11#
