000
CXUS53 KLSX 011600
CF6COU
PRELIMINARY LOCAL CLIMATOLOGICAL DATA (WS FORM: F-6)

                                          STATION:   COLUMBIA MO
                                          MONTH:     MAY
                                          YEAR:      2011
                                          LATITUDE:   38 49 N
                                          LONGITUDE:  92 13 W

  TEMPERATURE IN F:       :PCPN:    SNOW:  WIND      :SUNSHINE: SKY     :PK WND
================================================================================
1   2   3   4   5  6A  6B    7    8   9   10  11  12  13   14  15   16   17  18
                                     12Z  AVG MX 2MIN
DY MAX MIN AVG DEP HDD CDD  WTR  SNW DPTH SPD SPD DIR MIN PSBL S-S WX    SPD DR
================================================================================

 1  59  42  51  -8  14   0 0.25  0.0    0 11.2 22 340   M    M   4 1      28 340
 2  57  41  49 -10  16   0 0.00  0.0    0  4.4 13 360   M    M   5        15 360
 3  59  36  48 -12  17   0 0.00  0.0    0  9.3 24 320   M    M   0        37 330
 4  66  36  51  -9  14   0 0.00  0.0    0  6.8 14 150   M    M   0        17 110
 5  67  44  56  -4   9   0 0.18  0.0    0  8.6 20 300   M    M   4 12     23 300
 6  71  39  55  -6  10   0 0.00  0.0    0  6.9 17 200   M    M   1 12     22 200
 7  79  56  68   7   0   3 0.06  0.0    0  8.8 20 190   M    M   2 13     24 190
 8  84  50  67   6   0   2 0.00  0.0    0  8.6 20 150   M    M   1 1      39 330
 9  87  66  77  15   0  12    T  0.0    0 13.7 24 180   M    M   1 13     31 180
10  86  69  78  16   0  13 0.00  0.0    0 10.5 21 210   M    M   0        29 210
11  87  68  78  16   0  13 0.00  0.0    0 10.1 18 170   M    M   1 18     24 170
12  83  58  71   9   0   6 0.90  0.0    0  9.4 46 260   M    M   4 13     64 270
13  67  51  59  -4   6   0 0.29  0.0    0  9.3 23 320   M    M   7 13     30 310
14  55  48  52 -11  13   0 0.06  0.0    0 14.8 20 330   M    M  10 1      24 320
15  51  47  49 -14  16   0 0.28  0.0    0 12.3 22 350   M    M  10 1      28 340
16  62  41  52 -12  13   0 0.00  0.0    0  8.4 17  20   M    M   1 1      23  40
17  64  39  52 -12  13   0 0.00  0.0    0  6.7 15  50   M    M   0        18  20
18  68  42  55  -9  10   0    T  0.0    0  2.9  9  70   M    M   4        10  70
19  61  55  58  -7   7   0 0.22  0.0    0  9.8 21 140   M    M   9 1      29 130
20  72  58  65   0   0   0 0.69  0.0    0  9.2 20 160   M    M   5 13     25 160
21  80  60  70   5   0   5    T  0.0    0 10.4 18 160   M    M   4        23 170
22  85  62  74   8   0   9 0.08  0.0    0 11.4 26 330   M    M   4 13     32 330
23  72  61  67   1   0   2 0.22  0.0    0  6.8 37 220   M    M   1 13     46 230
24  79  57  68   2   0   3 0.03  0.0    0  7.0 14 140   M    M   3 3      18 140
25  73  57  65  -2   0   0 1.12  0.0    0  8.7 40 200   M    M   4 13     49 200
26  60  51  56 -11   9   0 0.09  0.0    0 10.9 25 340   M    M  10 1      33 350
27  64  50  57 -10   8   0    T  0.0    0  6.7 17 160   M    M   9 1      24 160
28  72  56  64  -3   1   0 0.00  0.0    0  7.0 13  40   M    M   9 1      16 100
29  88  65  77   9   0  12 0.00  0.0    0 12.9 22 170   M    M   3 12     29 190
30  86  70  78  10   0  13 0.00  0.0    0 15.9 26 200   M    M   0        35 190
31  85  62  74   6   0   9 0.13  0.0    0 10.6 23 170   M    M   3 3      30 170
================================================================================
SM 2229 1637       176 102  4.60     0.0 290.0          M      119
================================================================================
AV 71.9 52.8                               9.4 FASTST   M    M   4    MAX(MPH)
                                 MISC ---->  # 46 260               # 64  270
================================================================================
NOTES:
# LAST OF SEVERAL OCCURRENCES

COLUMN 17 PEAK WIND IN M.P.H.

PRELIMINARY LOCAL CLIMATOLOGICAL DATA (WS FORM: F-6) , PAGE 2

                                          STATION:  COLUMBIA MO
                                          MONTH:    MAY
                                          YEAR:     2011
                                          LATITUDE:   38 49 N
                                          LONGITUDE:  92 13 W

[TEMPERATURE DATA]      [PRECIPITATION DATA]       SYMBOLS USED IN COLUMN 16

AVERAGE MONTHLY: 62.4   TOTAL FOR MONTH:   4.60    1 = FOG OR MIST
DPTR FM NORMAL:  -1.3   DPTR FM NORMAL:   -0.27    2 = FOG REDUCING VISIBILITY
HIGHEST:    88 ON 29    GRTST 24HR  1.19 ON 12-13      TO 1/4 MILE OR LESS
LOWEST:     36 ON  4, 3                            3 = THUNDER
                        SNOW, ICE PELLETS, HAIL    4 = ICE PELLETS
                        TOTAL MONTH:   0.0 INCH    5 = HAIL
                        GRTST 24HR     0.0         6 = FREEZING RAIN OR DRIZZLE
                        GRTST DEPTH:   0           7 = DUSTSTORM OR SANDSTORM:
                                                       VSBY 1/2 MILE OR LESS
                                                   8 = SMOKE OR HAZE
[NO. OF DAYS WITH]      [WEATHER - DAYS WITH]      9 = BLOWING SNOW
                                                   X = TORNADO
MAX 32 OR BELOW:   0    0.01 INCH OR MORE:  15
MAX 90 OR ABOVE:   0    0.10 INCH OR MORE:  10
MIN 32 OR BELOW:   0    0.50 INCH OR MORE:   3
MIN  0 OR BELOW:   0    1.00 INCH OR MORE:   1

[HDD (BASE 65) ]
TOTAL THIS MO.   176    CLEAR  (SCALE 0-3)  14
DPTR FM NORMAL    61    PTCLDY (SCALE 4-7)  11
TOTAL FM JUL 1  5136    CLOUDY (SCALE 8-10)  6
DPTR FM NORMAL   -31

[CDD (BASE 65) ]
TOTAL THIS MO.   102
DPTR FM NORMAL    32    [PRESSURE DATA]
TOTAL FM JAN 1   135    HIGHEST SLP 30.42 ON  4
DPTR FM NORMAL    44    LOWEST  SLP 29.41 ON 25

[REMARKS]
#FINAL-05-11#
