000
CXUS53 KLSX 011400
CF6COU
PRELIMINARY LOCAL CLIMATOLOGICAL DATA (WS FORM: F-6)
STATION: COLUMBIA ASOS
MONTH: APRIL
YEAR: 2021
LATITUDE: 38 49 N
LONGITUDE: 92 13 W
TEMPERATURE IN F: :PCPN: SNOW: WIND :SUNSHINE: SKY :PK WND
================================================================================
1 2 3 4 5 6A 6B 7 8 9 10 11 12 13 14 15 16 17 18
12Z AVG MX 2MIN
DY MAX MIN AVG DEP HDD CDD WTR SNW DPTH SPD SPD DIR MIN PSBL S-S WX SPD DR
================================================================================
1 49 26 38 -12 27 0 0.00 0.0 0 7.2 15 360 M M 0 19 10
2 62 30 46 -5 19 0 0.00 0.0 0 11.6 20 160 M M 0 25 180
3 74 40 57 6 8 0 0.00 0.0 0 13.0 22 220 M M 0 29 190
4 80 48 64 13 1 0 0.00 0.0 0 9.7 20 220 M M 0 28 220
5 80 52 66 14 0 1 0.00 0.0 0 10.4 22 190 M M 3 31 200
6 82 57 70 18 0 5 0.00 0.0 0 13.8 22 170 M M 2 34 160
7 70 51 61 9 4 0 1.05 0.0 0 12.0 22 150 M M 6 13 29 150
8 52 47 50 -3 15 0 0.33 0.0 0 12.5 22 210 M M 9 18 29 220
9 75 43 59 6 6 0 T 0.0 0 6.2 15 270 M M 2 1 18 250
10 62 48 55 2 10 0 1.48 0.0 0 16.1 28 280 M M 10 1 41 310
11 71 46 59 5 6 0 0.00 0.0 0 12.0 23 270 M M 0 30 260
12 64 47 56 2 9 0 0.00 0.0 0 9.1 17 320 M M 5 22 340
13 64 46 55 1 10 0 0.01 0.0 0 6.6 17 290 M M 5 24 280
14 61 42 52 -3 13 0 0.00 0.0 0 8.8 21 280 M M 1 26 290
15 61 36 49 -6 16 0 0.00 0.0 0 7.3 13 10 M M 1 20 10
16 59 46 53 -2 12 0 0.09 0.0 0 6.6 14 330 M M 8 18 40
17 58 45 52 -4 13 0 0.07 0.0 0 7.4 13 260 M M 9 1 18 270
18 61 45 53 -3 12 0 0.00 0.0 0 8.0 18 340 M M 5 25 340
19 70 37 54 -2 11 0 0.00 0.0 0 12.7 25 360 M M 0 30 10
20 42 33 38 -19 27 0 0.22 1.3 0 10.1 20 350 M M 7 18 24 350
21 52 28 40 -17 25 0 0.04 0.0 0 9.1 23 310 M M 5 33 330
22 57 31 44 -13 21 0 0.00 0.0 0 4.4 13 210 M M 2 17 210
23 63 44 54 -4 11 0 0.22 0.0 0 9.3 17 160 M M 10 1 24 210
24 68 51 60 2 5 0 0.16 0.0 0 9.2 18 10 M M 7 1 24 10
25 72 44 58 0 7 0 0.00 0.0 0 8.6 18 150 M M 0 30 160
26 87 53 70 12 0 5 0.00 0.0 0 15.7 29 190 M M 0 39 190
27 83 64 74 15 0 9 0.00 0.0 0 12.9 23 200 M M 0 34 200
28 76 66 71 12 0 6 1.63 0.0 0 7.9 23 220 M M 10 138 30 220
29 74 57 66 7 0 1 0.01 0.0 0 10.4 20 330 M M 4 18 29 320
30 80 46 63 3 2 0 0.00 0.0 0 5.2 13 320 M M 0 17 190
================================================================================
SM 2009 1349 290 27 5.31 1.3 293.8 M 111
================================================================================
AV 67.0 45.0 9.8 FASTST M M 4 MAX(MPH)
MISC ----> 29 190 41 310
================================================================================
NOTES:
# LAST OF SEVERAL OCCURRENCES
COLUMN 17 PEAK WIND IN M.P.H.
PRELIMINARY LOCAL CLIMATOLOGICAL DATA (WS FORM: F-6) , PAGE 2
STATION: COLUMBIA ASOS
MONTH: APRIL
YEAR: 2021
LATITUDE: 38 49 N
LONGITUDE: 92 13 W
[TEMPERATURE DATA] [PRECIPITATION DATA] SYMBOLS USED IN COLUMN 16
AVERAGE MONTHLY: 56.0 TOTAL FOR MONTH: 5.31 1 = FOG OR MIST
DPTR FM NORMAL: 1.0 DPTR FM NORMAL: 0.82 2 = FOG REDUCING VISIBILITY
HIGHEST: 87 ON 26 GRTST 24HR 1.69 ON 28-29 TO 1/4 MILE OR LESS
LOWEST: 26 ON 1 3 = THUNDER
SNOW, ICE PELLETS, HAIL 4 = ICE PELLETS
TOTAL MONTH: 1.3 INCHES 5 = HAIL
GRTST 24HR 1.3 ON 20-20 6 = FREEZING RAIN OR DRIZZLE
GRTST DEPTH: 0 7 = DUSTSTORM OR SANDSTORM:
VSBY 1/2 MILE OR LESS
8 = SMOKE OR HAZE
[NO. OF DAYS WITH] [WEATHER - DAYS WITH] 9 = BLOWING SNOW
X = TORNADO
MAX 32 OR BELOW: 0 0.01 INCH OR MORE: 12
MAX 90 OR ABOVE: 0 0.10 INCH OR MORE: 7
MIN 32 OR BELOW: 4 0.50 INCH OR MORE: 3
MIN 0 OR BELOW: 0 1.00 INCH OR MORE: 3
[HDD (BASE 65) ]
TOTAL THIS MO. 290 CLEAR (SCALE 0-3) 16
DPTR FM NORMAL -31 PTCLDY (SCALE 4-7) 8
TOTAL FM JUL 1 4530 CLOUDY (SCALE 8-10) 6
DPTR FM NORMAL -371
[CDD (BASE 65) ]
TOTAL THIS MO. 27
DPTR FM NORMAL 5 [PRESSURE DATA]
TOTAL FM JAN 1 28 HIGHEST SLP 30.63 ON 1
DPTR FM NORMAL 3 LOWEST SLP 29.49 ON 10
[REMARKS]
#FINAL-04-21#