000
CXUS53 KLSX 222050
CF6COU
PRELIMINARY LOCAL CLIMATOLOGICAL DATA (WS FORM: F-6)

                                          STATION:   COLUMBIA MO
                                          MONTH:     APRIL
                                          YEAR:      2011
                                          LATITUDE:   38 49 N
                                          LONGITUDE:  92 13 W

  TEMPERATURE IN F:       :PCPN:    SNOW:  WIND      :SUNSHINE: SKY     :PK WND
================================================================================
1   2   3   4   5  6A  6B    7    8   9   10  11  12  13   14  15   16   17  18
                                     12Z  AVG MX 2MIN
DY MAX MIN AVG DEP HDD CDD  WTR  SNW DPTH SPD SPD DIR MIN PSBL S-S WX    SPD DR
================================================================================

 1  61  35  48  -2  17   0 0.00  0.0    0 10.1 25 270   M    M   4 18     33 270
 2  68  40  54   4  11   0 0.00  0.0    0  7.2 14 250   M    M   1        18 260
 3  89  52  71  21   0   6 0.70  0.0    0 21.1 38 220   M    M   0 13     48 210
 4  60  38  49  -2  16   0 0.11  0.0    0 15.7 32 320   M    M   6 13     40 310
 5  65  30  48  -3  17   0 0.00  0.0    0 13.1 26 270   M    M   1        35 260
 6  76  48  62  11   3   0 0.00  0.0    0 12.7 25 240   M    M   0        32 250
 7  67  49  58   6   7   0 0.00  0.0    0 11.3 20 100   M    M   4        25 100
 8  73  55  64  12   1   0 0.23  0.0    0  7.3 14  80   M    M   5 138    21  80
 9  89  59  74  22   0   9 0.01  0.0    0 13.3 25 170   M    M   3 138    32 160
10  85  65  75  22   0  10    T  0.0    0 17.5 32 210   M    M   3 3      40 250
11  65  49  57   4   8   0 0.00  0.0    0 11.2 22 310   M    M   2        26 320
12  70  42  56   3   9   0 0.00  0.0    0  4.4 12 340   M    M   0        14 340
13  75  49  62   8   3   0 0.00  0.0    0  6.8 13  90   M    M   1        16 110
14  76  55  66  12   0   1 0.00  0.0    0 14.4 25 100   M    M   1        38 150
15  64  40  52  -2  13   0 0.87  0.0    0 14.3 31 220   M    M  10 13     41 220
16  54  38  46  -9  19   0 0.05  0.0    0 15.8 30 290   M    M   6 1      38 310
17  71  39  55   0  10   0 0.00  0.0    0  7.0 15 200   M    M   1        18 190
18  66  47  57   2   8   0 0.00  0.0    0  9.7 18  60   M    M   4        23  50
19  82  41  62   6   3   0 0.57  0.0    0 13.2 30 210   M    M   9 13     38 210
20  54  39  47  -9  18   0 0.00  0.0    0  8.0 21 330   M    M   6        24 330
21  61  39  50  -6  15   0 0.12  0.0    0 12.6 23 100   M    M   6 13     28 110
22  75  50  63   7   2   0 0.78  0.0    0 10.8 21 300   M    M   6 123    28 300
23  69  48  59   2   6   0 0.01  0.0    0  7.1 18 360   M    M   9 12     22  20
24  53  47  50  -7  15   0 0.10  0.0    0  8.8 20 100   M    M   9 1      24 100
25  60  52  56  -1   9   0 0.37  0.0    0  7.7 36 120   M    M   9 1      44 120
26  62  51  57  -1   8   0 0.04  0.0    0 11.5 26 230   M    M   7 13     31 230
27  54  46  50  -8  15   0    T  0.0    0  9.8 21 330   M    M   8        24 330
28  69  45  57  -1   8   0 0.00  0.0    0 13.1 30 270   M    M   2       999 999
29  77  40  59   0   6   0 0.00  0.0    0 11.5 23 150   M    M   1        31 150
30  76  59  68   9   0   3 0.00  0.0    0   M  26 200   M    M   4         M 999
================================================================================
SM 2066 1387       247  29  3.96     0.0 327.0          M      128
================================================================================
AV 68.9 46.2                              11.3 FASTST   M    M   4    MAX(MPH)
                                 MISC ---->  # 38 220               #999  999
================================================================================
NOTES:
# LAST OF SEVERAL OCCURRENCES

COLUMN 17 PEAK WIND IN M.P.H.

PRELIMINARY LOCAL CLIMATOLOGICAL DATA (WS FORM: F-6) , PAGE 2

                                          STATION:  COLUMBIA MO
                                          MONTH:    APRIL
                                          YEAR:     2011
                                          LATITUDE:   38 49 N
                                          LONGITUDE:  92 13 W

[TEMPERATURE DATA]      [PRECIPITATION DATA]       SYMBOLS USED IN COLUMN 16

AVERAGE MONTHLY: 57.6   TOTAL FOR MONTH:   3.96    1 = FOG OR MIST
DPTR FM NORMAL:   3.2   DPTR FM NORMAL:   -0.20    2 = FOG REDUCING VISIBILITY
HIGHEST:    89 ON  9, 3 GRTST 24HR  0.90 ON 21-22      TO 1/4 MILE OR LESS
LOWEST:     30 ON  5                               3 = THUNDER
                        SNOW, ICE PELLETS, HAIL    4 = ICE PELLETS
                        TOTAL MONTH:   0.0 INCH    5 = HAIL
                        GRTST 24HR     0.0         6 = FREEZING RAIN OR DRIZZLE
                        GRTST DEPTH:   0           7 = DUSTSTORM OR SANDSTORM:
                                                       VSBY 1/2 MILE OR LESS
                                                   8 = SMOKE OR HAZE
[NO. OF DAYS WITH]      [WEATHER - DAYS WITH]      9 = BLOWING SNOW
                                                   X = TORNADO
MAX 32 OR BELOW:   0    0.01 INCH OR MORE:  13
MAX 90 OR ABOVE:   0    0.10 INCH OR MORE:   9
MIN 32 OR BELOW:   1    0.50 INCH OR MORE:   4
MIN  0 OR BELOW:   0    1.00 INCH OR MORE:   0

[HDD (BASE 65) ]
TOTAL THIS MO.   247    CLEAR  (SCALE 0-3)  13
DPTR FM NORMAL   -89    PTCLDY (SCALE 4-7)  12
TOTAL FM JUL 1  4960    CLOUDY (SCALE 8-10)  5
DPTR FM NORMAL   -92

[CDD (BASE 65) ]
TOTAL THIS MO.    29
DPTR FM NORMAL    11    [PRESSURE DATA]
TOTAL FM JAN 1    33    HIGHEST SLP 30.31 ON 21
DPTR FM NORMAL    12    LOWEST  SLP 29.27 ON  3

[REMARKS]
#FINAL-04-11#
