000
CXUS53 KLSX 021714 CCA
CF6COU

PRELIMINARY LOCAL CLIMATOLOGICAL DATA (WS FORM: F-6)

                                          STATION:   COLUMBIA MO
                                          MONTH:     MARCH
                                          YEAR:      2011
                                          LATITUDE:   38 49 N
                                          LONGITUDE:  92 13 W

  TEMPERATURE IN F:       :PCPN:    SNOW:  WIND      :SUNSHINE: SKY     :PK WND
================================================================================
1   2   3   4   5  6A  6B    7    8   9   10  11  12  13   14  15   16   17  18
                                     12Z  AVG MX 2MIN
DY MAX MIN AVG DEP HDD CDD  WTR  SNW DPTH SPD SPD DIR MIN PSBL S-S WX    SPD DR
================================================================================

 1  62  26  44   5  21   0 0.00  0.0    0  9.4 18 220   M    M   0        24 220
 2  52  31  42   3  23   0 0.00  0.0    0  9.4 16  30   M    M   0        21  30
 3  66  36  51  12  14   0 0.00  0.0    0 11.2 18 160   M    M   2        24 160
 4  69  40  55  15  10   0 0.94  0.0    0 12.5 54 230   M    M   9 13     64 230
 5  40  29  35  -5  30   0 0.01  0.0    0 13.9 29 340   M    M   9 16     33 340
 6  44  28  36  -4  29   0 0.00  0.0    0  6.3 14 100   M    M   6        15 120
 7  45  31  38  -3  27   0 0.00  0.0    0 10.1 17 150   M    M   6        22 130
 8  45  38  42   1  23   0 0.84  0.0    0 11.4 22 100   M    M  10 1      28 100
 9  45  34  40  -1  25   0 0.07  0.0    0 13.8 23 310   M    M  10 18     29 300
10  43  32  38  -4  27   0 0.00  0.0    0 11.9 20 310   M    M   7 8       M 999
11  67  28  48   6  17   0 0.00  0.0    0  9.8 20 170   M    M   0        23 180
12  59  40  50   7  15   0 0.00  0.0    0  8.5 17 320   M    M   2        28 320
13  42  32  37  -6  28   0 0.49    T    0  9.4 17  20   M    M   4 1      29  30
14  34  31  33 -10  32   0 1.11  6.0    5 11.6 23  20   M    M  10 12     30 350
15  47  33  40  -4  25   0 0.02    T    4  7.4 14 300   M    M   5 1      17 300
16  66  34  50   6  15   0 0.00  0.0    0  8.5 17 180   M    M   0        21 180
17  73  51  62  18   3   0    T  0.0    0 14.4 30 210   M    M   5        36 210
18  60  43  52   7  13   0 0.01  0.0    0  9.2 24  20   M    M   8        29  20
19  57  39  48   3  17   0 0.35  0.0    0 11.5 21 130   M    M   6 13     26 130
20  79  45  62  17   3   0 0.00  0.0    0 15.6 29 210   M    M   3        37 210
21  80  56  68  22   0   3 0.00  0.0    0  9.3 17 210   M    M   2        23 210
22  73  59  66  20   0   1    T  0.0    0 14.0 29 210   M    M   1        39 210
23  68  39  54   7  11   0 0.00  0.0    0 17.4 32 210   M    M   2 3      39 280
24  43  31  37 -10  28   0    T    T    0 10.0 24 340   M    M   7 1      29 320
25  36  31  34 -13  31   0 0.23  0.4    T 10.1 18 130   M    M  10 16     23 130
26  36  29  33 -15  32   0 0.12  1.4    0 13.4 24  70   M    M  10 12     31  70
27  40  26  33 -15  32   0 0.00  0.0    1  9.7 17  70   M    M   5        22  80
28  47  28  38 -10  27   0    T  0.0    0  8.5 16 110   M    M   6        21 130
29  44  36  40  -9  25   0 0.03  0.0    0  9.6 17  80   M    M  10        22  70
30  43  33  38 -11  27   0 0.09    T    0  5.9 13  20   M    M   9 1      15  20
31  48  35  42  -7  23   0 0.00  0.0    0  4.1  9 200   M    M   8 8      16 280
================================================================================
SM 1653 1104       633   4  4.31     7.8 327.8          M      172
================================================================================
AV 53.3 35.6                              10.6 FASTST   M    M   6    MAX(MPH)
                                 MISC ---->  # 54 230               #10000999
================================================================================
NOTES:
# LAST OF SEVERAL OCCURRENCES

COLUMN 17 PEAK WIND IN M.P.H.

PRELIMINARY LOCAL CLIMATOLOGICAL DATA (WS FORM: F-6) , PAGE 2

                                          STATION:  COLUMBIA MO
                                          MONTH:    MARCH
                                          YEAR:     2011
                                          LATITUDE:   38 49 N
                                          LONGITUDE:  92 13 W

[TEMPERATURE DATA]      [PRECIPITATION DATA]       SYMBOLS USED IN COLUMN 16

AVERAGE MONTHLY: 44.5   TOTAL FOR MONTH:   4.31    1 = FOG OR MIST
DPTR FM NORMAL:   0.5   DPTR FM NORMAL:    1.10    2 = FOG REDUCING VISIBILITY
HIGHEST:    80 ON 21    GRTST 24HR  1.11 ON 14-14      TO 1/4 MILE OR LESS
LOWEST:     26 ON 27, 1                            3 = THUNDER
                        SNOW, ICE PELLETS, HAIL    4 = ICE PELLETS
                        TOTAL MONTH: 7.8  INCHES   5 = HAIL
                        GRTST 24HR   6.0 ON 14-14  6 = FREEZING RAIN OR DRIZZLE
                        GRTST DEPTH:   5 ON 14     7 = DUSTSTORM OR SANDSTORM:
                                                       VSBY 1/2 MILE OR LESS
                                                   8 = SMOKE OR HAZE
[NO. OF DAYS WITH]      [WEATHER - DAYS WITH]      9 = BLOWING SNOW
                                                   X = TORNADO
MAX 32 OR BELOW:   0    0.01 INCH OR MORE:  13
MAX 90 OR ABOVE:   0    0.10 INCH OR MORE:   7
MIN 32 OR BELOW:  14    0.50 INCH OR MORE:   3
MIN  0 OR BELOW:   0    1.00 INCH OR MORE:   1

[HDD (BASE 65) ]
TOTAL THIS MO.   633    CLEAR  (SCALE 0-3)  10
DPTR FM NORMAL   -23    PTCLDY (SCALE 4-7)  10
TOTAL FM JUL 1  4713    CLOUDY (SCALE 8-10) 11
DPTR FM NORMAL    -3

[CDD (BASE 65) ]
TOTAL THIS MO.     4
DPTR FM NORMAL     1    [PRESSURE DATA]
TOTAL FM JAN 1     4    HIGHEST SLP 30.41 ON  2
DPTR FM NORMAL     1    LOWEST  SLP 29.48 ON 23

[REMARKS]
#FINAL-03-11#
