000
CXUS53 KLSX 011941
CF6COU
PRELIMINARY LOCAL CLIMATOLOGICAL DATA (WS FORM: F-6)
STATION: COLUMBIA ASOS
MONTH: JANUARY
YEAR: 2021
LATITUDE: 38 49 N
LONGITUDE: 92 13 W
TEMPERATURE IN F: :PCPN: SNOW: WIND :SUNSHINE: SKY :PK WND
================================================================================
1 2 3 4 5 6A 6B 7 8 9 10 11 12 13 14 15 16 17 18
12Z AVG MX 2MIN
DY MAX MIN AVG DEP HDD CDD WTR SNW DPTH SPD SPD DIR MIN PSBL S-S WX SPD DR
================================================================================
1 34 29 32 2 33 0 0.83 0.3 T 12.4 32 30 M M 10 16 53 50
2 33 27 30 0 35 0 0.09 0.9 T 4.9 10 280 M M 10 1 13 320
3 32 25 29 -1 36 0 0.00 0.0 1 6.4 13 200 M M 10 12 15 200
4 37 32 35 5 30 0 T T T 6.5 17 300 M M 9 12 23 310
5 49 28 39 9 26 0 0.00 0.0 0 6.0 10 110 M M 0 1 15 110
6 48 37 43 14 22 0 0.00 0.0 0 10.7 17 120 M M 3 26 120
7 37 31 34 5 31 0 0.00 0.0 0 10.4 16 30 M M 9 20 70
8 34 31 33 4 32 0 0.00 0.0 0 8.6 13 350 M M 10 18 18 350
9 31 27 29 0 36 0 0.00 0.0 0 5.9 10 310 M M 10 14 340
10 33 25 29 0 36 0 0.00 0.0 0 7.1 13 340 M M 8 18 330
11 41 28 35 6 30 0 0.00 0.0 0 7.1 14 210 M M 4 18 220
12 54 27 41 12 24 0 0.00 0.0 0 10.7 17 240 M M 0 24 240
13 53 30 42 13 23 0 0.00 0.0 0 10.6 18 210 M M 0 26 200
14 47 33 40 11 25 0 0.02 T 0 13.3 30 280 M M 7 1 41 330
15 35 31 33 4 32 0 0.18 2.3 0 16.1 24 260 M M 10 1 33 250
16 34 32 33 4 32 0 T T 2 11.3 20 290 M M 10 16 27 310
17 36 27 32 2 33 0 0.01 0.1 2 8.9 20 310 M M 9 18 27 320
18 39 25 32 2 33 0 0.00 0.0 1 6.0 10 30 M M 6 1 14 20
19 45 28 37 7 28 0 0.00 0.0 T 9.5 18 290 M M 7 12 27 290
20 49 20 35 5 30 0 0.00 0.0 0 9.9 23 210 M M 2 30 210
21 55 30 43 13 22 0 0.00 0.0 0 8.3 16 340 M M 0 22 340
22 35 21 28 -2 37 0 0.00 0.0 0 8.6 15 360 M M 1 19 350
23 41 18 30 0 35 0 0.01 0.0 0 9.7 16 130 M M 4 23 130
24 42 34 38 8 27 0 0.00 0.0 0 7.2 17 190 M M 10 1 23 180
25 39 34 37 7 28 0 0.87 0.0 0 12.3 24 90 M M 10 18 32 80
26 35 27 31 1 34 0 T 0.0 0 9.6 16 310 M M 10 18 21 320
27 30 20 25 -5 40 0 0.20 1.6 0 8.0 13 20 M M 9 1 18 70
28 35 12 24 -6 41 0 0.00 0.0 1 5.9 15 160 M M 2 1 20 160
29 46 25 36 5 29 0 0.00 0.0 T 10.3 15 140 M M 0 22 140
30 46 38 42 11 23 0 1.03 0.0 0 12.7 24 310 M M 9 13 32 310
31 38 33 36 5 29 0 T T 0 18.6 28 300 M M 10 1 39 300
================================================================================
SM 1243 865 952 0 3.24 5.2 293.5 M 199
================================================================================
AV 40.1 27.9 9.5 FASTST M M 6 MAX(MPH)
MISC ----> 32 30 53 50
================================================================================
NOTES:
# LAST OF SEVERAL OCCURRENCES
COLUMN 17 PEAK WIND IN M.P.H.
PRELIMINARY LOCAL CLIMATOLOGICAL DATA (WS FORM: F-6) , PAGE 2
STATION: COLUMBIA ASOS
MONTH: JANUARY
YEAR: 2021
LATITUDE: 38 49 N
LONGITUDE: 92 13 W
[TEMPERATURE DATA] [PRECIPITATION DATA] SYMBOLS USED IN COLUMN 16
AVERAGE MONTHLY: 34.0 TOTAL FOR MONTH: 3.24 1 = FOG OR MIST
DPTR FM NORMAL: 4.3 DPTR FM NORMAL: 1.32 2 = FOG REDUCING VISIBILITY
HIGHEST: 55 ON 21 GRTST 24HR 1.03 ON 30 TO 1/4 MILE OR LESS
LOWEST: 12 ON 28 3 = THUNDER
SNOW, ICE PELLETS, HAIL 4 = ICE PELLETS
TOTAL MONTH: 5.2 INCHES 5 = HAIL
GRTST 24HR 2.3 ON 15 6 = FREEZING RAIN OR DRIZZLE
GRTST DEPTH: 2 ON 16,17 7 = DUSTSTORM OR SANDSTORM:
VSBY 1/2 MILE OR LESS
8 = SMOKE OR HAZE
[NO. OF DAYS WITH] [WEATHER - DAYS WITH] 9 = BLOWING SNOW
X = TORNADO
MAX 32 OR BELOW: 3 0.01 INCH OR MORE: 9
MAX 90 OR ABOVE: 0 0.10 INCH OR MORE: 5
MIN 32 OR BELOW: 25 0.50 INCH OR MORE: 3
MIN 0 OR BELOW: 0 1.00 INCH OR MORE: 1
[HDD (BASE 65) ]
TOTAL THIS MO. 952 CLEAR (SCALE 0-3) 9
DPTR FM NORMAL -142 PTCLDY (SCALE 4-7) 5
TOTAL FM JUL 1 2653 CLOUDY (SCALE 8-10) 17
DPTR FM NORMAL -438
[CDD (BASE 65) ]
TOTAL THIS MO. 0
DPTR FM NORMAL 0 [PRESSURE DATA]
TOTAL FM JAN 1 0 HIGHEST SLP 30.72 ON 28
DPTR FM NORMAL 0 LOWEST SLP 29.44 ON 15
[REMARKS]
#FINAL-01-21#