000
CXUS53 KLSX 012217 CCA
CF6COU

PRELIMINARY LOCAL CLIMATOLOGICAL DATA (WS FORM: F-6)

                                          STATION:   COLUMBIA ASOS
                                          MONTH:     NOVEMBER
                                          YEAR:      2015
                                          LATITUDE:   38 49 N
                                          LONGITUDE:  92 13 W

  TEMPERATURE IN F:       :PCPN:    SNOW:  WIND      :SUNSHINE: SKY     :PK WND
================================================================================
1   2   3   4   5  6A  6B    7    8   9   10  11  12  13   14  15   16   17  18
                                     12Z  AVG MX 2MIN
DY MAX MIN AVG DEP HDD CDD  WTR  SNW DPTH SPD SPD DIR MIN PSBL S-S WX    SPD DR
================================================================================

 1  71  38  55   4  10   0 0.00  0.0    0  6.8 10 160   M    M   3 12     13 220
 2  72  45  59   8   6   0 0.00  0.0    0  5.4 13 170   M    M   0        16 170
 3  74  45  60  10   5   0 0.00  0.0    0  8.0 15 150   M    M   1 12     20 160
 4  66  54  60  10   5   0 0.00  0.0    0  9.4 16 190   M    M   6 18     20 190
 5  67  56  62  13   3   0 0.45  0.0    0 12.3 28 310   M    M   7 1      37 310
 6  62  39  51   2  14   0 0.00  0.0    0  7.6 21 300   M    M   0        27 300
 7  60  40  50   1  15   0 0.00  0.0    0  6.6 15 350   M    M   1        19 350
 8  58  35  47  -1  18   0 0.00  0.0    0  5.2 12 140   M    M   0        13 120
 9  59  34  47  -1  18   0 0.00  0.0    0  5.1  9 170   M    M   0 8      12 180
10  69  35  52   5  13   0 0.00  0.0    0  9.2 16 150   M    M   0        20 160
11  72  46  59  12   6   0    T  0.0    0 20.0 41 240   M    M   5        54 230
12  59  43  51   5  14   0 0.00  0.0    0 18.1 33 260   M    M   3 8      44 260
13  59  34  47   1  18   0 0.00  0.0    0  7.5 17 270   M    M   0        21 260
14  69  37  53   8  12   0 0.00  0.0    0 10.3 23 230   M    M   0        31 220
15  63  41  52   7  13   0 0.00  0.0    0 12.3 20 170   M    M   3        24 160
16  56  47  52   8  13   0 0.85  0.0    0 13.6 24 170   M    M  10 1      29 190
17  64  55  60  16   5   0 4.23  0.0    0 13.2 25 180   M    M  10 1      33 220
18  58  42  50   7  15   0 0.00  0.0    0 15.7 33 210   M    M   4        42 200
19  51  37  44   1  21   0    T  0.0    0 10.5 26 330   M    M   3        32 330
20  51  31  41  -1  24   0 0.08  0.0    0  8.8 17 130   M    M   6        23 120
21  43  24  34  -8  31   0 0.31    T    0 13.8 33 330   M    M   5 1      43 320
22  46  20  33  -8  32   0 0.00  0.0    0  9.2 18 230   M    M   2        24 230
23  60  32  46   5  19   0 0.00  0.0    0  7.4 14 260   M    M   0        17 250
24  65  38  52  12  13   0 0.00  0.0    0 10.6 21 160   M    M   0        32 160
25  62  48  55  15  10   0 0.00  0.0    0 17.4 24 160   M    M   9        32 150
26  71  46  59  20   6   0 0.29  0.0    0 17.2 29 180   M    M   8 1      39 210
27  46  36  41   2  24   0 1.79  0.0    0 13.5 25 340   M    M  10 1      28 350
28  37  34  36  -2  29   0 0.01  0.0    0 10.6 20  30   M    M  10 1      25  30
29  39  36  38   0  27   0 0.23  0.0    0  8.6 15  70   M    M  10 1      19  80
30  46  37  42   5  23   0 0.19  0.0    0  8.3 22 260   M    M  10 1      28 270
================================================================================
SM 1775 1185       462   0  8.43    T    322.2          M      126
================================================================================
AV 59.2 39.5                              10.7 FASTST   M    M   4    MAX(MPH)
                                 MISC ---->  # 41 240               # 54  230
================================================================================
NOTES:
# LAST OF SEVERAL OCCURRENCES

COLUMN 17 PEAK WIND IN M.P.H.

PRELIMINARY LOCAL CLIMATOLOGICAL DATA (WS FORM: F-6) , PAGE 2

                                          STATION:  COLUMBIA ASOS
                                          MONTH:    NOVEMBER
                                          YEAR:     2015
                                          LATITUDE:   38 49 N
                                          LONGITUDE:  92 13 W

[TEMPERATURE DATA]      [PRECIPITATION DATA]       SYMBOLS USED IN COLUMN 16

AVERAGE MONTHLY: 49.3   TOTAL FOR MONTH:   8.43    1 = FOG OR MIST
DPTR FM NORMAL:   4.9   DPTR FM NORMAL:    5.18    2 = FOG REDUCING VISIBILITY
HIGHEST:    74 ON  3    GRTST 24HR  4.37 ON 16-17      TO 1/4 MILE OR LESS
LOWEST:     20 ON 22                               3 = THUNDER
                        SNOW, ICE PELLETS, HAIL    4 = ICE PELLETS
                        TOTAL MONTH:   T           5 = HAIL
                        GRTST 24HR     T  ON 21    6 = FREEZING RAIN OR DRIZZLE
                        GRTST DEPTH:   0           7 = DUSTSTORM OR SANDSTORM:
                                                       VSBY 1/2 MILE OR LESS
                                                   8 = SMOKE OR HAZE
[NO. OF DAYS WITH]      [WEATHER - DAYS WITH]      9 = BLOWING SNOW
                                                   X = TORNADO
MAX 32 OR BELOW:   0    0.01 INCH OR MORE:  10
MAX 90 OR ABOVE:   0    0.10 INCH OR MORE:   8
MIN 32 OR BELOW:   4    0.50 INCH OR MORE:   3
MIN  0 OR BELOW:   0    1.00 INCH OR MORE:   2

[HDD (BASE 65) ]
TOTAL THIS MO.   462    CLEAR  (SCALE 0-3)  16
DPTR FM NORMAL  -158    PTCLDY (SCALE 4-7)   6
TOTAL FM JUL 1   696    CLOUDY (SCALE 8-10)  8
DPTR FM NORMAL  -289

[CDD (BASE 65) ]
TOTAL THIS MO.     0
DPTR FM NORMAL    -2    [PRESSURE DATA]
TOTAL FM JAN 1  1387    HIGHEST SLP 30.45 ON  8
DPTR FM NORMAL   138    LOWEST  SLP 29.37 ON 11

[REMARKS]
#FINAL-11-15#
