000
CXUS53 KLSX 021857
CF6COU

PRELIMINARY LOCAL CLIMATOLOGICAL DATA (WS FORM: F-6)

                                          STATION:   COLUMBIA ASOS
                                          MONTH:     FEBRUARY
                                          YEAR:      2016
                                          LATITUDE:   38 49 N
                                          LONGITUDE:  92 13 W

  TEMPERATURE IN F:       :PCPN:    SNOW:  WIND      :SUNSHINE: SKY     :PK WND
================================================================================
1   2   3   4   5  6A  6B    7    8   9   10  11  12  13   14  15   16   17  18
                                     12Z  AVG MX 2MIN
DY MAX MIN AVG DEP HDD CDD  WTR  SNW DPTH SPD SPD DIR MIN PSBL S-S WX    SPD DR
================================================================================

 1  53  37  45  14  20   0 0.00  0.0    0  7.3 18 100   M    M   4        23 100
 2  65  38  52  21  13   0 0.02  0.0    0 17.0 29 220   M    M   5 1      37 110
 3  39  28  34   3  31   0 0.00  0.0    0 17.5 30 240   M    M  10        38 260
 4  43  19  31  -1  34   0 0.00  0.0    0  8.2 20 250   M    M   1        24 220
 5  42  22  32   0  33   0 0.00  0.0    0  3.7 10 350   M    M   2        13 310
 6  55  29  42  10  23   0 0.00  0.0    0  8.7 20 230   M    M   2        25 250
 7  53  36  45  13  20   0 0.00  0.0    0 14.9 26 290   M    M   3 1      35 290
 8  36  23  30  -2  35   0 0.01    T    0 21.3 38 310   M    M  10 1      49 310
 9  28  17  23 -10  42   0    T    T    0 18.0 29 330   M    M   8        33 330
10  27  14  21 -12  44   0 0.06  0.8    0  7.6 16 320   M    M   5 1      21 330
11  35  20  28  -5  37   0 0.04  0.3    1  8.5 14  50   M    M   8 1      18  60
12  35  17  26  -7  39   0    T    T    T 12.8 23 330   M    M   5 1      28 330
13  22  12  17 -17  48   0 0.00  0.0    0  9.6 17 360   M    M   9        21 360
14  33  20  27  -7  38   0 0.15  1.0    0 11.7 22 130   M    M  10 16     27 120
15  43  29  36   2  29   0 0.01  0.0    T  5.0 13 150   M    M   8 12     14 150
16  42  31  37   2  28   0 0.42  0.0    0  9.2 17 310   M    M   9 1      21 310
17  50  29  40   5  25   0 0.00  0.0    0  6.1 13 110   M    M   3 1      17 120
18  68  37  53  18  12   0 0.00  0.0    0 17.3 29 170   M    M   0        36 170
19  70  49  60  24   5   0 0.00  0.0    0 15.0 32 270   M    M   0        44 280
20  76  41  59  23   6   0 0.03  0.0    0  7.1 18  30   M    M   4        24  20
21  56  35  46  10  19   0 0.00  0.0    0  9.7 22  30   M    M   2        26  40
22  51  30  41   4  24   0 0.00  0.0    0  6.9 13  30   M    M   1 1      15  30
23  46  33  40   3  25   0    T  0.0    0 11.9 22  20   M    M   4        27 360
24  41  37  39   2  26   0 0.01    T    0 19.5 30 360   M    M   8 1      37  10
25  44  30  37  -1  28   0    T    T    0 12.8 25 320   M    M   7        30 320
26  46  31  39   1  26   0 0.00  0.0    0  8.1 18 330   M    M   5        23 330
27  68  27  48  10  17   0 0.00  0.0    0 11.1 23 220   M    M   0        29 230
28  70  42  56  17   9   0    T  0.0    0 19.7 36 230   M    M   2        45 220
29  68  30  49  10  16   0 0.00  0.0    0  9.4 20 200   M    M   0        25 230
================================================================================
SM 1405  843       752   0  0.75     2.1 335.6          M      135
================================================================================
AV 48.4 29.1                              11.6 FASTST   M    M   5    MAX(MPH)
                                 MISC ---->  # 38 310               # 49  310
================================================================================
NOTES:
# LAST OF SEVERAL OCCURRENCES

COLUMN 17 PEAK WIND IN M.P.H.

PRELIMINARY LOCAL CLIMATOLOGICAL DATA (WS FORM: F-6) , PAGE 2

                                          STATION:  COLUMBIA ASOS
                                          MONTH:    FEBRUARY
                                          YEAR:     2016
                                          LATITUDE:   38 49 N
                                          LONGITUDE:  92 13 W

[TEMPERATURE DATA]      [PRECIPITATION DATA]       SYMBOLS USED IN COLUMN 16

AVERAGE MONTHLY: 38.8   TOTAL FOR MONTH:   0.75    1 = FOG OR MIST
DPTR FM NORMAL:   4.4   DPTR FM NORMAL:   -1.50    2 = FOG REDUCING VISIBILITY
HIGHEST:    76 ON 20    GRTST 24HR  0.43 ON 15-16      TO 1/4 MILE OR LESS
LOWEST:     12 ON 13                               3 = THUNDER
                        SNOW, ICE PELLETS, HAIL    4 = ICE PELLETS
                        TOTAL MONTH: 2.1 INCHES    5 = HAIL
                        GRTST 24HR   1.0 ON 14-14  6 = FREEZING RAIN OR DRIZZLE
                        GRTST DEPTH:   1 ON 11     7 = DUSTSTORM OR SANDSTORM:
                                                       VSBY 1/2 MILE OR LESS
                                                   8 = SMOKE OR HAZE
[NO. OF DAYS WITH]      [WEATHER - DAYS WITH]      9 = BLOWING SNOW
                                                   X = TORNADO
MAX 32 OR BELOW:   3    0.01 INCH OR MORE:   9
MAX 90 OR ABOVE:   0    0.10 INCH OR MORE:   2
MIN 32 OR BELOW:  19    0.50 INCH OR MORE:   0
MIN  0 OR BELOW:   0    1.00 INCH OR MORE:   0

[HDD (BASE 65) ]
TOTAL THIS MO.   752    CLEAR  (SCALE 0-3)  12
DPTR FM NORMAL  -105    PTCLDY (SCALE 4-7)   8
TOTAL FM JUL 1  3177    CLOUDY (SCALE 8-10)  9
DPTR FM NORMAL  -795

[CDD (BASE 65) ]
TOTAL THIS MO.     0
DPTR FM NORMAL     0    [PRESSURE DATA]
TOTAL FM JAN 1     0    HIGHEST SLP 30.69 ON 13
DPTR FM NORMAL     0    LOWEST  SLP 29.40 ON  2

[REMARKS]
#FINAL-02-16#
