000
CXUS53 KLSX 011757 CCB
CF6COU

PRELIMINARY LOCAL CLIMATOLOGICAL DATA (WS FORM: F-6)

                                          STATION:   COLUMBIA ASOS
                                          MONTH:     JANUARY
                                          YEAR:      2017
                                          LATITUDE:   38 49 N
                                          LONGITUDE:  92 13 W

  TEMPERATURE IN F:       :PCPN:    SNOW:  WIND      :SUNSHINE: SKY     :PK WND
================================================================================
1   2   3   4   5  6A  6B    7    8   9   10  11  12  13   14  15   16   17  18
                                     12Z  AVG MX 2MIN
DY MAX MIN AVG DEP HDD CDD  WTR  SNW DPTH SPD SPD DIR MIN PSBL S-S WX    SPD DR
================================================================================

 1  48  21  35   5  30   0 0.00  0.0    0  8.0 15 110   M    M   3        21 120
 2  46  39  43  13  22   0 0.05  0.0    0  6.8 16 100   M    M  10 12     20 100
 3  46  20  33   3  32   0 0.03  0.0    0 14.8 24 310   M    M   8 12     30 310
 4  24  13  19 -11  46   0    T    T    0  8.9 16 320   M    M   2 1      21 310
 5  19   9  14 -16  51   0 0.06  1.0    1 10.0 17 320   M    M   9 18     22 320
 6  13   1   7 -22  58   0    T    T    1  6.9 16 320   M    M   0        22 320
 7  30   0  15 -14  50   0 0.00  0.0    T  6.8 13 220   M    M   0        16 240
 8  29   8  19 -10  46   0 0.00  0.0    T 10.8 20 150   M    M   3        25 160
 9  47  21  34   5  31   0 0.00  0.0    0 15.3 26 180   M    M   4        37 180
10  65  30  48  19  17   0 0.01  0.0    0 18.1 40 240   M    M   3        53 240
11  71  31  51  22  14   0 0.00  0.0    0 14.0 33 200   M    M   2        44 180
12  36  24  30   1  35   0 0.00  0.0    0 10.7 18 330   M    M   6 18     22 330
13  29  22  26  -3  39   0 0.03  0.0    0  9.9 20  60   M    M   7 16     22  60
14  32  28  30   1  35   0    T  0.0    T  4.5  9 330   M    M  10 1      11 330
15  35  30  33   4  32   0 0.08  0.0    T  7.9 14 120   M    M  10 16     17 100
16  56  35  46  17  19   0 0.32  0.0    0 12.6 24 270   M    M  10 13     32 270
17  42  37  40  10  25   0    T  0.0    0 10.4 20 260   M    M  10 1      24 250
18  50  36  43  13  22   0    T  0.0    0  5.6 12 180   M    M   7        14 190
19  48  43  46  16  19   0 0.26  0.0    0  5.6 10 160   M    M  10 128    14 130
20  53  43  48  18  17   0 0.02  0.0    0  7.0 16 170   M    M   7 12     19 150
21  63  44  54  24  11   0 0.02  0.0    0 10.8 24 210   M    M   3        29 210
22  50  39  45  15  20   0 0.09  0.0    0 14.1 25  10   M    M  10 1      29 360
23  41  34  38   8  27   0 0.00  0.0    0  8.1 16 310   M    M  10        20 300
24  53  32  43  13  22   0 0.00  0.0    0 11.9 21 120   M    M   4 18     27 120
25  51  32  42  12  23   0 0.00  0.0    0 17.6 28 250   M    M   8        39 300
26  32  27  30   0  35   0 0.00  0.0    0 13.3 23 280   M    M  10        29 290
27  39  23  31   1  34   0 0.00  0.0    0 11.0 23 310   M    M   4        27 320
28  45  28  37   7  28   0 0.02    T    0 13.2 22 280   M    M   6        29 300
29  46  32  39   8  26   0 0.02  0.1    0 12.2 21 280   M    M   7 1      28 270
30  61  26  44  13  21   0 0.00  0.0    0 10.7 24 230   M    M   1        32 220
31  50  40  45  14  20   0 0.00  0.0    0  8.5 16 290   M    M   1        20 290
================================================================================
SM 1350  848       907   0  1.01     1.1 326.0          M      185
================================================================================
AV 43.5 27.4                              10.5 FASTST   M    M   6    MAX(MPH)
                                 MISC ---->  # 40 240               # 53  240
================================================================================
NOTES:
# LAST OF SEVERAL OCCURRENCES

COLUMN 17 PEAK WIND IN M.P.H.

PRELIMINARY LOCAL CLIMATOLOGICAL DATA (WS FORM: F-6) , PAGE 2

                                          STATION:  COLUMBIA ASOS
                                          MONTH:    JANUARY
                                          YEAR:     2017
                                          LATITUDE:   38 49 N
                                          LONGITUDE:  92 13 W

[TEMPERATURE DATA]      [PRECIPITATION DATA]       SYMBOLS USED IN COLUMN 16

AVERAGE MONTHLY: 35.5   TOTAL FOR MONTH:   1.01    1 = FOG OR MIST
DPTR FM NORMAL:   5.8   DPTR FM NORMAL:   -0.91    2 = FOG REDUCING VISIBILITY
HIGHEST:    71 ON 11    GRTST 24HR  0.32 ON 16         TO 1/4 MILE OR LESS
LOWEST:      0 ON  7                               3 = THUNDER
                        SNOW, ICE PELLETS, HAIL    4 = ICE PELLETS
                        TOTAL MONTH:   1.1 INCHES  5 = HAIL
                        GRTST 24HR   1.0 ON  5     6 = FREEZING RAIN OR DRIZZLE
                        GRTST DEPTH:   1 ON  6, 5  7 = DUSTSTORM OR SANDSTORM:
                                                       VSBY 1/2 MILE OR LESS
                                                   8 = SMOKE OR HAZE
[NO. OF DAYS WITH]      [WEATHER - DAYS WITH]      9 = BLOWING SNOW
                                                   X = TORNADO
MAX 32 OR BELOW:   8    0.01 INCH OR MORE:  13
MAX 90 OR ABOVE:   0    0.10 INCH OR MORE:   2
MIN 32 OR BELOW:  21    0.50 INCH OR MORE:   0
MIN  0 OR BELOW:   1    1.00 INCH OR MORE:   0

[HDD (BASE 65) ]
TOTAL THIS MO.   907    CLEAR  (SCALE 0-3)  10
DPTR FM NORMAL  -187    PTCLDY (SCALE 4-7)   9
TOTAL FM JUL 1  2507    CLOUDY (SCALE 8-10) 12
DPTR FM NORMAL  -582

[CDD (BASE 65) ]
TOTAL THIS MO.     0
DPTR FM NORMAL     0    [PRESSURE DATA]
TOTAL FM JAN 1     0    HIGHEST SLP 30.76 ON  8
DPTR FM NORMAL     0    LOWEST  SLP 29.45 ON 10

[REMARKS]
#FINAL-01-17#
