988
CXUS53 KLSX 021446
CF6COU
PRELIMINARY LOCAL CLIMATOLOGICAL DATA (WS FORM: F-6)
STATION: COLUMBIA ASOS
MONTH: DECEMBER
YEAR: 2020
LATITUDE: 38 49 N
LONGITUDE: 92 13 W
TEMPERATURE IN F: :PCPN: SNOW: WIND :SUNSHINE: SKY :PK WND
================================================================================
1 2 3 4 5 6A 6B 7 8 9 10 11 12 13 14 15 16 17 18
12Z AVG MX 2MIN
DY MAX MIN AVG DEP HDD CDD WTR SNW DPTH SPD SPD DIR MIN PSBL S-S WX SPD DR
================================================================================
1 47 18 33 -4 32 0 0.00 0.0 0 4.4 10 100 M M 0 12 100
2 51 23 37 0 28 0 0.00 0.0 0 7.0 13 140 M M 0 19 100
3 44 36 40 4 25 0 T 0.0 0 3.7 12 170 M M 10 15 160
4 53 30 42 6 23 0 0.00 0.0 0 8.6 18 270 M M 2 1 24 260
5 57 30 44 9 21 0 0.00 0.0 0 4.6 10 320 M M 0 14 310
6 50 30 40 5 25 0 0.00 0.0 0 5.9 13 350 M M 3 18 330
7 42 28 35 0 30 0 0.00 0.0 0 5.2 12 320 M M 6 1 14 310
8 46 23 35 1 30 0 0.00 0.0 0 4.7 10 230 M M 1 128 13 220
9 66 36 51 17 14 0 0.00 0.0 0 6.3 12 250 M M 0 16 230
10 69 39 54 20 11 0 0.00 0.0 0 6.4 10 180 M M 0 15 200
11 55 45 50 17 15 0 0.48 0.0 0 9.3 17 240 M M 7 1 21 230
12 44 35 40 7 25 0 T T 0 12.4 21 240 M M 10 1 28 250
13 37 28 33 0 32 0 0.00 0.0 0 8.2 20 320 M M 10 26 310
14 37 22 30 -2 35 0 0.00 0.0 0 7.6 16 340 M M 2 1 19 330
15 34 22 28 -4 37 0 0.00 0.0 0 8.5 17 60 M M 4 22 40
16 35 23 29 -3 36 0 0.00 0.0 0 6.9 14 320 M M 6 20 300
17 41 20 31 -1 34 0 0.00 0.0 0 6.5 13 200 M M 4 1 17 190
18 50 27 39 8 26 0 0.00 0.0 0 11.6 20 160 M M 1 26 160
19 48 26 37 6 28 0 0.00 0.0 0 8.3 17 190 M M 6 18 26 200
20 51 24 38 7 27 0 0.00 0.0 0 8.3 15 250 M M 2 128 20 260
21 58 39 49 18 16 0 0.00 0.0 0 13.3 26 280 M M 1 35 280
22 61 31 46 15 19 0 0.00 0.0 0 12.6 24 160 M M 0 33 160
23 60 24 42 11 23 0 T T 0 21.2 32 270 M M 6 45 260
24 25 12 19 -11 46 0 T T 0 16.4 26 290 M M 2 41 280
25 31 8 20 -10 45 0 0.00 0.0 0 9.7 17 310 M M 0 23 310
26 53 21 37 7 28 0 0.00 0.0 0 5.8 12 110 M M 0 15 100
27 60 37 49 19 16 0 0.00 0.0 0 13.9 26 300 M M 2 36 230
28 39 27 33 3 32 0 0.00 0.0 0 8.0 20 310 M M 6 30 330
29 45 28 37 7 28 0 0.23 T 0 14.4 24 170 M M 10 1 33 160
30 47 25 36 6 29 0 0.19 T 0 9.5 23 290 M M 6 1 32 270
31 34 18 26 -4 39 0 T T 0 8.0 16 70 M M 1 22 70
================================================================================
SM 1470 835 855 0 0.90 T 277.2 M 108
================================================================================
AV 47.4 26.9 8.9 FASTST M M 3 MAX(MPH)
MISC ----> 32 270 45 260
================================================================================
NOTES:
# LAST OF SEVERAL OCCURRENCES
COLUMN 17 PEAK WIND IN M.P.H.
PRELIMINARY LOCAL CLIMATOLOGICAL DATA (WS FORM: F-6) , PAGE 2
STATION: COLUMBIA ASOS
MONTH: DECEMBER
YEAR: 2020
LATITUDE: 38 49 N
LONGITUDE: 92 13 W
[TEMPERATURE DATA] [PRECIPITATION DATA] SYMBOLS USED IN COLUMN 16
AVERAGE MONTHLY: 37.2 TOTAL FOR MONTH: 0.90 1 = FOG OR MIST
DPTR FM NORMAL: 4.8 DPTR FM NORMAL: -1.54 2 = FOG REDUCING VISIBILITY
HIGHEST: 69 ON 10 GRTST 24HR 0.48 ON 11 TO 1/4 MILE OR LESS
LOWEST: 8 ON 25 3 = THUNDER
SNOW, ICE PELLETS, HAIL 4 = ICE PELLETS
TOTAL MONTH: T 5 = HAIL
GRTST 24HR T ON 12 6 = FREEZING RAIN OR DRIZZLE
GRTST DEPTH: 0 7 = DUSTSTORM OR SANDSTORM:
VSBY 1/2 MILE OR LESS
8 = SMOKE OR HAZE
[NO. OF DAYS WITH] [WEATHER - DAYS WITH] 9 = BLOWING SNOW
X = TORNADO
MAX 32 OR BELOW: 2 0.01 INCH OR MORE: 3
MAX 90 OR ABOVE: 0 0.10 INCH OR MORE: 3
MIN 32 OR BELOW: 24 0.50 INCH OR MORE: 0
MIN 0 OR BELOW: 0 1.00 INCH OR MORE: 0
[HDD (BASE 65) ]
TOTAL THIS MO. 855 CLEAR (SCALE 0-3) 18
DPTR FM NORMAL -155 PTCLDY (SCALE 4-7) 9
TOTAL FM JUL 1 1701 CLOUDY (SCALE 8-10) 4
DPTR FM NORMAL -293
[CDD (BASE 65) ]
TOTAL THIS MO. 0
DPTR FM NORMAL 0 [PRESSURE DATA]
TOTAL FM JAN 1 1409 HIGHEST SLP 30.51 ON 29
DPTR FM NORMAL 160 LOWEST SLP 29.57 ON 23
[REMARKS]
#FINAL-12-20#