000
CXUS53 KLSX 222055
CF6COU
PRELIMINARY LOCAL CLIMATOLOGICAL DATA (WS FORM: F-6)

                                          STATION:   COLUMBIA MO
                                          MONTH:     JANUARY
                                          YEAR:      2011
                                          LATITUDE:   38 49 N
                                          LONGITUDE:  92 13 W

  TEMPERATURE IN F:       :PCPN:    SNOW:  WIND      :SUNSHINE: SKY     :PK WND
================================================================================
1   2   3   4   5  6A  6B    7    8   9   10  11  12  13   14  15   16   17  18
                                     12Z  AVG MX 2MIN
DY MAX MIN AVG DEP HDD CDD  WTR  SNW DPTH SPD SPD DIR MIN PSBL S-S WX    SPD DR
================================================================================

 1  28  17  23  -5  42   0 0.00  0.0    0 12.7 23 250   M    M   1        30 260
 2  35  12  24  -4  41   0 0.00  0.0    0  8.2 17 210   M    M   0        22 190
 3  47  21  34   6  31   0 0.00  0.0    0  6.7 21 270   M    M   0 18     31 320
 4  35  21  28   0  37   0 0.00  0.0    0  6.5 13 320   M    M   0        17 290
 5  46  23  35   7  30   0 0.00  0.0    0  6.2 13 320   M    M   2        17 320
 6  42  25  34   6  31   0 0.00  0.0    0  8.1 18 350   M    M   3        23 290
 7  37  24  31   4  34   0    T    T    0 14.2 30 300   M    M  10 1      46 320
 8  24  13  19  -8  46   0    T    T    0 11.3 25 340   M    M   3        31 340
 9  27  16  22  -5  43   0 0.00  0.0    0 10.5 16 110   M    M   9        21 110
10  27  24  26  -1  39   0 0.29  3.8    0  6.8 24 200   M    M  10 18     41 200
11  25   8  17 -10  48   0 0.05  0.8    5 16.7 28 280   M    M  10 18     33 280
12  14   2   8 -19  57   0    T    T    3  9.9 21 290   M    M   5 18     25 300
13  27  -3  12 -15  53   0 0.00  0.0    2  6.9 14 170   M    M   3 1      20 200
14  34  17  26  -1  39   0 0.00  0.0    2  5.6 15 340   M    M   2        29 330
15  35  19  27   0  38   0 0.00  0.0    1  8.8 15 330   M    M   3 8      26 180
16  27  16  22  -5  43   0 0.00  0.0    1  6.0 13  10   M    M   8        16 130
17  42  24  33   6  32   0 0.02  0.0    T  9.8 17 160   M    M   9 18     26 250
18  40  21  31   4  34   0    T    T    0 11.9 18 330   M    M  10 18     23 330
19  24  18  21  -7  44   0 0.35  6.0    0  7.2  M 999   M    M   8 1       M 999
20  24  10  17 -11  48   0 0.20  2.7    8  9.3 14 290   M    M   6 18     18 300
21  19   2  11 -17  54   0 0.03  0.6    7  5.7 12 110   M    M   7 18     15 110
22  29  18  24  -4  41   0 0.00  0.0    8  5.0 12  80   M    M   8 18     13  70
23  26  21  24  -4  41   0    T    T    6 10.2 21  70   M    M  10 1      25  80
24  30  16  23  -5  42   0 0.00  0.0    6  7.2 13 230   M    M   6 18     14 230
25  35  13  24  -4  41   0 0.00  0.0    5  4.4 12 320   M    M   3 128    13 330
26  34  13  24  -4  41   0 0.00  0.0    4  3.9  M 999   M    M   3 128     M 999
27  40  16  28  -1  37   0 0.00  0.0    3  8.3 20 260   M    M   5 128    24 270
28  44  18  31   2  34   0 0.00  0.0    3  6.0 12 190   M    M   1 12     14 290
29  44  28  36   7  29   0 0.00  0.0    2  7.9 16  30   M    M   0        21  60
30  32  26  29   0  36   0 0.00  0.0    1 10.9 16  20   M    M   8 1      20  90
31  30  25  28  -1  37   0 0.09  0.0    T 10.4 21  90   M    M  10 16     25  80
================================================================================
SM 1003  524      1243   0  1.03    13.9 263.2          M      163
================================================================================
AV 32.4 16.9                               8.5 FASTST   M    M   5    MAX(MPH)
                                 MISC ---->  #9999999               #99999999
================================================================================
NOTES:
# LAST OF SEVERAL OCCURRENCES

COLUMN 17 PEAK WIND IN M.P.H.

PRELIMINARY LOCAL CLIMATOLOGICAL DATA (WS FORM: F-6) , PAGE 2

                                          STATION:  COLUMBIA MO
                                          MONTH:    JANUARY
                                          YEAR:     2011
                                          LATITUDE:   38 49 N
                                          LONGITUDE:  92 13 W

[TEMPERATURE DATA]      [PRECIPITATION DATA]       SYMBOLS USED IN COLUMN 16

AVERAGE MONTHLY: 24.6   TOTAL FOR MONTH:   1.03    1 = FOG OR MIST
DPTR FM NORMAL:  -3.2   DPTR FM NORMAL:   -0.70    2 = FOG REDUCING VISIBILITY
HIGHEST:    47 ON  3    GRTST 24HR  1.29 ON 31- 1      TO 1/4 MILE OR LESS
LOWEST:     -3 ON 13                               3 = THUNDER
                        SNOW, ICE PELLETS, HAIL    4 = ICE PELLETS
                        TOTAL MONTH:  13.9 INCHES  5 = HAIL
                        GRTST 24HR   6.0 ON 19-19  6 = FREEZING RAIN OR DRIZZLE
                        GRTST DEPTH:   8 ON 22,20  7 = DUSTSTORM OR SANDSTORM:
                                                       VSBY 1/2 MILE OR LESS
                                                   8 = SMOKE OR HAZE
[NO. OF DAYS WITH]      [WEATHER - DAYS WITH]      9 = BLOWING SNOW
                                                   X = TORNADO
MAX 32 OR BELOW:  16    0.01 INCH OR MORE:   7
MAX 90 OR ABOVE:   0    0.10 INCH OR MORE:   3
MIN 32 OR BELOW:  31    0.50 INCH OR MORE:   0
MIN  0 OR BELOW:   1    1.00 INCH OR MORE:   0

[HDD (BASE 65) ]
TOTAL THIS MO.  1243    CLEAR  (SCALE 0-3)  12
DPTR FM NORMAL    90    PTCLDY (SCALE 4-7)  10
TOTAL FM JUL 1  3158    CLOUDY (SCALE 8-10)  9
DPTR FM NORMAL   -11

[CDD (BASE 65) ]
TOTAL THIS MO.     0
DPTR FM NORMAL     0    [PRESSURE DATA]
TOTAL FM JAN 1     0    HIGHEST SLP M ON M
DPTR FM NORMAL     0    LOWEST  SLP 29.53 ON  7

[REMARKS]
#FINAL-01-11#
