000
CXUS53 KLSX 111616
CF6COU
PRELIMINARY LOCAL CLIMATOLOGICAL DATA (WS FORM: F-6)

                                          STATION:   COLUMBIA MO
                                          MONTH:     DECEMBER
                                          YEAR:      2010
                                          LATITUDE:   38 49 N
                                          LONGITUDE:  92 13 W

  TEMPERATURE IN F:       :PCPN:    SNOW:  WIND      :SUNSHINE: SKY     :PK WND
================================================================================
1   2   3   4   5  6A  6B    7    8   9   10  11  12  13   14  15   16   17  18
                                     12Z  AVG MX 2MIN
DY MAX MIN AVG DEP HDD CDD  WTR  SNW DPTH SPD SPD DIR MIN PSBL S-S WX    SPD DR
================================================================================

 1  35  21  28  -9  37   0 0.00  0.0    0 10.1 21 270   M    M   2        26 280
 2  52  26  39   3  26   0 0.00  0.0    0  6.4 14 210   M    M   4        16 210
 3  43  24  34  -2  31   0 0.00  0.0    0  9.1 17 130   M    M   0 1      22 130
 4  37  25  31  -5  34   0 0.00  0.0    0 14.4 29 330   M    M   7 18     36 330
 5  29  19  24 -11  41   0 0.00  0.0    0 10.2 16 330   M    M   6        20 320
 6  31  15  23 -12  42   0 0.00  0.0    0  9.3 17 320   M    M   2 1      22 320
 7  30  13  22 -13  43   0 0.00  0.0    0  4.1  9 340   M    M   0 18     10 340
 8  35  14  25  -9  40   0 0.00  0.0    0  2.3  8 120   M    M   0 18     10 350
 9  46  22  34   0  31   0 0.00  0.0    0 11.6 23 170   M    M   1        29 170
10  54  28  41   7  24   0 0.00  0.0    0  6.3 13 130   M    M   1        15 170
11  46  16  31  -2  34   0 0.28  1.4    0 16.4 31 270   M    M  10 13     41 290
12  18   6  12 -21  53   0 0.03  1.0    2 22.1 32 320   M    M   6 19     41 320
13  19   0  10 -23  55   0 0.00  0.0    2  7.5 17 310   M    M   1        74 210
14  22   5  14 -18  51   0 0.00  0.0    2  7.0 14 110   M    M  10        18 120
15  29  21  25  -7  40   0    M  0.0    2 10.6 17 100   M    M   8 168    22 100
16  29  20  25  -7  40   0 0.00  0.0    1  9.9 18 310   M    M   9 18     25 290
17  31  14  23  -8  42   0 0.00  0.0    1  5.4 13 310   M    M   3 18     22 280
18  34  17  26  -5  39   0 0.00  0.0    1  4.8 12 220   M    M   7 18     26 150
19  41  28  35   4  30   0    T    T    1  5.3 12 130   M    M   6 8      23 110
20  47  30  39   8  26   0 0.00  0.0    0 10.8 22 150   M    M   4        29 150
21  46  28  37   7  28   0 0.00  0.0    0  6.5 16 330   M    M   7        20 330
22  29  20  25  -5  40   0 0.00  0.0    0  9.2 15 340   M    M   7        20 340
23  36  28  32   2  33   0 0.00  0.0    0  7.9 16 110   M    M   8        21 120
24  32  30  31   1  34   0 0.56  6.0    1   M   M   M   M    M  10 12      M  M
25  31  21  26  -3  39   0    T    T    6 13.6 26 330   M    M  10 18     28 330
26  25   9  17 -12  48   0    T    T    5  7.9 23 320   M    M   6 128    46 220
27  27   6  17 -12  48   0 0.00  0.0    4  4.6  9 170   M    M   5 12     12 110
28  35  20  28  -1  37   0 0.00  0.0    4  5.6 12 250   M    M   2        14 250
29  46  28  37   8  28   0 0.03  0.0    3 10.3 18 160   M    M   8 12     25 160
30  62  46  54  26  11   0 0.00  0.0    0 18.0 30 180   M    M   7 1      39 180
31  62  26  44  16  21   0 1.38  0.0    0 13.0 29 220   M    M   5 13     35 220
================================================================================
SM 1139  626      1126   0  2.28     8.4 280.2          M      162
================================================================================
AV 36.7 20.2                               9.3 FASTST   M    M   5    MAX(MPH)
                                 MISC ---->  # 32 320               # 74  210
================================================================================
NOTES:
# LAST OF SEVERAL OCCURRENCES

COLUMN 17 PEAK WIND IN M.P.H.

PRELIMINARY LOCAL CLIMATOLOGICAL DATA (WS FORM: F-6) , PAGE 2

                                          STATION:  COLUMBIA MO
                                          MONTH:    DECEMBER
                                          YEAR:     2010
                                          LATITUDE:   38 49 N
                                          LONGITUDE:  92 13 W

[TEMPERATURE DATA]      [PRECIPITATION DATA]       SYMBOLS USED IN COLUMN 16

AVERAGE MONTHLY: 28.5   TOTAL FOR MONTH:   2.28    1 = FOG OR MIST
DPTR FM NORMAL:  -3.5   DPTR FM NORMAL:   -0.19    2 = FOG REDUCING VISIBILITY
HIGHEST:    62 ON 31,30 GRTST 24HR  1.38 ON 30-31      TO 1/4 MILE OR LESS
LOWEST:      0 ON 13                               3 = THUNDER
                        SNOW, ICE PELLETS, HAIL    4 = ICE PELLETS
                        TOTAL MONTH:   8.4 INCHES  5 = HAIL
                        GRTST 24HR   6.0 ON 24-24  6 = FREEZING RAIN OR DRIZZLE
                        GRTST DEPTH:   6 ON 25     7 = DUSTSTORM OR SANDSTORM:
                                                       VSBY 1/2 MILE OR LESS
                                                   8 = SMOKE OR HAZE
[NO. OF DAYS WITH]      [WEATHER - DAYS WITH]      9 = BLOWING SNOW
                                                   X = TORNADO
MAX 32 OR BELOW:  14    0.01 INCH OR MORE:   5
MAX 90 OR ABOVE:   0    0.10 INCH OR MORE:   3
MIN 32 OR BELOW:  30    0.50 INCH OR MORE:   2
MIN  0 OR BELOW:   1    1.00 INCH OR MORE:   1

[HDD (BASE 65) ]
TOTAL THIS MO.  1126    CLEAR  (SCALE 0-3)  10
DPTR FM NORMAL   118    PTCLDY (SCALE 4-7)  15
TOTAL FM JUL 1  1915    CLOUDY (SCALE 8-10)  6
DPTR FM NORMAL  -101

[CDD (BASE 65) ]
TOTAL THIS MO.     0
DPTR FM NORMAL     0    [PRESSURE DATA]
TOTAL FM JAN 1  1500    HIGHEST SLP 30.54 ON  5
DPTR FM NORMAL   254    LOWEST  SLP 29.49 ON 30

[REMARKS]
#FINAL-12-10#
