000
CXUS53 KLSX 222100
CF6COU
PRELIMINARY LOCAL CLIMATOLOGICAL DATA (WS FORM: F-6)

                                          STATION:   COLUMBIA MO
                                          MONTH:     NOVEMBER
                                          YEAR:      2010
                                          LATITUDE:   38 49 N
                                          LONGITUDE:  92 13 W

  TEMPERATURE IN F:       :PCPN:    SNOW:  WIND      :SUNSHINE: SKY     :PK WND
================================================================================
1   2   3   4   5  6A  6B    7    8   9   10  11  12  13   14  15   16   17  18
                                     12Z  AVG MX 2MIN
DY MAX MIN AVG DEP HDD CDD  WTR  SNW DPTH SPD SPD DIR MIN PSBL S-S WX    SPD DR
================================================================================

 1  58  44  51   2  14   0 0.00  0.0    0 12.3 18 100   M    M   7        23 100
 2  58  35  47  -2  18   0 0.00  0.0    0  8.3 15  60   M    M   4        18  30
 3  66  29  48  -1  17   0 0.00  0.0    0  9.1 23 330   M    M   0        29 340
 4  56  36  46  -2  19   0 0.00  0.0    0 16.4 30 330   M    M   2        38 320
 5  48  28  38 -10  27   0 0.00  0.0    0  9.6 18 340   M    M   0        25 340
 6  56  31  44  -3  21   0 0.00  0.0    0  5.8 10 190   M    M   0        17 320
 7  72  37  55   8  10   0 0.00  0.0    0 10.7 20 220   M    M   0        24 210
 8  74  41  58  12   7   0 0.00  0.0    0 10.7 22 210   M    M   0        26 210
 9  74  46  60  14   5   0 0.00  0.0    0  9.7 17 160   M    M   0        22 170
10  75  51  63  18   2   0 0.00  0.0    0 10.5 24 210   M    M   3        30 190
11  64  46  55  10  10   0    T  0.0    0  7.9 15 360   M    M   6        17  70
12  62  45  54   9  11   0 0.34  0.0    0  8.1 24 190   M    M   7 1      32 180
13  59  34  47   3  18   0    T  0.0    0 12.5 28 260   M    M   6        36 260
14  54  27  41  -3  24   0 0.00  0.0    0  9.0 21 220   M    M   2        26 220
15  58  36  47   4  18   0    T  0.0    0  5.1 20 220   M    M   4         M 999
16  59  35  47   4  18   0    T  0.0    0  4.7 13 290   M    M   3        17 300
17  51  32  42  -1  23   0 0.24  0.0    0  7.2 15  10   M    M   5 1      18  10
18  40  29  35  -7  30   0 0.01  0.0    0  6.1 12 350   M    M   7 1      14 350
19  60  29  45   3  20   0 0.00  0.0    0 10.4 20 210   M    M   0        25 200
20  61  34  48   7  17   0 0.00  0.0    0  8.8 21 150   M    M   0 1      31 160
21  72  49  61  20   4   0 0.00  0.0    0 17.5 30 210   M    M   8        38 210
22  71  35  53  13  12   0 0.18  0.0    0 16.0 30 190   M    M   7 13     40 190
23  43  28  36  -4  29   0 0.00  0.0    0  6.3 17  20   M    M   1         M  M
24  48  34  41   1  24   0 0.77  0.0    0 10.6 22 110   M    M  10 123    28 120
25  48  22  35  -4  30   0    T  0.0    0 11.8 23 340   M    M   5 18     29 300
26  46  18  32  -7  33   0 0.00  0.0    0  9.3 23 260   M    M   0        29 280
27  51  28  40   2  25   0 0.00  0.0    0  5.0 10 260   M    M   0        13 280
28  58  33  46   8  19   0 0.00  0.0    0 15.4 26 170   M    M   0        35 160
29  54  34  44   6  21   0 0.19  0.0    0 15.5 28 160   M    M   7 1      36 150
30  34  23  29  -8  36   0    T    T    0 13.8 26 280   M    M   9        36 270
================================================================================
SM 1730 1029       562   0  1.73    T    304.1          M      103
================================================================================
AV 57.7 34.3                              10.1 FASTST   M    M   3    MAX(MPH)
                                 MISC ---->  # 30 330               # 40  190
================================================================================
NOTES:
# LAST OF SEVERAL OCCURRENCES

COLUMN 17 PEAK WIND IN M.P.H.

PRELIMINARY LOCAL CLIMATOLOGICAL DATA (WS FORM: F-6) , PAGE 2

                                          STATION:  COLUMBIA MO
                                          MONTH:    NOVEMBER
                                          YEAR:     2010
                                          LATITUDE:   38 49 N
                                          LONGITUDE:  92 13 W

[TEMPERATURE DATA]      [PRECIPITATION DATA]       SYMBOLS USED IN COLUMN 16

AVERAGE MONTHLY: 46.0   TOTAL FOR MONTH:   1.73    1 = FOG OR MIST
DPTR FM NORMAL:   2.8   DPTR FM NORMAL:   -1.74    2 = FOG REDUCING VISIBILITY
HIGHEST:    75 ON 10    GRTST 24HR  0.77 ON 23-24      TO 1/4 MILE OR LESS
LOWEST:     18 ON 26                               3 = THUNDER
                        SNOW, ICE PELLETS, HAIL    4 = ICE PELLETS
                        TOTAL MONTH:    T          5 = HAIL
                        GRTST 24HR    T  ON 30-30  6 = FREEZING RAIN OR DRIZZLE
                        GRTST DEPTH:   0           7 = DUSTSTORM OR SANDSTORM:
                                                       VSBY 1/2 MILE OR LESS
                                                   8 = SMOKE OR HAZE
[NO. OF DAYS WITH]      [WEATHER - DAYS WITH]      9 = BLOWING SNOW
                                                   X = TORNADO
MAX 32 OR BELOW:   0    0.01 INCH OR MORE:   6
MAX 90 OR ABOVE:   0    0.10 INCH OR MORE:   5
MIN 32 OR BELOW:  12    0.50 INCH OR MORE:   1
MIN  0 OR BELOW:   0    1.00 INCH OR MORE:   0

[HDD (BASE 65) ]
TOTAL THIS MO.   562    CLEAR  (SCALE 0-3)  14
DPTR FM NORMAL   -80    PTCLDY (SCALE 4-7)  14
TOTAL FM JUL 1   789    CLOUDY (SCALE 8-10)  2
DPTR FM NORMAL  -219

[CDD (BASE 65) ]
TOTAL THIS MO.     0
DPTR FM NORMAL    -1    [PRESSURE DATA]
TOTAL FM JAN 1  1500    HIGHEST SLP 30.42 ON 18
DPTR FM NORMAL   254    LOWEST  SLP 29.60 ON 24

[REMARKS]
#FINAL-11-10#
