000
CXUS53 KLSX 222053
CF6COU
PRELIMINARY LOCAL CLIMATOLOGICAL DATA (WS FORM: F-6)

                                          STATION:   COLUMBIA MO
                                          MONTH:     FEBRUARY
                                          YEAR:      2011
                                          LATITUDE:   38 49 N
                                          LONGITUDE:  92 13 W

  TEMPERATURE IN F:       :PCPN:    SNOW:  WIND      :SUNSHINE: SKY     :PK WND
================================================================================
1   2   3   4   5  6A  6B    7    8   9   10  11  12  13   14  15   16   17  18
                                     12Z  AVG MX 2MIN
DY MAX MIN AVG DEP HDD CDD  WTR  SNW DPTH SPD SPD DIR MIN PSBL S-S WX    SPD DR
================================================================================

 1  25  16  21  -9  44   0 0.82 17.5    T 18.9 33  20   M    M  10 12     46  20
 2  16  -1   8 -22  57   0    T  0.2   18 13.2 26 310   M    M   4 18     31 310
 3  18 -10   4 -26  61   0 0.00  0.0   17  4.9  9 210   M    M   0 1      24 320
 4  25  -3  11 -20  54   0    T    T   16  5.6  9 200   M    M   5 1      10 200
 5  36  18  27  -4  38   0 0.16  2.5   14  8.0  M 999   M    M   6 1       M 999
 6  38  31  35   4  30   0 0.00  0.0   12  9.5 24  10   M    M  10        99 999
 7  31  17  24  -7  41   0 0.00  0.0   10 12.0 23 360   M    M  10        28 350
 8  18   1  10 -22  55   0 0.00  0.0    9  8.5 17 340   M    M   4        23 350
 9  18   4  11 -21  54   0 0.01  0.5    9  5.4 13 310   M    M   7 18     29  90
10  27 -10   9 -23  56   0 0.00  0.0    9 10.3 21 230   M    M   0        25 230
11  39   7  23 -10  42   0 0.00  0.0    9 10.2 18 260   M    M   1        23 270
12  46  18  32  -1  33   0 0.00  0.0    8 11.2 23 220   M    M   0 1      29 220
13  52  30  41   8  24   0 0.00  0.0    8 12.2 21 280   M    M   0         M 999
14  48  33  41   8  24   0 0.00  0.0    3  8.7 20 320   M    M   0        24 310
15  54  34  44  10  21   0 0.00  0.0    2 11.5 23 170   M    M   2        29 170
16  68  41  55  21  10   0 0.00  0.0    0  9.9 25 190   M    M   5        37 190
17  74  54  64  30   1   0 0.00  0.0    0 17.2 33 210   M    M   4        41 220
18  60  40  50  15  15   0 0.00  0.0    0  6.6 15  10   M    M   2        18  10
19  48  39  44   9  21   0 0.03  0.0    0 12.9 22 130   M    M   8        30 120
20  65  40  53  18  12   0 0.11  0.0    0 15.5 26 210   M    M   8 1      36 220
21  56  27  42   6  23   0 0.69  0.0    0 12.3 23 330   M    M   7 1      25 330
22  37  22  30  -6  35   0 0.00  0.0    0  7.0 14 110   M    M   3        18 110
23  49  29  39   3  26   0 0.05    T    0 11.5 21 150   M    M   9 16     26 140
24  41  31  36  -1  29   0 0.86  2.6    0 15.0 29  50   M    M   9 16     35  50
25  31  27  29  -8  36   0    T    T    3  8.0 22  10   M    M  10 168    28  10
26  37  27  32  -5  33   0 0.01  0.0    3  4.7 12 150   M    M   9 126    14 160
27  64  34  49  11  16   0 0.38  0.0    0 11.3 36 300   M    M   9 13     48 300
28  42  25  34  -4  31   0 0.01  0.0    0 11.4 24 360   M    M   3 8      31 360
================================================================================
SM 1163  621       922   0  3.13    23.3 293.4          M      145
================================================================================
AV 41.5 22.2                              10.5 FASTST   M    M   5    MAX(MPH)
                                 MISC ---->  #9999999               #99999999
================================================================================
NOTES:
# LAST OF SEVERAL OCCURRENCES

COLUMN 17 PEAK WIND IN M.P.H.

PRELIMINARY LOCAL CLIMATOLOGICAL DATA (WS FORM: F-6) , PAGE 2

                                          STATION:  COLUMBIA MO
                                          MONTH:    FEBRUARY
                                          YEAR:     2011
                                          LATITUDE:   38 49 N
                                          LONGITUDE:  92 13 W

[TEMPERATURE DATA]      [PRECIPITATION DATA]       SYMBOLS USED IN COLUMN 16

AVERAGE MONTHLY: 31.9   TOTAL FOR MONTH:   3.13    1 = FOG OR MIST
DPTR FM NORMAL:  -1.8   DPTR FM NORMAL:    0.93    2 = FOG REDUCING VISIBILITY
HIGHEST:    74 ON 17    GRTST 24HR  0.86 ON 24-24      TO 1/4 MILE OR LESS
LOWEST:    -10 ON 10, 3                            3 = THUNDER
                        SNOW, ICE PELLETS, HAIL    4 = ICE PELLETS
                        TOTAL MONTH:  23.3 INCHES  5 = HAIL
                        GRTST 24HR  17.5 ON  1- 1  6 = FREEZING RAIN OR DRIZZLE
                        GRTST DEPTH:  18 ON  2     7 = DUSTSTORM OR SANDSTORM:
                                                       VSBY 1/2 MILE OR LESS
                                                   8 = SMOKE OR HAZE
[NO. OF DAYS WITH]      [WEATHER - DAYS WITH]      9 = BLOWING SNOW
                                                   X = TORNADO
MAX 32 OR BELOW:   9    0.01 INCH OR MORE:  11
MAX 90 OR ABOVE:   0    0.10 INCH OR MORE:   6
MIN 32 OR BELOW:  20    0.50 INCH OR MORE:   3
MIN  0 OR BELOW:   4    1.00 INCH OR MORE:   0

[HDD (BASE 65) ]
TOTAL THIS MO.   922    CLEAR  (SCALE 0-3)  10
DPTR FM NORMAL    31    PTCLDY (SCALE 4-7)  10
TOTAL FM JUL 1  4080    CLOUDY (SCALE 8-10)  8
DPTR FM NORMAL    20

[CDD (BASE 65) ]
TOTAL THIS MO.     0
DPTR FM NORMAL     0    [PRESSURE DATA]
TOTAL FM JAN 1     0    HIGHEST SLP M ON M
DPTR FM NORMAL     0    LOWEST  SLP 29.43 ON 27

[REMARKS]
#FINAL-02-11#
