000
CXUS53 KLSX 011729
CF6COU

PRELIMINARY LOCAL CLIMATOLOGICAL DATA (WS FORM: F-6)

                                          STATION:   COLUMBIA MO
                                          MONTH:     SEPTEMBER
                                          YEAR:      2010
                                          LATITUDE:   38 49 N
                                          LONGITUDE:  92 13 W

  TEMPERATURE IN F:       :PCPN:    SNOW:  WIND      :SUNSHINE: SKY     :PK WND
================================================================================
1   2   3   4   5  6A  6B    7    8   9   10  11  12  13   14  15   16   17  18
                                     12Z  AVG MX 2MIN
DY MAX MIN AVG DEP HDD CDD  WTR  SNW DPTH SPD SPD DIR MIN PSBL S-S WX    SPD DR
================================================================================

 1  78  68  73   1   0   8 1.11  0.0    0  5.9 30 330   M    M   8 13     38 330
 2  86  63  75   3   0  10 0.14  0.0    0  9.4 22 340   M    M   7 13     28 340
 3  75  55  65  -6   0   0 0.00  0.0    0 11.6 26 310   M    M   0         M  M
 4  74  50  62  -9   3   0 0.00  0.0    0  5.5 14 300   M    M   0        29 320
 5  82  53  68  -3   0   3 0.00  0.0    0 10.4 21 170   M    M   0        28 180
 6  87  62  75   5   0  10 0.00  0.0    0 13.1 25 180   M    M   1        35 180
 7  79  56  68  -2   0   3 0.02  0.0    0  4.3 17 210   M    M   5 8       M  M
 8  80  53  67  -3   0   2 0.00  0.0    0  5.5 10 170   M    M   2        40  90
 9  71  63  67  -3   0   2 0.10  0.0    0 10.2 20 100   M    M   9 1      28 100
10  73  64  69   0   0   4 0.84  0.0    0  9.7 26 330   M    M  10 13     33 330
11  80  61  71   2   0   6 0.32  0.0    0  6.9 20 300   M    M   3 138    25 310
12  82  54  68  -1   0   3 0.00  0.0    0  5.5 12 190   M    M   0 8      38  90
13  84  57  71   3   0   6    T  0.0    0  6.1 16  10   M    M   0        21 360
14  84  63  74   6   0   9 0.05  0.0    0  4.6 14 120   M    M   1 1      20  10
15  70  61  66  -2   0   1 0.52  0.0    0  8.0 25 170   M    M   5 123    37 170
16  74  56  65  -2   0   0    T  0.0    0  7.1 17 310   M    M   6 1      22 320
17  79  53  66  -1   0   1 0.00  0.0    0  5.8 10 170   M    M   0 1      26 200
18  87  63  75   8   0  10 0.22  0.0    0  5.9 16  80   M    M   2 13     35  90
19  78  67  73   7   0   8 1.32  0.0    0  7.2 28 350   M    M   4 123    37 360
20  88  66  77  11   0  12 0.00  0.0    0  7.4 14 180   M    M   2 12     18 180
21  87  66  77  12   0  12 0.00  0.0    0  9.0 21 220   M    M   2 13     25 310
22  77  65  71   6   0   6 1.57  0.0    0  7.9 18 200   M    M   4 13     22 190
23  87  67  77  12   0  12 0.00  0.0    0 13.1 26 210   M    M   0        33 210
24  78  58  68   4   0   3 0.48  0.0    0  9.0 30 250   M    M   3 1      41 260
25  73  51  62  -2   3   0 0.28  0.0    0  6.6 21  20   M    M   3 1      28  30
26  60  48  54 -10  11   0    T  0.0    0  7.2 15  20   M    M   9 1      23  30
27  68  44  56  -7   9   0 0.00  0.0    0  4.6 13 290   M    M   0 8      17 310
28  74  51  63   0   2   0 0.00  0.0    0  6.0 13 340   M    M   2 18     30  10
29  76  53  65   2   0   0 0.00  0.0    0  2.7  9 230   M    M   0 18     13 240
30  77  53  65   3   0   0 0.00  0.0    0  9.7 22 350   M    M   0 18     26 350
================================================================================
SM 2348 1744        28 131  6.97     0.0 225.9          M       88
================================================================================
AV 78.3 58.1                               7.5 FASTST   M    M   3    MAX(MPH)
                                 MISC ---->  # 30 330               # 41  260
================================================================================
NOTES:
# LAST OF SEVERAL OCCURRENCES

COLUMN 17 PEAK WIND IN M.P.H.

PRELIMINARY LOCAL CLIMATOLOGICAL DATA (WS FORM: F-6) , PAGE 2

                                          STATION:  COLUMBIA MO
                                          MONTH:    SEPTEMBER
                                          YEAR:     2010
                                          LATITUDE:   38 49 N
                                          LONGITUDE:  92 13 W

[TEMPERATURE DATA]      [PRECIPITATION DATA]       SYMBOLS USED IN COLUMN 16

AVERAGE MONTHLY: 68.2   TOTAL FOR MONTH:   6.97    1 = FOG OR MIST
DPTR FM NORMAL:   0.9   DPTR FM NORMAL:    3.55    2 = FOG REDUCING VISIBILITY
HIGHEST:    88 ON 20    GRTST 24HR  1.57 ON 22-22      TO 1/4 MILE OR LESS
LOWEST:     44 ON 27                               3 = THUNDER
                        SNOW, ICE PELLETS, HAIL    4 = ICE PELLETS
                        TOTAL MONTH:   0.0 INCH    5 = HAIL
                        GRTST 24HR     0.0         6 = FREEZING RAIN OR DRIZZLE
                        GRTST DEPTH:   0           7 = DUSTSTORM OR SANDSTORM:
                                                       VSBY 1/2 MILE OR LESS
                                                   8 = SMOKE OR HAZE
[NO. OF DAYS WITH]      [WEATHER - DAYS WITH]      9 = BLOWING SNOW
                                                   X = TORNADO
MAX 32 OR BELOW:   0    0.01 INCH OR MORE:  13
MAX 90 OR ABOVE:   0    0.10 INCH OR MORE:  11
MIN 32 OR BELOW:   0    0.50 INCH OR MORE:   5
MIN  0 OR BELOW:   0    1.00 INCH OR MORE:   3

[HDD (BASE 65) ]
TOTAL THIS MO.    28    CLEAR  (SCALE 0-3)  20
DPTR FM NORMAL   -44    PTCLDY (SCALE 4-7)   6
TOTAL FM JUL 1    28    CLOUDY (SCALE 8-10)  4
DPTR FM NORMAL   -47

[CDD (BASE 65) ]
TOTAL THIS MO.   131
DPTR FM NORMAL   -21    [PRESSURE DATA]
TOTAL FM JAN 1  1488    HIGHEST SLP 30.22 ON 19
DPTR FM NORMAL   263    LOWEST  SLP 29.73 ON 10

[REMARKS]
#FINAL-09-10#
