000
CXUS53 KLSX 222102
CF6COU
PRELIMINARY LOCAL CLIMATOLOGICAL DATA (WS FORM: F-6)

                                          STATION:   COLUMBIA MO
                                          MONTH:     AUGUST
                                          YEAR:      2010
                                          LATITUDE:   38 49 N
                                          LONGITUDE:  92 13 W

  TEMPERATURE IN F:       :PCPN:    SNOW:  WIND      :SUNSHINE: SKY     :PK WND
================================================================================
1   2   3   4   5  6A  6B    7    8   9   10  11  12  13   14  15   16   17  18
                                     12Z  AVG MX 2MIN
DY MAX MIN AVG DEP HDD CDD  WTR  SNW DPTH SPD SPD DIR MIN PSBL S-S WX    SPD DR
================================================================================

 1  87  67  77  -1   0  12 0.00  0.0    0  3.9  9 100   M    M   1 12     25  90
 2  91  69  80   2   0  15 0.00  0.0    0  7.8 16 160   M    M   1 1      29 210
 3  96  74  85   7   0  20 0.00  0.0    0  7.6 16 220   M    M   0        21 170
 4  95  72  84   6   0  19 0.04  0.0    0  7.9 16 340   M    M   1 1      26 160
 5  89  73  81   4   0  16 0.00  0.0    0  4.0 13 350   M    M   4 1      20  30
 6  87  68  78   1   0  13 0.00  0.0    0  4.6 14 150   M    M   0        23 200
 7  87  66  77   0   0  12 0.00  0.0    0  6.1 14 150   M    M   0        23 200
 8  92  70  81   4   0  16 0.00  0.0    0  6.6 12 170   M    M   1        21 270
 9  92  76  84   7   0  19 0.00  0.0    0  4.7  9 160   M    M   1 1      24 200
10  96  76  86   9   0  21 0.00  0.0    0  5.0 24 200   M    M   0 1       M 210
11  97  73  85   8   0  20 0.13  0.0    0  8.0 26 290   M    M   2 1      36  30
12  94  73  84   7   0  19 0.01  0.0    0  4.3 16 230   M    M   2 8      24 200
13  97  73  85   8   0  20 0.41  0.0    0  6.8  M 999   M    M   2 1       M 999
14  92  70  81   5   0  16 0.11  0.0    0  6.2 14 140   M    M   4 1      18 150
15  86  68  77   1   0  12 0.00  0.0    0  6.8 15 350   M    M   1 1      26 280
16  86  64  75  -1   0  10 0.00  0.0    0  3.2  8  10   M    M   0        16 360
17  77  64  71  -5   0   6 0.01  0.0    0  5.6 13  60   M    M   4        31 120
18  88  68  78   2   0  13 0.00  0.0    0  4.9 10  90   M    M   5        21 360
19  92  69  81   6   0  16 0.00  0.0    0  5.3 20  90   M    M   1 1      25 200
20  92  68  80   5   0  15 3.38  0.0    0  8.5 43 360   M    M   2 1238   53 360
21  85  68  77   2   0  12 0.22  0.0    0  3.5 15 170   M    M   5 13     20 170
22  89  69  79   4   0  14 0.00  0.0    0  4.6 10  60   M    M   3 12     26  30
23  87  67  77   2   0  12 0.00  0.0    0  5.7 12  90   M    M   0        22 180
24  86  62  74   0   0   9 0.00  0.0    0  7.9 17 360   M    M   2        23 270
25  80  56  68  -6   0   3 0.00  0.0    0  6.9 18 350   M    M   0        21 350
26  82  57  70  -4   0   5 0.00  0.0    0  3.9 10  70   M    M   0         M  M
27  82  58  70  -4   0   5 0.00  0.0    0  6.4 10 140   M    M   0         M  M
28  86  58  72  -1   0   7 0.00  0.0    0  6.7 13 150   M    M   0        18 160
29  89  69  79   6   0  14 0.00  0.0    0  9.2 17 140   M    M   1        23 150
30  85  68  77   4   0  12 0.00  0.0    0  7.9 13 150   M    M   4        29 150
31  87  73  80   8   0  15 0.11  0.0    0 10.3 16 150   M    M   3 1      23 140
================================================================================
SM 2751 2106         0 418  4.42     0.0 190.8          M       50
================================================================================
AV 88.7 67.9                               6.2 FASTST   M    M   2    MAX(MPH)
                                 MISC ---->  # 43 360               # 53  360
================================================================================
NOTES:
# LAST OF SEVERAL OCCURRENCES

COLUMN 17 PEAK WIND IN M.P.H.

PRELIMINARY LOCAL CLIMATOLOGICAL DATA (WS FORM: F-6) , PAGE 2

                                          STATION:  COLUMBIA MO
                                          MONTH:    AUGUST
                                          YEAR:     2010
                                          LATITUDE:   38 49 N
                                          LONGITUDE:  92 13 W

[TEMPERATURE DATA]      [PRECIPITATION DATA]       SYMBOLS USED IN COLUMN 16

AVERAGE MONTHLY: 78.3   TOTAL FOR MONTH:   4.42    1 = FOG OR MIST
DPTR FM NORMAL:   2.6   DPTR FM NORMAL:    0.67    2 = FOG REDUCING VISIBILITY
HIGHEST:    97 ON 13,11 GRTST 24HR  3.60 ON 20-21      TO 1/4 MILE OR LESS
LOWEST:     56 ON 25                               3 = THUNDER
                        SNOW, ICE PELLETS, HAIL    4 = ICE PELLETS
                        TOTAL MONTH:   0.0 INCH    5 = HAIL
                        GRTST 24HR     0.0         6 = FREEZING RAIN OR DRIZZLE
                        GRTST DEPTH:   0           7 = DUSTSTORM OR SANDSTORM:
                                                       VSBY 1/2 MILE OR LESS
                                                   8 = SMOKE OR HAZE
[NO. OF DAYS WITH]      [WEATHER - DAYS WITH]      9 = BLOWING SNOW
                                                   X = TORNADO
MAX 32 OR BELOW:   0    0.01 INCH OR MORE:   9
MAX 90 OR ABOVE:  12    0.10 INCH OR MORE:   6
MIN 32 OR BELOW:   0    0.50 INCH OR MORE:   1
MIN  0 OR BELOW:   0    1.00 INCH OR MORE:   1

[HDD (BASE 65) ]
TOTAL THIS MO.     0    CLEAR  (SCALE 0-3)  23
DPTR FM NORMAL    -2    PTCLDY (SCALE 4-7)   8
TOTAL FM JUL 1     0    CLOUDY (SCALE 8-10)  0
DPTR FM NORMAL    -3

[CDD (BASE 65) ]
TOTAL THIS MO.   418
DPTR FM NORMAL    77    [PRESSURE DATA]
TOTAL FM JAN 1  1357    HIGHEST SLP 30.23 ON 26
DPTR FM NORMAL   284    LOWEST  SLP 29.65 ON 13

[REMARKS]
#FINAL-08-10#
