000
CXUS53 KLSX 011607 CCA
CF6COU

PRELIMINARY LOCAL CLIMATOLOGICAL DATA (WS FORM: F-6)

                                          STATION:   COLUMBIA MO
                                          MONTH:     OCTOBER
                                          YEAR:      2010
                                          LATITUDE:   38 49 N
                                          LONGITUDE:  92 13 W

  TEMPERATURE IN F:       :PCPN:    SNOW:  WIND      :SUNSHINE: SKY     :PK WND
================================================================================
1   2   3   4   5  6A  6B    7    8   9   10  11  12  13   14  15   16   17  18
                                     12Z  AVG MX 2MIN
DY MAX MIN AVG DEP HDD CDD  WTR  SNW DPTH SPD SPD DIR MIN PSBL S-S WX    SPD DR
================================================================================

 1  74  47  61  -1   4   0 0.00  0.0    0  5.0 10 290   M    M   0 8      22 210
 2  62  43  53  -9  12   0 0.00  0.0    0 11.9 24 360   M    M   5        30 350
 3  61  38  50 -11  15   0 0.00  0.0    0  7.2 16  40   M    M   0        21 340
 4  64  39  52  -9  13   0 0.00  0.0    0  4.0  8 110   M    M   0        12 120
 5  68  40  54  -6  11   0 0.00  0.0    0  4.7  9 180   M    M   0        12 190
 6  77  43  60   0   5   0 0.00  0.0    0  8.0 15 220   M    M   0        21 250
 7  79  52  66   6   0   1 0.00  0.0    0  4.6  9  40   M    M   0 8      13 270
 8  82  48  65   6   0   0 0.00  0.0    0  5.9  9 190   M    M   0 18     13 210
 9  83  56  70  11   0   5 0.00  0.0    0  4.7 12 200   M    M   0 1      15 170
10  82  54  68  10   0   3 0.00  0.0    0  5.3 12 220   M    M   1        13 200
11  76  53  65   7   0   0 0.01  0.0    0  4.8 13  80   M    M   4        15  70
12  77  50  64   6   1   0 0.04  0.0    0  4.4 13  10   M    M   1 18     18 340
13  69  47  58   1   7   0 0.00  0.0    0 10.7 22 330   M    M   1        26 330
14  71  42  57   0   8   0 0.00  0.0    0  9.1 18 240   M    M   0        23 240
15  70  43  57   1   8   0 0.00  0.0    0  4.7 12 310   M    M   0 18     14 310
16  80  41  61   5   4   0 0.00  0.0    0  9.1 17 210   M    M   0        23 210
17  76  50  63   7   2   0 0.00  0.0    0  4.3  9  80   M    M   0 8      14  90
18  74  50  62   7   3   0    T  0.0    0  6.3 16 350   M    M   1 18     18  20
19  65  41  53  -2  12   0 0.00  0.0    0  4.4 10  30   M    M   0        14  50
20  71  41  56   2   9   0 0.00  0.0    0  7.8 16 240   M    M   0        21 260
21  70  44  57   3   8   0 0.00  0.0    0  5.1 10 320   M    M   0        14 360
22  76  47  62   8   3   0    T  0.0    0 10.2 20 190   M    M   3        25 190
23  78  58  68  15   0   3 0.18  0.0    0 13.5 25 190   M    M   5 3      33 190
24  72  57  65  12   0   0 0.01  0.0    0 10.1 22 230   M    M   3        30 220
25  77  53  65  13   0   0    T  0.0    0 15.4 38 160   M    M   2 1      49 160
26  75  49  62  10   3   0 0.12  0.0    0 20.5 35 280   M    M   3 13     47 230
27  67  44  56   4   9   0 0.00  0.0    0 14.8 31 260   M    M   0        39 240
28  53  36  45  -6  20   0 0.00  0.0    0 10.5 20 280   M    M   3        25 330
29  62  28  45  -6  20   0 0.00  0.0    0  5.6 10 180   M    M   0        14 170
30  72  39  56   6   9   0 0.00  0.0    0  8.9 21 230   M    M   0        24 230
31  62  41  52   2  13   0 0.00  0.0    0 11.0 20  70   M    M   1        25  70
================================================================================
SM 2225 1414       199  12  0.36     0.0 252.5          M       33
================================================================================
AV 71.8 45.6                               8.1 FASTST   M    M   1    MAX(MPH)
                                 MISC ---->  # 38 160               # 49  160
================================================================================
NOTES:
# LAST OF SEVERAL OCCURRENCES

COLUMN 17 PEAK WIND IN M.P.H.

PRELIMINARY LOCAL CLIMATOLOGICAL DATA (WS FORM: F-6) , PAGE 2

                                          STATION:  COLUMBIA MO
                                          MONTH:    OCTOBER
                                          YEAR:     2010
                                          LATITUDE:   38 49 N
                                          LONGITUDE:  92 13 W

[TEMPERATURE DATA]      [PRECIPITATION DATA]       SYMBOLS USED IN COLUMN 16

AVERAGE MONTHLY: 58.7   TOTAL FOR MONTH:   0.36    1 = FOG OR MIST
DPTR FM NORMAL:   2.7   DPTR FM NORMAL:   -2.82    2 = FOG REDUCING VISIBILITY
HIGHEST:    83 ON  9    GRTST 24HR  0.19 ON 23-24      TO 1/4 MILE OR LESS
LOWEST:     28 ON 29                               3 = THUNDER
                        SNOW, ICE PELLETS, HAIL    4 = ICE PELLETS
                        TOTAL MONTH:   0.0 INCH    5 = HAIL
                        GRTST 24HR     0.0         6 = FREEZING RAIN OR DRIZZLE
                        GRTST DEPTH:   0           7 = DUSTSTORM OR SANDSTORM:
                                                       VSBY 1/2 MILE OR LESS
                                                   8 = SMOKE OR HAZE
[NO. OF DAYS WITH]      [WEATHER - DAYS WITH]      9 = BLOWING SNOW
                                                   X = TORNADO
MAX 32 OR BELOW:   0    0.01 INCH OR MORE:   5
MAX 90 OR ABOVE:   0    0.10 INCH OR MORE:   2
MIN 32 OR BELOW:   1    0.50 INCH OR MORE:   0
MIN  0 OR BELOW:   0    1.00 INCH OR MORE:   0

[HDD (BASE 65) ]
TOTAL THIS MO.   199    CLEAR  (SCALE 0-3)  28
DPTR FM NORMAL   -92    PTCLDY (SCALE 4-7)   3
TOTAL FM JUL 1   227    CLOUDY (SCALE 8-10)  0
DPTR FM NORMAL  -139

[CDD (BASE 65) ]
TOTAL THIS MO.    12
DPTR FM NORMAL    -8    [PRESSURE DATA]
TOTAL FM JAN 1  1500    HIGHEST SLP 30.45 ON 29
DPTR FM NORMAL   255    LOWEST  SLP 29.01 ON 26

[REMARKS]
#FINAL-10-10#
