000
CXUS53 KLSX 011709
CF6COU

PRELIMINARY LOCAL CLIMATOLOGICAL DATA (WS FORM: F-6)

                                          STATION:   COLUMBIA MO
                                          MONTH:     JULY
                                          YEAR:      2010
                                          LATITUDE:   38 49 N
                                          LONGITUDE:  92 13 W

  TEMPERATURE IN F:       :PCPN:    SNOW:  WIND      :SUNSHINE: SKY     :PK WND
================================================================================
1   2   3   4   5  6A  6B    7    8   9   10  11  12  13   14  15   16   17  18
                                     12Z  AVG MX 2MIN
DY MAX MIN AVG DEP HDD CDD  WTR  SNW DPTH SPD SPD DIR MIN PSBL S-S WX    SPD DR
================================================================================

 1  82  59  71  -5   0   6 0.00  0.0    0  8.1 16 140   M    M   0        22 140
 2  84  60  72  -4   0   7 0.00  0.0    0  7.4 14 160   M    M   0        18 140
 3  89  62  76   0   0  11 0.00  0.0    0  8.9 20 250   M    M   2        23 240
 4  85  69  77   1   0  12 0.00  0.0    0  9.2 18 190   M    M   2        24 190
 5  92  72  82   5   0  17 0.57  0.0    0  9.9 21 210   M    M   5 13     25 210
 6  83  73  78   1   0  13 0.75  0.0    0  5.5 20 240   M    M   4 1      26 220
 7  86  72  79   2   0  14 0.81  0.0    0  4.3 13 320   M    M   5 138    21 150
 8  85  72  79   2   0  14 0.04  0.0    0  3.7 10  10   M    M   8 1      18 220
 9  84  69  77   0   0  12 0.00  0.0    0  4.9 14 360   M    M   2        21  10
10  85  66  76  -1   0  11 0.00  0.0    0  1.9  7 190   M    M   1 1       9 180
11  79  65  72  -5   0   7 0.10  0.0    0  4.7 10 220   M    M   2 13     29  90
12  87  65  76  -1   0  11 0.38  0.0    0  4.0 26 260   M    M   4 12     33 260
13  89  66  78   1   0  13 0.00  0.0    0  5.2 10 160   M    M   1        14 150
14  93  75  84   7   0  19 0.00  0.0    0  6.8 17 180   M    M   2 1      33 100
15  90  75  83   6   0  18 0.00  0.0    0  5.7 16 330   M    M   1 1      20 330
16  90  71  81   3   0  16 0.00  0.0    0  4.2 12 170   M    M   2        14 170
17  92  71  82   4   0  17 0.00  0.0    0  5.3 14 180   M    M   2        29 210
18  90  69  80   2   0  15 1.02  0.0    0  6.1  6  30   M    M   0 135     7  30
19  87  75  81   3   0  16 0.00  0.0    0  7.0 24  30   M    M   2 18     32  30
20  89  68  79   1   0  14 1.23  0.0    0  9.4 30 310   M    M   4 13     46 290
21  91  70  81   3   0  16 0.20  0.0    0  4.9 20 170   M    M   3 13     26 170
22  92  74  83   5   0  18 0.00  0.0    0 10.4 22 210   M    M   1 8      26 200
23  92  75  84   6   0  19 0.00  0.0    0 10.1 20 220   M    M   1        25 200
24  92  72  82   4   0  17 0.36  0.0    0 11.0 37 320   M    M   2 13     47 320
25  84  72  78   0   0  13    T  0.0    0  3.5 10 290   M    M   7        30 330
26  87  70  79   1   0  14 0.08  0.0    0  5.2 20 270   M    M   4 138    24 270
27  90  71  81   3   0  16 0.00  0.0    0  4.5  9 190   M    M   4 12     14 170
28  90  73  82   4   0  17 0.00  0.0    0  7.2 15 250   M    M   1 1      20 260
29  88  72  80   2   0  15    T  0.0    0  4.5 26  50   M    M   4        33  50
30  85  70  78   0   0  13 1.97  0.0    0  4.8 37 310   M    M   6 13     46 320
31  85  70  78   0   0  13    T  0.0    0  5.4 12  20   M    M   4        17 360
================================================================================
SM 2717 2163         0 434  7.51     0.0 193.7          M       86
================================================================================
AV 87.6 69.8                               6.2 FASTST   M    M   3    MAX(MPH)
                                 MISC ---->  # 37 320               # 47  320
================================================================================
NOTES:
# LAST OF SEVERAL OCCURRENCES

COLUMN 17 PEAK WIND IN M.P.H.

PRELIMINARY LOCAL CLIMATOLOGICAL DATA (WS FORM: F-6) , PAGE 2

                                          STATION:  COLUMBIA MO
                                          MONTH:    JULY
                                          YEAR:     2010
                                          LATITUDE:   38 49 N
                                          LONGITUDE:  92 13 W

[TEMPERATURE DATA]      [PRECIPITATION DATA]       SYMBOLS USED IN COLUMN 16

AVERAGE MONTHLY: 78.7   TOTAL FOR MONTH:   7.51    1 = FOG OR MIST
DPTR FM NORMAL:   1.3   DPTR FM NORMAL:    3.71    2 = FOG REDUCING VISIBILITY
HIGHEST:    93 ON 14    GRTST 24HR  1.97 ON 30-30      TO 1/4 MILE OR LESS
LOWEST:     59 ON  1                               3 = THUNDER
                        SNOW, ICE PELLETS, HAIL    4 = ICE PELLETS
                        TOTAL MONTH:   0.0 INCH    5 = HAIL
                        GRTST 24HR     0.0         6 = FREEZING RAIN OR DRIZZLE
                        GRTST DEPTH:   0           7 = DUSTSTORM OR SANDSTORM:
                                                       VSBY 1/2 MILE OR LESS
                                                   8 = SMOKE OR HAZE
[NO. OF DAYS WITH]      [WEATHER - DAYS WITH]      9 = BLOWING SNOW
                                                   X = TORNADO
MAX 32 OR BELOW:   0    0.01 INCH OR MORE:  12
MAX 90 OR ABOVE:  12    0.10 INCH OR MORE:  10
MIN 32 OR BELOW:   0    0.50 INCH OR MORE:   6
MIN  0 OR BELOW:   0    1.00 INCH OR MORE:   3

[HDD (BASE 65) ]
TOTAL THIS MO.     0    CLEAR  (SCALE 0-3)  19
DPTR FM NORMAL    -1    PTCLDY (SCALE 4-7)  12
TOTAL FM JUL 1     0    CLOUDY (SCALE 8-10)  0
DPTR FM NORMAL    -1

[CDD (BASE 65) ]
TOTAL THIS MO.   434
DPTR FM NORMAL    38    [PRESSURE DATA]
TOTAL FM JAN 1   939    HIGHEST SLP 30.30 ON  1
DPTR FM NORMAL   207    LOWEST  SLP 29.68 ON 11

[REMARKS]
#FINAL-07-10#
