000
CXUS53 KLSX 011759
CF6COU

PRELIMINARY LOCAL CLIMATOLOGICAL DATA (WS FORM: F-6)

                                          STATION:   COLUMBIA ASOS
                                          MONTH:     MAY
                                          YEAR:      2014
                                          LATITUDE:   38 49 N
                                          LONGITUDE:  92 13 W

  TEMPERATURE IN F:       :PCPN:    SNOW:  WIND      :SUNSHINE: SKY     :PK WND
================================================================================
1   2   3   4   5  6A  6B    7    8   9   10  11  12  13   14  15   16   17  18
                                     12Z  AVG MX 2MIN
DY MAX MIN AVG DEP HDD CDD  WTR  SNW DPTH SPD SPD DIR MIN PSBL S-S WX    SPD DR
================================================================================

 1  53  42  48 -12  17   0    T  0.0    0 10.9 23 260   M    M   9        30 260
 2  63  45  54  -6  11   0 0.00  0.0    0 10.2 20 240   M    M   7        25 240
 3  76  50  63   3   2   0 0.00  0.0    0  5.6 13 230   M    M   3        16 230
 4  85  52  69   8   0   4 0.00  0.0    0  8.5 17  80   M    M   0        23  60
 5  88  56  72  11   0   7 0.00  0.0    0  8.4 20  40   M    M   0        25  70
 6  89  56  73  12   0   8 0.00  0.0    0 12.7 24 160   M    M   0        32 180
 7  87  65  76  14   0  11    T  0.0    0 14.5 23 170   M    M   0 8      29 170
 8  81  65  73  11   0   8 0.51  0.0    0 13.9 33 170   M    M   3 13     42 170
 9  75  56  66   4   0   1 0.03  0.0    0  8.1 17 280   M    M   3        22 270
10  83  51  67   5   0   2 0.90  0.0    0  9.8 49 320   M    M   2 13     61 320
11  86  62  74  11   0   9 0.00  0.0    0 14.4 25 190   M    M   3        34 170
12  87  56  72   9   0   7 0.90  0.0    0 13.6 30 280   M    M   5 138    40 280
13  56  48  52 -11  13   0    T  0.0    0  8.4 17 310   M    M   9 1      22 300
14  53  45  49 -14  16   0 0.00  0.0    0  8.4 21 360   M    M   6        27 350
15  60  41  51 -13  14   0 0.06  0.0    0 10.3 26 310   M    M   4 13     33 290
16  59  37  48 -16  17   0 0.00  0.0    0  7.0 20 300   M    M   3        24 290
17  63  38  51 -13  14   0 0.00  0.0    0  2.9  9 200   M    M   1        13 190
18  70  43  57  -8   8   0 0.00  0.0    0  8.4 15 150   M    M   0        21 160
19  80  52  66   1   0   1 0.00  0.0    0 15.3 30 160   M    M   1        38 180
20  85  62  74   9   0   9 0.00  0.0    0 11.6 22 200   M    M   0        28 200
21  86  64  75  10   0  10 0.00  0.0    0  8.0 16 230   M    M   2        21 230
22  80  58  69   3   0   4 0.00  0.0    0  8.2 21  10   M    M   5        26  10
23  80  54  67   1   0   2 0.00  0.0    0  6.1 12  50   M    M   1        16  60
24  68  59  64  -2   1   0 0.21  0.0    0  7.4 14 140   M    M   7 1      18 150
25  84  64  74   7   0   9 0.00  0.0    0  6.2 10 150   M    M   2        14 160
26  83  65  74   7   0   9 0.14  0.0    0  7.8 21 250   M    M   3 13     29 240
27  82  64  73   6   0   8 0.19  0.0    0  4.4 12 170   M    M   5 1      15 160
28  83  62  73   6   0   8 0.10  0.0    0  4.5 14 150   M    M   2 12     16 150
29  83  64  74   6   0   9 0.00  0.0    0  6.6 15  90   M    M   2 12     18 130
30  84  67  76   8   0  11 0.01  0.0    0  6.9 16 100   M    M   2 13     21 100
31  86  67  77   9   0  12    T  0.0    0  6.9 17 150   M    M   1 13     22 140
================================================================================
SM 2378 1710       113 149  3.05     0.0 275.9          M       91
================================================================================
AV 76.7 55.2                               8.9 FASTST   M    M   3    MAX(MPH)
                                 MISC ---->  # 49 320               # 61  320
================================================================================
NOTES:
# LAST OF SEVERAL OCCURRENCES

COLUMN 17 PEAK WIND IN M.P.H.

PRELIMINARY LOCAL CLIMATOLOGICAL DATA (WS FORM: F-6) , PAGE 2

                                          STATION:  COLUMBIA ASOS
                                          MONTH:    MAY
                                          YEAR:     2014
                                          LATITUDE:   38 49 N
                                          LONGITUDE:  92 13 W

[TEMPERATURE DATA]      [PRECIPITATION DATA]       SYMBOLS USED IN COLUMN 16

AVERAGE MONTHLY: 66.0   TOTAL FOR MONTH:   3.05    1 = FOG OR MIST
DPTR FM NORMAL:   2.0   DPTR FM NORMAL:   -1.93    2 = FOG REDUCING VISIBILITY
HIGHEST:    89 ON  6    GRTST 24HR  0.90 ON 10, 12     TO 1/4 MILE OR LESS
LOWEST:     37 ON 16                               3 = THUNDER
                        SNOW, ICE PELLETS, HAIL    4 = ICE PELLETS
                        TOTAL MONTH:   0.0 INCH    5 = HAIL
                        GRTST 24HR     0.0         6 = FREEZING RAIN OR DRIZZLE
                        GRTST DEPTH:   0           7 = DUSTSTORM OR SANDSTORM:
                                                       VSBY 1/2 MILE OR LESS
                                                   8 = SMOKE OR HAZE
[NO. OF DAYS WITH]      [WEATHER - DAYS WITH]      9 = BLOWING SNOW
                                                   X = TORNADO
MAX 32 OR BELOW:   0    0.01 INCH OR MORE:  10
MAX 90 OR ABOVE:   0    0.10 INCH OR MORE:   7
MIN 32 OR BELOW:   0    0.50 INCH OR MORE:   3
MIN  0 OR BELOW:   0    1.00 INCH OR MORE:   0

[HDD (BASE 65) ]
TOTAL THIS MO.   113    CLEAR  (SCALE 0-3)  22
DPTR FM NORMAL     4    PTCLDY (SCALE 4-7)   7
TOTAL FM JUL 1  5572    CLOUDY (SCALE 8-10)  2
DPTR FM NORMAL   560

[CDD (BASE 65) ]
TOTAL THIS MO.   149
DPTR FM NORMAL    71    [PRESSURE DATA]
TOTAL FM JAN 1   160    HIGHEST SLP 30.25 ON 18
DPTR FM NORMAL    57    LOWEST  SLP 29.58 ON  6

[REMARKS]
#FINAL-05-14#
