474
CXUS53 KLSX 040312 CCA
CF6COU

PRELIMINARY LOCAL CLIMATOLOGICAL DATA (WS FORM: F-6)

                                          STATION:   COLUMBIA ASOS
                                          MONTH:     OCTOBER
                                          YEAR:      2015
                                          LATITUDE:   38 49 N
                                          LONGITUDE:  92 13 W

  TEMPERATURE IN F:       :PCPN:    SNOW:  WIND      :SUNSHINE: SKY     :PK WND
================================================================================
1   2   3   4   5  6A  6B    7    8   9   10  11  12  13   14  15   16   17  18
                                     12Z  AVG MX 2MIN
DY MAX MIN AVG DEP HDD CDD  WTR  SNW DPTH SPD SPD DIR MIN PSBL S-S WX    SPD DR
================================================================================

 1  68  44  56  -5   9   0 0.00  0.0    0 10.2 20  20   M    M   0        24  10
 2  67  43  55  -6  10   0 0.00  0.0    0 10.8 16  40   M    M   1        25  40
 3  68  42  55  -5  10   0 0.00  0.0    0 10.7 20  40   M    M   2        28  30
 4  61  50  56  -4   9   0 0.00  0.0    0  8.7 14  30   M    M  10        19  40
 5  70  50  60   0   5   0 0.00  0.0    0  6.3 10 350   M    M   6        14  10
 6  73  55  64   5   1   0 0.00  0.0    0  2.8  7 340   M    M   7 1      10 350
 7  75  58  67   8   0   2 0.00  0.0    0  4.4  9 330   M    M   5        12 130
 8  85  57  71  13   0   6 0.02  0.0    0  7.3 17 340   M    M   2 1      22 330
 9  64  47  56  -2   9   0 0.01  0.0    0  8.8 15 350   M    M   7        19 340
10  70  40  55  -3  10   0 0.00  0.0    0  4.5 12 210   M    M   0 8      15 210
11  84  49  67   9   0   2 0.00  0.0    0 10.1 20 200   M    M   0        25 200
12  81  55  68  11   0   3 0.00  0.0    0 12.2 26 300   M    M   0 8      35 300
13  72  49  61   4   4   0 0.00  0.0    0  8.9 20 290   M    M   0 8      26 310
14  76  48  62   5   3   0 0.00  0.0    0  7.0 14 330   M    M   0        17 330
15  81  48  65   9   0   0 0.02  0.0    0  8.3 21 330   M    M   2 8      25 320
16  64  42  53  -3  12   0 0.00  0.0    0  9.5 20 320   M    M   0 8      25 330
17  59  38  49  -7  16   0 0.00  0.0    0  6.0 14  40   M    M   3 8      18  40
18  67  39  53  -2  12   0 0.00  0.0    0 10.5 17 140   M    M   4        21 150
19  80  49  65  10   0   0 0.00  0.0    0 13.6 23 200   M    M   1        30 200
20  83  54  69  14   0   4    T  0.0    0 11.7 21 220   M    M   2        26 210
21  85  57  71  16   0   6    T  0.0    0  9.3 20 230   M    M   0        25 210
22  81  56  69  15   0   4 0.00  0.0    0  5.1 12 120   M    M   1        14 140
23  71  61  66  12   0   1 0.29  0.0    0 10.9 18 190   M    M   8 1      23 170
24  68  48  58   4   7   0 0.00  0.0    0  9.7 20 300   M    M   7 8      24 280
25  65  40  53   0  12   0 0.00  0.0    0  6.7 15  40   M    M   0        23  50
26  70  41  56   3   9   0    T  0.0    0  9.9 17  70   M    M   1        21 100
27  58  51  55   2  10   0 0.54  0.0    0  6.6 13  70   M    M  10 1      17  80
28  59  45  52   0  13   0 0.02  0.0    0 12.4 23 290   M    M   8 1      31 290
29  56  36  46  -6  19   0    T  0.0    0  9.1 20 290   M    M   1        25 340
30  54  35  45  -7  20   0 0.12  0.0    0  8.2 17 140   M    M   3        23 150
31  57  47  52   1  13   0 0.13  0.0    0  9.9 12 130   M    M   8 12     25 130
================================================================================
SM 2172 1474       213  28  1.15     0.0 270.1          M       99
================================================================================
AV 70.1 47.5                               8.7 FASTST   M    M   3    MAX(MPH)
                                 MISC ---->  # 26 300               # 35  300
================================================================================
NOTES:
# LAST OF SEVERAL OCCURRENCES

COLUMN 17 PEAK WIND IN M.P.H.

PRELIMINARY LOCAL CLIMATOLOGICAL DATA (WS FORM: F-6) , PAGE 2

                                          STATION:  COLUMBIA ASOS
                                          MONTH:    OCTOBER
                                          YEAR:     2015
                                          LATITUDE:   38 49 N
                                          LONGITUDE:  92 13 W

[TEMPERATURE DATA]      [PRECIPITATION DATA]       SYMBOLS USED IN COLUMN 16

AVERAGE MONTHLY: 58.8   TOTAL FOR MONTH:   1.15    1 = FOG OR MIST
DPTR FM NORMAL:   2.8   DPTR FM NORMAL:   -2.16    2 = FOG REDUCING VISIBILITY
HIGHEST:    85 ON 21, 8 GRTST 24HR  0.54 ON 27         TO 1/4 MILE OR LESS
LOWEST:     35 ON 30                               3 = THUNDER
                        SNOW, ICE PELLETS, HAIL    4 = ICE PELLETS
                        TOTAL MONTH:   0.0 INCH    5 = HAIL
                        GRTST 24HR     0.0         6 = FREEZING RAIN OR DRIZZLE
                        GRTST DEPTH:   0           7 = DUSTSTORM OR SANDSTORM:
                                                       VSBY 1/2 MILE OR LESS
                                                   8 = SMOKE OR HAZE
[NO. OF DAYS WITH]      [WEATHER - DAYS WITH]      9 = BLOWING SNOW
                                                   X = TORNADO
MAX 32 OR BELOW:   0    0.01 INCH OR MORE:   8
MAX 90 OR ABOVE:   0    0.10 INCH OR MORE:   4
MIN 32 OR BELOW:   0    0.50 INCH OR MORE:   1
MIN  0 OR BELOW:   0    1.00 INCH OR MORE:   0

[HDD (BASE 65) ]
TOTAL THIS MO.   213    CLEAR  (SCALE 0-3)  20
DPTR FM NORMAL   -84    PTCLDY (SCALE 4-7)   6
TOTAL FM JUL 1   234    CLOUDY (SCALE 8-10)  5
DPTR FM NORMAL  -131

[CDD (BASE 65) ]
TOTAL THIS MO.    28
DPTR FM NORMAL     8    [PRESSURE DATA]
TOTAL FM JAN 1  1387    HIGHEST SLP 30.55 ON 17
DPTR FM NORMAL   140    LOWEST  SLP 29.61 ON 28

[REMARKS]
#FINAL-10-15#
