000
CXUS53 KLSX 021807 CCA
CF6COU

PRELIMINARY LOCAL CLIMATOLOGICAL DATA (WS FORM: F-6)

                                          STATION:   COLUMBIA ASOS
                                          MONTH:     JANUARY
                                          YEAR:      2016
                                          LATITUDE:   38 49 N
                                          LONGITUDE:  92 13 W

  TEMPERATURE IN F:       :PCPN:    SNOW:  WIND      :SUNSHINE: SKY     :PK WND
================================================================================
1   2   3   4   5  6A  6B    7    8   9   10  11  12  13   14  15   16   17  18
                                     12Z  AVG MX 2MIN
DY MAX MIN AVG DEP HDD CDD  WTR  SNW DPTH SPD SPD DIR MIN PSBL S-S WX    SPD DR
================================================================================

 1  40  23  32   2  33   0 0.00  0.0    0  9.6 17 270   M    M   0        20 270
 2  45  25  35   5  30   0 0.00  0.0    0  8.3 16 260   M    M   0        20 260
 3  38  25  32   2  33   0 0.00  0.0    0 11.5 20 350   M    M   2        25  10
 4  36  23  30   0  35   0 0.00  0.0    0  8.6 17  10   M    M   5        20 360
 5  41  20  31   1  34   0 0.00  0.0    0  9.3 20 170   M    M   0        23 190
 6  42  26  34   5  31   0    T    T    0  8.3 13 170   M    M   6 4      15 150
 7  45  40  43  14  22   0 0.37  0.0    0 11.5 18 150   M    M  10 1      22 150
 8  49  38  44  15  21   0 0.01  0.0    0 11.0 22 240   M    M  10        27 240
 9  38  11  25  -4  40   0 0.31  4.0    0 15.2 26 330   M    M   9 12     31 320
10  16   3  10 -19  55   0 0.00  0.0    2 11.2 24 320   M    M   1        31 320
11  36  11  24  -5  41   0 0.00  0.0    2 11.7 28 280   M    M   5        37 270
12  37  13  25  -4  40   0 0.00  0.0    1 10.4 29 310   M    M   3        38 310
13  46  12  29   0  36   0 0.00  0.0    T  8.5 16 210   M    M   0        21 210
14  61  32  47  18  18   0 0.00  0.0    0 11.5 22 200   M    M   0        29 220
15  50  25  38   9  27   0    T  0.0    0 12.9 23 320   M    M   6 18     30 310
16  33  19  26  -3  39   0 0.00  0.0    0  8.4 18 330   M    M   1        22 330
17  23   3  13 -17  52   0 0.03  0.9    T 11.5 22 330   M    M   4 1      26 360
18  18   0   9 -21  56   0 0.00  0.0    T  6.1 14 280   M    M   0        18 310
19  23  14  19 -11  46   0 0.18  2.0    T  8.9 18 100   M    M   9 1      23  90
20  30  13  22  -8  43   0 0.00  0.0    2  3.8 13 110   M    M   3 1      17 120
21  26  20  23  -7  42   0    T    T    2 11.4 18  30   M    M   9 1      24  30
22  26  19  23  -7  42   0 0.00  0.0    T 13.2 21 350   M    M   7 8      24 350
23  34  17  26  -4  39   0 0.00  0.0    T  6.4 12 320   M    M   2 1      14 230
24  53  24  39   9  26   0 0.00  0.0    T 10.0 20 160   M    M   0        26 160
25  52  32  42  12  23   0 0.00  0.0    0 15.5 30 260   M    M   6 8      41 240
26  34  27  31   1  34   0 0.00    T    0 10.4 23 280   M    M  10        32 290
27  44  20  32   2  33   0 0.00  0.0    0  8.2 17 230   M    M   2 1      21 230
28  51  32  42  12  23   0 0.00  0.0    0 11.4 24 280   M    M   1        31 300
29  56  25  41  10  24   0 0.00  0.0    0 10.4 21 170   M    M   0        25 170
30  63  38  51  20  14   0 0.00  0.0    0  8.2 17 170   M    M   0         M  M
31  63  38  51  20  14   0 0.00  0.0    0  9.5 20 300   M    M   0        27 290
================================================================================
SM 1249  668      1046   0  0.90     6.9 312.8          M      111
================================================================================
AV 40.3 21.5                              10.1 FASTST   M    M   4    MAX(MPH)
                                 MISC ---->  # 30 260               # 41  240
================================================================================
NOTES:
# LAST OF SEVERAL OCCURRENCES

COLUMN 17 PEAK WIND IN M.P.H.

PRELIMINARY LOCAL CLIMATOLOGICAL DATA (WS FORM: F-6) , PAGE 2

                                          STATION:  COLUMBIA ASOS
                                          MONTH:    JANUARY
                                          YEAR:     2016
                                          LATITUDE:   38 49 N
                                          LONGITUDE:  92 13 W

[TEMPERATURE DATA]      [PRECIPITATION DATA]       SYMBOLS USED IN COLUMN 16

AVERAGE MONTHLY: 30.9   TOTAL FOR MONTH:   0.90    1 = FOG OR MIST
DPTR FM NORMAL:   1.2   DPTR FM NORMAL:   -1.02    2 = FOG REDUCING VISIBILITY
HIGHEST:    63 ON 31,30 GRTST 24HR  0.38 ON  7-8       TO 1/4 MILE OR LESS
LOWEST:      0 ON 18                               3 = THUNDER
                        SNOW, ICE PELLETS, HAIL    4 = ICE PELLETS
                        TOTAL MONTH: 6.9 INCHES    5 = HAIL
                        GRTST 24HR   4.0 ON  9-9   6 = FREEZING RAIN OR DRIZZLE
                        GRTST DEPTH:   2 ON 21,20  7 = DUSTSTORM OR SANDSTORM:
                                                       VSBY 1/2 MILE OR LESS
                                                   8 = SMOKE OR HAZE
[NO. OF DAYS WITH]      [WEATHER - DAYS WITH]      9 = BLOWING SNOW
                                                   X = TORNADO
MAX 32 OR BELOW:   7    0.01 INCH OR MORE:   5
MAX 90 OR ABOVE:   0    0.10 INCH OR MORE:   3
MIN 32 OR BELOW:  27    0.50 INCH OR MORE:   0
MIN  0 OR BELOW:   1    1.00 INCH OR MORE:   0

[HDD (BASE 65) ]
TOTAL THIS MO.  1046    CLEAR  (SCALE 0-3)  18
DPTR FM NORMAL   -48    PTCLDY (SCALE 4-7)   7
TOTAL FM JUL 1  2425    CLOUDY (SCALE 8-10)  6
DPTR FM NORMAL  -664

[CDD (BASE 65) ]
TOTAL THIS MO.     0
DPTR FM NORMAL     0    [PRESSURE DATA]
TOTAL FM JAN 1     0    HIGHEST SLP 30.55 ON  4
DPTR FM NORMAL     0    LOWEST  SLP 29.46 ON 15

[REMARKS]
#FINAL-01-16#
