000
CXUS53 KLSX 011741
CF6COU

PRELIMINARY LOCAL CLIMATOLOGICAL DATA (WS FORM: F-6)

                                          STATION:   COLUMBIA MO
                                          MONTH:     JUNE
                                          YEAR:      2010
                                          LATITUDE:   38 49 N
                                          LONGITUDE:  92 13 W

  TEMPERATURE IN F:       :PCPN:    SNOW:  WIND      :SUNSHINE: SKY     :PK WND
================================================================================
1   2   3   4   5  6A  6B    7    8   9   10  11  12  13   14  15   16   17  18
                                     12Z  AVG MX 2MIN
DY MAX MIN AVG DEP HDD CDD  WTR  SNW DPTH SPD SPD DIR MIN PSBL S-S WX    SPD DR
================================================================================

 1  87  65  76   7   0  11 0.00  0.0    0  7.4 17 170   M    M   1 1      21 160
 2  82  63  73   4   0   8 1.17  0.0    0  8.7 36 130   M    M   6 13     40 140
 3  83  65  74   5   0   9 0.00  0.0    0  4.2 10  10   M    M   3        22 100
 4  88  65  77   7   0  12    T  0.0    0  6.9 16 210   M    M   0        21 210
 5  88  70  79   9   0  14    T  0.0    0  9.8 20 340   M    M   1        25 190
 6  81  62  72   2   0   7 0.00  0.0    0  9.3 23 330   M    M   2        28 340
 7  79  61  70  -1   0   5 0.00  0.0    0  4.9 12 140   M    M   2        14 150
 8  78  66  72   1   0   7 1.19  0.0    0  9.9 31 140   M    M   3 13     39 140
 9  82  63  73   2   0   8 0.03  0.0    0  4.0 13  20   M    M   3 1      15  60
10  87  64  76   5   0  11 0.00  0.0    0  7.5 20 200   M    M   4        26 200
11  79  72  76   4   0  11 0.02  0.0    0  9.4 17 200   M    M   5 13     23 210
12  87  67  77   5   0  12 0.56  0.0    0 10.1 28 330   M    M   4 13     32 330
13  89  68  79   7   0  14    T  0.0    0  7.7 25 310   M    M   4 3      38 320
14  79  68  74   1   0   9 0.13  0.0    0  6.3 21 300   M    M   3 1      26 290
15  81  67  74   1   0   9 0.07  0.0    0  5.7 18 320   M    M   4 1      28 320
16  87  66  77   4   0  12    T  0.0    0  2.2 21 230   M    M   2 1      26 230
17  90  70  80   7   0  15 0.00  0.0    0  7.5 16 100   M    M   3        20 110
18  91  74  83  10   0  18 0.00  0.0    0  9.1 20 200   M    M   1        24 190
19  87  66  77   3   0  12 0.70  0.0    0  7.6 45 320   M    M   2 13     56 320
20  91  66  79   5   0  14 0.00  0.0    0  2.9 13 300   M    M   1        21  40
21  90  73  82   8   0  17 0.00  0.0    0  7.4 24 170   M    M   1        35 170
22  93  75  84  10   0  19 0.00  0.0    0  7.8 15 220   M    M   1        21 220
23  93  76  85  10   0  20 0.03  0.0    0 10.2 28 330   M    M   2 13     36 320
24  84  67  76   1   0  11 0.00  0.0    0  4.4 13  10   M    M   2        28 210
25  88  65  77   2   0  12 0.00  0.0    0   M   M   M   M    M   0         M  M
26  91  74  83   8   0  18 0.00  0.0    0  9.4 17 210   M    M   1 1      22 210
27  92  72  82   7   0  17 0.12  0.0    0  9.5 24 220   M    M   3 13     60 220
28  86  68  77   1   0  12 0.00  0.0    0  5.9 14 310   M    M   1        18 310
29  81  62  72  -4   0   7 0.00  0.0    0  5.9 12  10   M    M   2        16  30
30  81  60  71  -5   0   6 0.00  0.0    0  6.1 12  70   M    M   0        17  60
================================================================================
SM 2575 2020         0 357  4.02     0.0 207.7          M       67
================================================================================
AV 85.8 67.3                               7.2 FASTST   M    M   2    MAX(MPH)
                                 MISC ---->  # 45 320               # 60  220
================================================================================
NOTES:
# LAST OF SEVERAL OCCURRENCES

COLUMN 17 PEAK WIND IN M.P.H.

PRELIMINARY LOCAL CLIMATOLOGICAL DATA (WS FORM: F-6) , PAGE 2

                                          STATION:  COLUMBIA MO
                                          MONTH:    JUNE
                                          YEAR:     2010
                                          LATITUDE:   38 49 N
                                          LONGITUDE:  92 13 W

[TEMPERATURE DATA]      [PRECIPITATION DATA]       SYMBOLS USED IN COLUMN 16

AVERAGE MONTHLY: 76.6   TOTAL FOR MONTH:   4.02    1 = FOG OR MIST
DPTR FM NORMAL:   3.9   DPTR FM NORMAL:    0.00    2 = FOG REDUCING VISIBILITY
HIGHEST:    93 ON 23,22 GRTST 24HR  1.22 ON  8- 9      TO 1/4 MILE OR LESS
LOWEST:     60 ON 30                               3 = THUNDER
                        SNOW, ICE PELLETS, HAIL    4 = ICE PELLETS
                        TOTAL MONTH:   0.0 INCH    5 = HAIL
                        GRTST 24HR     0.0         6 = FREEZING RAIN OR DRIZZLE
                        GRTST DEPTH:   0           7 = DUSTSTORM OR SANDSTORM:
                                                       VSBY 1/2 MILE OR LESS
                                                   8 = SMOKE OR HAZE
[NO. OF DAYS WITH]      [WEATHER - DAYS WITH]      9 = BLOWING SNOW
                                                   X = TORNADO
MAX 32 OR BELOW:   0    0.01 INCH OR MORE:  10
MAX 90 OR ABOVE:   8    0.10 INCH OR MORE:   6
MIN 32 OR BELOW:   0    0.50 INCH OR MORE:   4
MIN  0 OR BELOW:   0    1.00 INCH OR MORE:   2

[HDD (BASE 65) ]
TOTAL THIS MO.     0    CLEAR  (SCALE 0-3)  24
DPTR FM NORMAL   -10    PTCLDY (SCALE 4-7)   6
TOTAL FM JUL 1  5060    CLOUDY (SCALE 8-10)  0
DPTR FM NORMAL  -117

[CDD (BASE 65) ]
TOTAL THIS MO.   357
DPTR FM NORMAL   112    [PRESSURE DATA]
TOTAL FM JAN 1   505    HIGHEST SLP 30.25 ON 30
DPTR FM NORMAL   169    LOWEST  SLP 29.62 ON 27

[REMARKS]
#FINAL-06-10#
