000
CXUS53 KLSX 011636
CF6COU

PRELIMINARY LOCAL CLIMATOLOGICAL DATA (WS FORM: F-6)

                                          STATION:   COLUMBIA MO
                                          MONTH:     MARCH
                                          YEAR:      2010
                                          LATITUDE:   38 49 N
                                          LONGITUDE:  92 13 W

  TEMPERATURE IN F:       :PCPN:    SNOW:  WIND      :SUNSHINE: SKY     :PK WND
================================================================================
1   2   3   4   5  6A  6B    7    8   9   10  11  12  13   14  15   16   17  18
                                     12Z  AVG MX 2MIN
DY MAX MIN AVG DEP HDD CDD  WTR  SNW DPTH SPD SPD DIR MIN PSBL S-S WX    SPD DR
================================================================================

 1  36  24  30  -9  35   0 0.00  0.0    0  7.8 16  30   M    M   6        20  40
 2  40  26  33  -6  32   0 0.00  0.0    0  7.9 15 360   M    M   8        17 360
 3  45  20  33  -6  32   0 0.00  0.0    0  6.7 15 330   M    M   0 18     20 320
 4  49  23  36  -4  29   0 0.00  0.0    0  5.8 12 320   M    M   0 8      15 310
 5  54  27  41   1  24   0 0.00  0.0    0  8.9 15 110   M    M   0        20 150
 6  61  33  47   7  18   0 0.00  0.0    0  9.8 18 160   M    M   5        22 160
 7  61  33  47   6  18   0 0.00  0.0    0 10.2 20 240   M    M   5 1      25 240
 8  65  31  48   7  17   0 0.01  0.0    0  8.9 18 100   M    M   3 12     23 110
 9  57  47  52  11  13   0 0.55  0.0    0 11.9 26 140   M    M   8 138    33 140
10  71  44  58  16   7   0 0.42  0.0    0  8.0 31 240   M    M   1 13     38 250
11  50  43  47   5  18   0    T  0.0    0 11.8 24 240   M    M   8 12     29 240
12  45  40  43   0  22   0 0.06  0.0    0  6.5 12 320   M    M  10 1      15 180
13  44  39  42  -1  23   0    M  0.0    0 13.4 20 300   M    M  10 1      24 300
14  47  44  46   3  19   0 0.07  0.0    0 10.5 20 350   M    M   9 1      23 360
15  52  41  47   3  18   0 0.00  0.0    0 10.5 15 320   M    M   7 1      21 350
16  45  39  42  -2  23   0 0.00  0.0    0  8.0 16 340   M    M   9 1      18 340
17  49  39  44   0  21   0    T  0.0    0  6.3 10 330   M    M   8 1      14 330
18  62  35  49   4  16   0 0.00  0.0    0  6.6 15 240   M    M   0 1      20 240
19  67  38  53   8  12   0 0.00  0.0    0  8.6 20 360   M    M   0        25  30
20  39  32  36  -9  29   0 0.77  1.2    0 16.9 25  30   M    M  10 16     36  30
21  41  32  37  -9  28   0 0.04    T    T 16.3 24  20   M    M  10 16     33  30
22  58  34  46   0  19   0 0.00  0.0    0  8.9 16 360   M    M   1        21 350
23  70  32  51   4  14   0 0.00  0.0    0  6.7 14 200   M    M   0        18 200
24  69  48  59  12   6   0 0.14  0.0    0  6.3 17 360   M    M   4 1      21 350
25  51  38  45  -2  20   0 0.15  0.0    0 15.3 29  20   M    M   6 1      38  40
26  54  29  42  -6  23   0 0.00  0.0    0  8.9 16 120   M    M   0        23 130
27  60  36  48   0  17   0 0.44  0.0    0 12.3 25 120   M    M   4 13     35 140
28  56  41  49   1  16   0 0.10  0.0    0 15.3 28 330   M    M   8 1      33 330
29  61  34  48  -1  17   0 0.00  0.0    0  4.8  9 160   M    M   0        18 250
30  76  40  58   9   7   0 0.00  0.0    0 14.4 25 170   M    M   0        31 170
31  84  56  70  21   0   5 0.00  0.0    0 14.1 23 220   M    M   0        31 190
================================================================================
SM 1719 1118       593   5  2.75     1.2 308.3          M      140
================================================================================
AV 55.5 36.1                               9.9 FASTST   M    M   5    MAX(MPH)
                                 MISC ---->  # 31 240               # 38  250
================================================================================
NOTES:
# LAST OF SEVERAL OCCURRENCES

COLUMN 17 PEAK WIND IN M.P.H.

PRELIMINARY LOCAL CLIMATOLOGICAL DATA (WS FORM: F-6) , PAGE 2

                                          STATION:  COLUMBIA MO
                                          MONTH:    MARCH
                                          YEAR:     2010
                                          LATITUDE:   38 49 N
                                          LONGITUDE:  92 13 W

[TEMPERATURE DATA]      [PRECIPITATION DATA]       SYMBOLS USED IN COLUMN 16

AVERAGE MONTHLY: 45.8   TOTAL FOR MONTH:   2.75    1 = FOG OR MIST
DPTR FM NORMAL:   1.8   DPTR FM NORMAL:   -0.46    2 = FOG REDUCING VISIBILITY
HIGHEST:    84 ON 31    GRTST 24HR  0.77 ON 20-20      TO 1/4 MILE OR LESS
LOWEST:     20 ON  3                               3 = THUNDER
                        SNOW, ICE PELLETS, HAIL    4 = ICE PELLETS
                        TOTAL MONTH: 1.2 INCHES    5 = HAIL
                        GRTST 24HR   1.2 ON 20-20  6 = FREEZING RAIN OR DRIZZLE
                        GRTST DEPTH:   T           7 = DUSTSTORM OR SANDSTORM:
                                                       VSBY 1/2 MILE OR LESS
                                                   8 = SMOKE OR HAZE
[NO. OF DAYS WITH]      [WEATHER - DAYS WITH]      9 = BLOWING SNOW
                                                   X = TORNADO
MAX 32 OR BELOW:   0    0.01 INCH OR MORE:  11
MAX 90 OR ABOVE:   0    0.10 INCH OR MORE:   7
MIN 32 OR BELOW:  10    0.50 INCH OR MORE:   2
MIN  0 OR BELOW:   0    1.00 INCH OR MORE:   0

[HDD (BASE 65) ]
TOTAL THIS MO.   593    CLEAR  (SCALE 0-3)  13
DPTR FM NORMAL   -63    PTCLDY (SCALE 4-7)   7
TOTAL FM JUL 1  4776    CLOUDY (SCALE 8-10) 11
DPTR FM NORMAL    60

[CDD (BASE 65) ]
TOTAL THIS MO.     5
DPTR FM NORMAL     2    [PRESSURE DATA]
TOTAL FM JAN 1     5    HIGHEST SLP 30.33 ON  6
DPTR FM NORMAL     2    LOWEST  SLP 29.38 ON 11

[REMARKS]
#FINAL-03-10#
