000
CXUS53 KLSX 011712 CCA
CF6COU

PRELIMINARY LOCAL CLIMATOLOGICAL DATA (WS FORM: F-6)

                                          STATION:   COLUMBIA ASOS
                                          MONTH:     JANUARY
                                          YEAR:      2014
                                          LATITUDE:   38 49 N
                                          LONGITUDE:  92 13 W

  TEMPERATURE IN F:       :PCPN:    SNOW:  WIND      :SUNSHINE: SKY     :PK WND
================================================================================
1   2   3   4   5  6A  6B    7    8   9   10  11  12  13   14  15   16   17  18
                                     12Z  AVG MX 2MIN
DY MAX MIN AVG DEP HDD CDD  WTR  SNW DPTH SPD SPD DIR MIN PSBL S-S WX    SPD DR
================================================================================

 1  40  15  28  -2  37   0 0.18  2.0    0 10.7 23  10   M    M   4 1      26  10
 2  15   1   8 -22  57   0 0.02    T    2 10.2 20 340   M    M   4 1      23 340
 3  31  -2  15 -15  50   0 0.00  0.0    2 13.1 28 170   M    M   0        37 170
 4  44  22  33   3  32   0    T    T    2 12.4 22  10   M    M   3        27 180
 5  22   0  11 -19  54   0 0.27  4.8    1 20.5 35 350   M    M   9 189    40 350
 6   0 -11  -5 -34  70   0 0.00  0.0    5 13.7 28 320   M    M   2        38 310
 7  34 -11  12 -17  53   0 0.00  0.0    5  8.6 17 200   M    M   2        21 190
 8  27  17  22  -7  43   0 0.00  0.0    3  8.2 15  70   M    M   2        20  70
 9  33  18  26  -3  39   0 0.04  0.7    3  7.9 12 160   M    M  10 18     14  80
10  45  33  39  10  26   0 0.30  0.0    3 11.9 22 160   M    M  10 123    27 160
11  46  32  39  10  26   0 0.06    T    0 12.6 21 280   M    M   5 18     27 290
12  65  29  47  18  18   0 0.00  0.0    0 13.6 25 190   M    M   0        32 170
13  50  29  40  11  25   0 0.00  0.0    0 10.6 22 280   M    M   0 8      28 290
14  44  24  34   5  31   0    T  0.0    0 14.7 31 310   M    M   2        40 280
15  30  22  26  -3  39   0 0.00  0.0    0  8.8 18 310   M    M   7        23 320
16  47  17  32   3  33   0 0.01    T    0 16.4 36 310   M    M   7        47 320
17  26  14  20 -10  45   0    T    T    T 12.1 26 310   M    M   5 1      33 300
18  47  15  31   1  34   0 0.02    T    0 15.0 36 310   M    M   8        43 320
19  54  17  36   6  29   0 0.00  0.0    0 12.9 25 220   M    M   1        33 220
20  51  29  40  10  25   0    T    T    0 10.1 36 320   M    M   1        41 320
21  29   7  18 -12  47   0    T    T    T 11.7 36 330   M    M   5        44 330
22  35   9  22  -8  43   0 0.00  0.0    0 15.1 29 340   M    M   6        38 320
23  15   1   8 -22  57   0 0.00  0.0    0 11.6 23 340   M    M   0        30 330
24  39   1  20 -10  45   0 0.00  0.0    0 18.7 32 220   M    M   3        40 230
25  44  21  33   3  32   0    T  0.0    0 14.5 36 330   M    M   4        41 330
26  56  21  39   9  26   0 0.00  0.0    0 17.4 44 340   M    M   2        53 340
27  21   4  13 -17  52   0 0.00  0.0    0 14.3 29 350   M    M   1        35 340
28  19   0  10 -20  55   0 0.00  0.0    0  6.1 14 290   M    M   0        21 310
29  38   6  22  -9  43   0 0.00  0.0    0 10.5 21 210   M    M   0        25 220
30  48  26  37   6  28   0 0.00  0.0    0 15.6 29 220   M    M   4        38 210
31  31  24  28  -3  37   0    T  0.0    0 10.4 18  20   M    M  10 168    22  20
================================================================================
SM 1126  430      1231   0  0.90     7.5 389.9          M      117
================================================================================
AV 36.3 13.9                              12.6 FASTST   M    M   4    MAX(MPH)
                                 MISC ---->  # 44 340               # 53  340
================================================================================
NOTES:
# LAST OF SEVERAL OCCURRENCES

COLUMN 17 PEAK WIND IN M.P.H.

PRELIMINARY LOCAL CLIMATOLOGICAL DATA (WS FORM: F-6) , PAGE 2

                                          STATION:  COLUMBIA ASOS
                                          MONTH:    JANUARY
                                          YEAR:     2014
                                          LATITUDE:   38 49 N
                                          LONGITUDE:  92 13 W

[TEMPERATURE DATA]      [PRECIPITATION DATA]       SYMBOLS USED IN COLUMN 16

AVERAGE MONTHLY: 25.1   TOTAL FOR MONTH:   0.90    1 = FOG OR MIST
DPTR FM NORMAL:  -4.6   DPTR FM NORMAL:   -1.02    2 = FOG REDUCING VISIBILITY
HIGHEST:    65 ON 12    GRTST 24HR  0.36 ON 10-11      TO 1/4 MILE OR LESS
LOWEST:    -11 ON  7, 6                            3 = THUNDER
                        SNOW, ICE PELLETS, HAIL    4 = ICE PELLETS
                        TOTAL MONTH:   7.5 INCHES  5 = HAIL
                        GRTST 24HR   4.8 ON  5     6 = FREEZING RAIN OR DRIZZLE
                        GRTST DEPTH:   5 ON  7, 6  7 = DUSTSTORM OR SANDSTORM:
                                                       VSBY 1/2 MILE OR LESS
                                                   8 = SMOKE OR HAZE
[NO. OF DAYS WITH]      [WEATHER - DAYS WITH]      9 = BLOWING SNOW
                                                   X = TORNADO
MAX 32 OR BELOW:  12    0.01 INCH OR MORE:   8
MAX 90 OR ABOVE:   0    0.10 INCH OR MORE:   3
MIN 32 OR BELOW:  30    0.50 INCH OR MORE:   0
MIN  0 OR BELOW:   5    1.00 INCH OR MORE:   0

[HDD (BASE 65) ]
TOTAL THIS MO.  1231    CLEAR  (SCALE 0-3)  16
DPTR FM NORMAL   137    PTCLDY (SCALE 4-7)  10
TOTAL FM JUL 1  3318    CLOUDY (SCALE 8-10)  5
DPTR FM NORMAL   229

[CDD (BASE 65) ]
TOTAL THIS MO.     0
DPTR FM NORMAL     0    [PRESSURE DATA]
TOTAL FM JAN 1     0    HIGHEST SLP 30.80 ON 23
DPTR FM NORMAL     0    LOWEST  SLP 29.55 ON 10

[REMARKS]
#FINAL-01-14#
