000
CXUS53 KLSX 011600
CF6COU
PRELIMINARY LOCAL CLIMATOLOGICAL DATA (WS FORM: F-6)

                                          STATION:   COLUMBIA ASOS
                                          MONTH:     JULY
                                          YEAR:      2016
                                          LATITUDE:   38 49 N
                                          LONGITUDE:  92 13 W

  TEMPERATURE IN F:       :PCPN:    SNOW:  WIND      :SUNSHINE: SKY     :PK WND
================================================================================
1   2   3   4   5  6A  6B    7    8   9   10  11  12  13   14  15   16   17  18
                                     12Z  AVG MX 2MIN
DY MAX MIN AVG DEP HDD CDD  WTR  SNW DPTH SPD SPD DIR MIN PSBL S-S WX    SPD DR
================================================================================

 1  83  64  74  -3   0   9 0.00  0.0    0  6.9 16  20   M    M   1        20  20
 2  69  63  66 -11   0   1 1.87  0.0    0 10.2 18  80   M    M   9 13     24 120
 3  70  61  66 -11   0   1 3.58  0.0    0  8.5 20 310   M    M  10 13     25  70
 4  77  66  72  -5   0   7 0.02  0.0    0  4.5  9  50   M    M   8 12     11  60
 5  93  67  80   3   0  15 0.00  0.0    0  8.4 16 190   M    M   4 12     21 180
 6  84  73  79   2   0  14 0.02  0.0    0  8.2 22 220   M    M   2 13     29 220
 7  87  69  78   1   0  13 0.88  0.0    0  8.1 43 320   M    M   5 13     56 300
 8  90  69  80   3   0  15 0.20  0.0    0  6.3 21 230   M    M   2 13     25 220
 9  88  67  78   1   0  13 0.00  0.0    0  5.3  9 130   M    M   1        12 110
10  90  70  80   3   0  15 0.00  0.0    0  8.1 14 180   M    M   1        19 170
11  90  73  82   5   0  17 0.00  0.0    0 12.0 20 160   M    M   1        26 170
12  86  68  77   0   0  12 0.35  0.0    0  8.7 25 310   M    M   2 13     30 310
13  88  69  79   1   0  14 0.93  0.0    0  8.8 38 290   M    M   4 13     47 290
14  88  69  79   1   0  14 0.00  0.0    0  6.4 21 270   M    M   1 1      27 260
15  88  68  78   0   0  13 0.00  0.0    0  7.3 15 360   M    M   0        18 340
16  87  67  77  -1   0  12 0.26  0.0    0  7.5 13 120   M    M   4 13     15 130
17  92  73  83   5   0  18 0.00  0.0    0 10.5 21 190   M    M   0        24 200
18  92  76  84   6   0  19 0.00  0.0    0  5.5 14 330   M    M   1        17 320
19  93  73  83   5   0  18 0.01  0.0    0  6.3 20  20   M    M   1 3      24  10
20  93  72  83   5   0  18 0.00  0.0    0  6.6 10 160   M    M   1        14 120
21  95  75  85   7   0  20 0.00  0.0    0  8.1 17 230   M    M   0        21 230
22  90  71  81   3   0  16 0.38  0.0    0  8.2 29  50   M    M   2 13     35  60
23  95  76  86   8   0  21 0.00  0.0    0  6.3 14 270   M    M   0        17 240
24  95  73  84   6   0  19 0.16  0.0    0  7.9 30 300   M    M   0 13     42 310
25  84  71  78   1   0  13 1.47  0.0    0  6.6 23 340   M    M   4 13     26 340
26  88  70  79   2   0  14 0.00  0.0    0  5.4 10  50   M    M   3        14  60
27  90  71  81   4   0  16 0.00  0.0    0  3.2  8 130   M    M   2 1      10 140
28  89  71  80   3   0  15    T  0.0    0  4.6 26  10   M    M   2 13     34 340
29  84  69  77   0   0  12 0.00  0.0    0  4.4 14 320   M    M   2        20 320
30  84  65  75  -2   0  10 0.00  0.0    0  4.0 14 320   M    M   1        18 300
31  83  67  75  -2   0  10 0.78  0.0    0  7.0 18 240   M    M   2 13     22 240
================================================================================
SM 2705 2156         0 424 10.91     0.0 219.8          M       76
================================================================================
AV 87.3 69.5                               7.1 FASTST   M    M   2    MAX(MPH)
                                 MISC ---->  # 43 320               # 56  300
================================================================================
NOTES:
# LAST OF SEVERAL OCCURRENCES

COLUMN 17 PEAK WIND IN M.P.H.

PRELIMINARY LOCAL CLIMATOLOGICAL DATA (WS FORM: F-6) , PAGE 2

                                          STATION:  COLUMBIA ASOS
                                          MONTH:    JULY
                                          YEAR:     2016
                                          LATITUDE:   38 49 N
                                          LONGITUDE:  92 13 W

[TEMPERATURE DATA]      [PRECIPITATION DATA]       SYMBOLS USED IN COLUMN 16

AVERAGE MONTHLY: 78.4   TOTAL FOR MONTH:  10.91    1 = FOG OR MIST
DPTR FM NORMAL:   1.1   DPTR FM NORMAL:    6.54    2 = FOG REDUCING VISIBILITY
HIGHEST:    95 ON 24,23 GRTST 24HR  5.07 ON  2- 3      TO 1/4 MILE OR LESS
LOWEST:     61 ON  3                               3 = THUNDER
                        SNOW, ICE PELLETS, HAIL    4 = ICE PELLETS
                        TOTAL MONTH:   0.0 INCH    5 = HAIL
                        GRTST 24HR     0.0         6 = FREEZING RAIN OR DRIZZLE
                        GRTST DEPTH:   0           7 = DUSTSTORM OR SANDSTORM:
                                                       VSBY 1/2 MILE OR LESS
                                                   8 = SMOKE OR HAZE
[NO. OF DAYS WITH]      [WEATHER - DAYS WITH]      9 = BLOWING SNOW
                                                   X = TORNADO
MAX 32 OR BELOW:   0    0.01 INCH OR MORE:  14
MAX 90 OR ABOVE:  13    0.10 INCH OR MORE:  11
MIN 32 OR BELOW:   0    0.50 INCH OR MORE:   6
MIN  0 OR BELOW:   0    1.00 INCH OR MORE:   3

[HDD (BASE 65) ]
TOTAL THIS MO.     0    CLEAR  (SCALE 0-3)  23
DPTR FM NORMAL     0    PTCLDY (SCALE 4-7)   5
TOTAL FM JUL 1     0    CLOUDY (SCALE 8-10)  3
DPTR FM NORMAL     0

[CDD (BASE 65) ]
TOTAL THIS MO.   424
DPTR FM NORMAL    42    [PRESSURE DATA]
TOTAL FM JAN 1   942    HIGHEST SLP 30.21 ON 19
DPTR FM NORMAL   209    LOWEST  SLP 29.73 ON 13

[REMARKS]
#FINAL-07-16#
