000
CXUS53 KLSX 011600
CF6COU
PRELIMINARY LOCAL CLIMATOLOGICAL DATA (WS FORM: F-6)

                                          STATION:   COLUMBIA ASOS
                                          MONTH:     OCTOBER
                                          YEAR:      2013
                                          LATITUDE:   38 49 N
                                          LONGITUDE:  92 13 W

  TEMPERATURE IN F:       :PCPN:    SNOW:  WIND      :SUNSHINE: SKY     :PK WND
================================================================================
1   2   3   4   5  6A  6B    7    8   9   10  11  12  13   14  15   16   17  18
                                     12Z  AVG MX 2MIN
DY MAX MIN AVG DEP HDD CDD  WTR  SNW DPTH SPD SPD DIR MIN PSBL S-S WX    SPD DR
================================================================================

 1  84  63  74  13   0   9 0.00  0.0    0  7.7 15 230   M    M   4 1      19 210
 2  87  64  76  15   0  11 0.00  0.0    0  6.6 15 170   M    M   4 12     21 180
 3  85  67  76  16   0  11    T  0.0    0 11.0 17 170   M    M   3        23 190
 4  87  68  78  18   0  13 0.00  0.0    0 11.8 21 160   M    M   1        24 170
 5  74  45  60   0   5   0 0.52  0.0    0  8.6 31 270   M    M   4 1      44 270
 6  56  41  49 -10  16   0    T  0.0    0 11.5 24 270   M    M   7        31 270
 7  70  48  59   0   6   0 0.00  0.0    0  6.2 15 300   M    M   3 8      19 300
 8  77  47  62   4   3   0 0.00  0.0    0  7.5 16 170   M    M   0 8      23 180
 9  74  47  61   3   4   0 0.00  0.0    0  6.3 12 150   M    M   0        18 130
10  78  51  65   7   0   0 0.00  0.0    0  7.6 15 170   M    M   0        18 150
11  80  55  68  10   0   3 0.00  0.0    0 11.6 20 150   M    M   3 1      26 150
12  74  49  62   5   3   0 0.06  0.0    0  8.1 16 330   M    M   2 1      23 230
13  74  47  61   4   4   0 0.00  0.0    0  8.1 13 350   M    M   0 8      17  40
14  68  48  58   1   7   0 0.03  0.0    0 10.4 17 120   M    M   2        24 110
15  63  47  55  -1  10   0 0.38  0.0    0  9.9 17 150   M    M   5 1      21 140
16  58  40  49  -7  16   0 0.02  0.0    0  6.8 16 280   M    M   7        21 300
17  64  43  54  -2  11   0 0.03  0.0    0  7.8 20 230   M    M   3 12     25 230
18  57  40  49  -6  16   0 0.07  0.0    0  9.5 16 310   M    M   4        21 310
19  58  35  47  -8  18   0 0.01  0.0    0 10.7 21 220   M    M   4 1      27 230
20  71  41  56   1   9   0 0.00  0.0    0 11.4 24 210   M    M   1        29 210
21  53  37  45 -10  20   0 0.00  0.0    0  8.6 20 330   M    M   2        24 320
22  65  35  50  -4  15   0 0.08  0.0    0 12.7 25 320   M    M   7        33 330
23  47  32  40 -14  25   0 0.00  0.0    0  6.6 16 340   M    M   6        19 340
24  49  33  41 -13  24   0 0.00  0.0    0 10.9 23 330   M    M   4        30 340
25  55  22  39 -14  26   0 0.00  0.0    0  6.9 15 190   M    M   0        20 200
26  63  36  50  -3  15   0 0.00  0.0    0 10.4 22 260   M    M   1        28 270
27  60  31  46  -7  19   0 0.00  0.0    0  5.0 12 210   M    M   0        19 220
28  70  34  52   0  13   0 0.00  0.0    0  5.3 12 190   M    M   0        14 180
29  60  48  54   2  11   0 0.39  0.0    0  8.7 17 150   M    M   7 1      22 150
30  71  60  66  14   0   1 0.11  0.0    0 10.5 22 180   M    M  10 123    27 190
31  63  43  53   2  12   0 1.13  0.0    0 10.0 23 250   M    M   8 1      31 310
================================================================================
SM 2095 1397       308  48  2.83     0.0 274.7          M      102
================================================================================
AV 67.6 45.1                               8.9 FASTST   M    M   3    MAX(MPH)
                                 MISC ---->  # 31 270               # 44  270
================================================================================
NOTES:
# LAST OF SEVERAL OCCURRENCES

COLUMN 17 PEAK WIND IN M.P.H.

PRELIMINARY LOCAL CLIMATOLOGICAL DATA (WS FORM: F-6) , PAGE 2

                                          STATION:  COLUMBIA ASOS
                                          MONTH:    OCTOBER
                                          YEAR:     2013
                                          LATITUDE:   38 49 N
                                          LONGITUDE:  92 13 W

[TEMPERATURE DATA]      [PRECIPITATION DATA]       SYMBOLS USED IN COLUMN 16

AVERAGE MONTHLY: 56.3   TOTAL FOR MONTH:   2.83    1 = FOG OR MIST
DPTR FM NORMAL:   0.3   DPTR FM NORMAL:   -0.48    2 = FOG REDUCING VISIBILITY
HIGHEST:    87 ON  4, 2 GRTST 24HR  1.23 ON 30-31      TO 1/4 MILE OR LESS
LOWEST:     22 ON 25                               3 = THUNDER
                        SNOW, ICE PELLETS, HAIL    4 = ICE PELLETS
                        TOTAL MONTH:   0.0 INCH    5 = HAIL
                        GRTST 24HR     0.0         6 = FREEZING RAIN OR DRIZZLE
                        GRTST DEPTH:   0           7 = DUSTSTORM OR SANDSTORM:
                                                       VSBY 1/2 MILE OR LESS
                                                   8 = SMOKE OR HAZE
[NO. OF DAYS WITH]      [WEATHER - DAYS WITH]      9 = BLOWING SNOW
                                                   X = TORNADO
MAX 32 OR BELOW:   0    0.01 INCH OR MORE:  12
MAX 90 OR ABOVE:   0    0.10 INCH OR MORE:   5
MIN 32 OR BELOW:   3    0.50 INCH OR MORE:   2
MIN  0 OR BELOW:   0    1.00 INCH OR MORE:   1

[HDD (BASE 65) ]
TOTAL THIS MO.   308    CLEAR  (SCALE 0-3)  16
DPTR FM NORMAL    11    PTCLDY (SCALE 4-7)  14
TOTAL FM JUL 1   324    CLOUDY (SCALE 8-10)  1
DPTR FM NORMAL   -41

[CDD (BASE 65) ]
TOTAL THIS MO.    48
DPTR FM NORMAL    28    [PRESSURE DATA]
TOTAL FM JAN 1  1322    HIGHEST SLP 30.52 ON 25
DPTR FM NORMAL    75    LOWEST  SLP 29.44 ON 31

[REMARKS]
#FINAL-10-13#
