000
CXUS53 KLSX 011600
CF6COU
PRELIMINARY LOCAL CLIMATOLOGICAL DATA (WS FORM: F-6)

                                          STATION:   COLUMBIA ASOS
                                          MONTH:     MARCH
                                          YEAR:      2014
                                          LATITUDE:   38 49 N
                                          LONGITUDE:  92 13 W

  TEMPERATURE IN F:       :PCPN:    SNOW:  WIND      :SUNSHINE: SKY     :PK WND
================================================================================
1   2   3   4   5  6A  6B    7    8   9   10  11  12  13   14  15   16   17  18
                                     12Z  AVG MX 2MIN
DY MAX MIN AVG DEP HDD CDD  WTR  SNW DPTH SPD SPD DIR MIN PSBL S-S WX    SPD DR
================================================================================

 1  40  17  29 -10  36   0    T    T    0 12.4 21  20   M    M   9 168    25 360
 2  17   2  10 -30  55   0 0.05  0.4    T 17.9 24 360   M    M   8 189    29  10
 3  25  -2  12 -28  53   0 0.00  0.0    T  7.6 22  10   M    M   0        27 360
 4  43  13  28 -12  37   0 0.00  0.0    0  7.1 16 170   M    M   0        20 170
 5  49  27  38  -3  27   0 0.00  0.0    0  8.3 21  40   M    M   1        24  70
 6  50  24  37  -4  28   0 0.00  0.0    0  6.6 13  80   M    M   3 18     16  70
 7  63  28  46   5  19   0 0.00  0.0    0  8.9 20  40   M    M   0        24  40
 8  43  32  38  -4  27   0 0.00  0.0    0  9.4 18 360   M    M   9 18     22 360
 9  58  24  41  -1  24   0 0.00  0.0    0  9.9 21 230   M    M   1 18     26 240
10  77  37  57  14   8   0 0.00  0.0    0 13.2 24 260   M    M   0        29 240
11  81  36  59  16   6   0 0.39    T    0 14.0 39 350   M    M   2 13     48 350
12  46  29  38  -5  27   0 0.11  0.1    0 15.0 31 350   M    M   3 1      39 350
13  66  27  47   3  18   0 0.00  0.0    0 10.4 22 230   M    M   0        27 240
14  64  44  54  10  11   0 0.00  0.0    0 14.9 28 250   M    M   0        39 240
15  72  36  54  10  11   0 0.00  0.0    0  9.7 23  40   M    M   1        31  40
16  45  20  33 -12  32   0    T    T    0 20.2 35  50   M    M   7        44  50
17  48  16  32 -13  33   0 0.00  0.0    0  6.5 15 160   M    M   0        20 160
18  65  36  51   6  14   0 0.02  0.0    0 15.8 30 160   M    M   3 3      39 170
19  50  34  42  -4  23   0    T  0.0    0 13.2 26 290   M    M   5        33 280
20  68  31  50   4  15   0 0.00  0.0    0 12.6 24 210   M    M   0        31 220
21  78  45  62  16   3   0 0.00  0.0    0 13.3 26 280   M    M   0        34 290
22  50  31  41  -6  24   0 0.00  0.0    0 14.1 22 340   M    M   2        27 340
23  43  24  34 -13  31   0 0.00  0.0    0 10.6 21 360   M    M   2        25 360
24  41  23  32 -16  33   0    T    T    0  5.8 18 300   M    M   8 1      24 310
25  40  25  33 -15  32   0    T    T    0 11.4 29 330   M    M   3        34 340
26  53  21  37 -11  28   0 0.18  0.0    0 15.2 29 190   M    M   4 1      36 190
27  64  40  52   3  13   0 0.47  0.0    0 16.7 33 180   M    M   9 13     40 190
28  47  37  42  -7  23   0 0.00  0.0    0  7.5 17 320   M    M   9 8      23 270
29  54  34  44  -5  21   0 0.00  0.0    0  9.5 20 360   M    M   5 8      23 360
30  71  32  52   2  13   0 0.00  0.0    0 12.9 20 170   M    M   0        26 200
31  69  50  60  10   5   0 0.01  0.0    0 19.0 36 180   M    M   1 3      45 190
================================================================================
SM 1680  873       730   0  1.23     0.5 369.6          M       95
================================================================================
AV 54.2 28.2                              11.9 FASTST   M    M   3    MAX(MPH)
                                 MISC ---->  # 39 350               # 48  350
================================================================================
NOTES:
# LAST OF SEVERAL OCCURRENCES

COLUMN 17 PEAK WIND IN M.P.H.

PRELIMINARY LOCAL CLIMATOLOGICAL DATA (WS FORM: F-6) , PAGE 2

                                          STATION:  COLUMBIA ASOS
                                          MONTH:    MARCH
                                          YEAR:     2014
                                          LATITUDE:   38 49 N
                                          LONGITUDE:  92 13 W

[TEMPERATURE DATA]      [PRECIPITATION DATA]       SYMBOLS USED IN COLUMN 16

AVERAGE MONTHLY: 41.2   TOTAL FOR MONTH:   1.23    1 = FOG OR MIST
DPTR FM NORMAL:  -3.4   DPTR FM NORMAL:   -1.68    2 = FOG REDUCING VISIBILITY
HIGHEST:    81 ON 11    GRTST 24HR  0.47 ON 27-27      TO 1/4 MILE OR LESS
LOWEST:     -2 ON  3                               3 = THUNDER
                        SNOW, ICE PELLETS, HAIL    4 = ICE PELLETS
                        TOTAL MONTH:   0.5 INCH    5 = HAIL
                        GRTST 24HR   0.4 ON   M    6 = FREEZING RAIN OR DRIZZLE
                        GRTST DEPTH:   0           7 = DUSTSTORM OR SANDSTORM:
                                                       VSBY 1/2 MILE OR LESS
                                                   8 = SMOKE OR HAZE
[NO. OF DAYS WITH]      [WEATHER - DAYS WITH]      9 = BLOWING SNOW
                                                   X = TORNADO
MAX 32 OR BELOW:   2    0.01 INCH OR MORE:   7
MAX 90 OR ABOVE:   0    0.10 INCH OR MORE:   4
MIN 32 OR BELOW:  20    0.50 INCH OR MORE:   0
MIN  0 OR BELOW:   1    1.00 INCH OR MORE:   0

[HDD (BASE 65) ]
TOTAL THIS MO.   730    CLEAR  (SCALE 0-3)  20
DPTR FM NORMAL    94    PTCLDY (SCALE 4-7)   5
TOTAL FM JUL 1  5159    CLOUDY (SCALE 8-10)  6
DPTR FM NORMAL   577

[CDD (BASE 65) ]
TOTAL THIS MO.     0
DPTR FM NORMAL    -3    [PRESSURE DATA]
TOTAL FM JAN 1     0    HIGHEST SLP 30.57 ON  3
DPTR FM NORMAL    -3    LOWEST  SLP 29.42 ON 27

[REMARKS]
#FINAL-03-14#
