000
CXUS53 KLSX 311600
CF6COU
PRELIMINARY LOCAL CLIMATOLOGICAL DATA (WS FORM: F-6)

                                          STATION:   COLUMBIA ASOS
                                          MONTH:     DECEMBER
                                          YEAR:      2013
                                          LATITUDE:   38 49 N
                                          LONGITUDE:  92 13 W

  TEMPERATURE IN F:       :PCPN:    SNOW:  WIND      :SUNSHINE: SKY     :PK WND
================================================================================
1   2   3   4   5  6A  6B    7    8   9   10  11  12  13   14  15   16   17  18
                                     12Z  AVG MX 2MIN
DY MAX MIN AVG DEP HDD CDD  WTR  SNW DPTH SPD SPD DIR MIN PSBL S-S WX    SPD DR
================================================================================

 1  58  29  44   7  21   0 0.00  0.0    0  3.5  9 100   M    M   0 12     12 100
 2  54  34  44   7  21   0 0.00  0.0    0  6.6 13 200   M    M   4 18     15 200
 3  62  38  50  14  15   0 0.00  0.0    0  8.9 17 170   M    M   3 12     21 170
 4  64  28  46  10  19   0 0.00  0.0    0 12.0 24 280   M    M   8 18     32 280
 5  28  21  25 -10  40   0 0.00  0.0    0 12.7 22 310   M    M   6        27 290
 6  22  11  17 -18  48   0 0.00  0.0    0 11.7 18 360   M    M   8        22  10
 7  23   7  15 -20  50   0 0.00  0.0    0  8.3 14 100   M    M   1        18  50
 8  25  18  22 -12  43   0 0.04  0.2    0  8.4 15 100   M    M  10 18     20 300
 9  24  13  19 -15  46   0 0.00  0.0    T  9.8 18 290   M    M   6        24 300
10  36   7  22 -12  43   0 0.00  0.0    T  8.8 18 240   M    M   0        23 230
11  31  12  22 -11  43   0 0.00  0.0    0  9.4 24  10   M    M   0        30  10
12  44   7  26  -7  39   0 0.00  0.0    0  9.7 21 220   M    M   0        23 220
13  35  23  29  -4  36   0 0.91  1.4    0  9.5 16 170   M    M   6 16     20 170
14  33  24  29  -3  36   0 0.12  0.8    2 11.2 23 330   M    M  10 1      31 330
15  39  13  26  -6  39   0 0.00  0.0    1  6.0 15 280   M    M   3 18     20 270
16  37  21  29  -3  36   0 0.00  0.0    1  5.3 13 350   M    M   2 128    16 350
17  42  24  33   1  32   0 0.00  0.0    0  8.0 20 320   M    M   2 18     26 310
18  58  24  41  10  24   0 0.00  0.0    0 12.3 24 190   M    M   0        29 200
19  58  42  50  19  15   0 0.00  0.0    0 12.7 25 190   M    M   5        30 180
20  56  28  42  11  23   0 0.08  0.0    0  9.5 20 290   M    M   9 16     24 290
21  32  29  31   0  34   0 0.54  0.0    0  8.6 17  50   M    M  10 16     23  50
22  31  20  26  -5  39   0 0.02  0.0    0 11.4 18 290   M    M  10 16     24 280
23  20   5  13 -18  52   0    T    T    0  9.0 18 310   M    M   5 1      21 310
24  24   1  13 -17  52   0 0.00  0.0    0  8.0 16 130   M    M   1        21 140
25  32  24  28  -2  37   0 0.00  0.0    0  8.8 16 250   M    M   8 1      20 260
26  45  20  33   3  32   0 0.00  0.0    0  9.1 20 210   M    M   0 1      25 190
27  53  25  39   9  26   0 0.00  0.0    0  7.6 12 210   M    M   0 1      14 200
28  55  31  43  13  22   0 0.00  0.0    0  9.1 17 200   M    M   0        23 200
29  40  13  27  -3  38   0 0.00  0.0    0 13.9 25 320   M    M   6        32 320
30  28   9  19 -11  46   0 0.00  0.0    0  6.3 13 330   M    M   4        15 170
================================================================================
SM 1189  601      1047   0  1.71     2.4 276.1          M      127
================================================================================
AV 39.6 20.0                               9.2 FASTST   M    M   4    MAX(MPH)
                                 MISC ---->  # 25 190               # 32  280
================================================================================
NOTES:
# LAST OF SEVERAL OCCURRENCES

COLUMN 17 PEAK WIND IN M.P.H.

PRELIMINARY LOCAL CLIMATOLOGICAL DATA (WS FORM: F-6) , PAGE 2

                                          STATION:  COLUMBIA ASOS
                                          MONTH:    DECEMBER
                                          YEAR:     2013
                                          LATITUDE:   38 49 N
                                          LONGITUDE:  92 13 W

[TEMPERATURE DATA]      [PRECIPITATION DATA]       SYMBOLS USED IN COLUMN 16

AVERAGE MONTHLY: 29.8   TOTAL FOR MONTH:   1.71    1 = FOG OR MIST
DPTR FM NORMAL:  -2.7   DPTR FM NORMAL:   -0.66    2 = FOG REDUCING VISIBILITY
HIGHEST:    64 ON  4    GRTST 24HR  1.03 ON 13-14      TO 1/4 MILE OR LESS
LOWEST:      1 ON 24                               3 = THUNDER
                        SNOW, ICE PELLETS, HAIL    4 = ICE PELLETS
                        TOTAL MONTH:   2.4 INCHES  5 = HAIL
                        GRTST 24HR   1.4 ON   M    6 = FREEZING RAIN OR DRIZZLE
                        GRTST DEPTH:   2 ON 14     7 = DUSTSTORM OR SANDSTORM:
                                                       VSBY 1/2 MILE OR LESS
                                                   8 = SMOKE OR HAZE
[NO. OF DAYS WITH]      [WEATHER - DAYS WITH]      9 = BLOWING SNOW
                                                   X = TORNADO
MAX 32 OR BELOW:  12    0.01 INCH OR MORE:   6
MAX 90 OR ABOVE:   0    0.10 INCH OR MORE:   3
MIN 32 OR BELOW:  27    0.50 INCH OR MORE:   2
MIN  0 OR BELOW:   0    1.00 INCH OR MORE:   0

[HDD (BASE 65) ]
TOTAL THIS MO.  1047    CLEAR  (SCALE 0-3)  13
DPTR FM NORMAL    73    PTCLDY (SCALE 4-7)  10
TOTAL FM JUL 1  2054    CLOUDY (SCALE 8-10)  7
DPTR FM NORMAL    95

[CDD (BASE 65) ]
TOTAL THIS MO.     0
DPTR FM NORMAL     0    [PRESSURE DATA]
TOTAL FM JAN 1  1322    HIGHEST SLP M ON M
DPTR FM NORMAL    73    LOWEST  SLP 29.50 ON 30

[REMARKS]
