000
CXUS53 KLSX 022026
CF6COU

PRELIMINARY LOCAL CLIMATOLOGICAL DATA (WS FORM: F-6)

                                          STATION:   COLUMBIA ASOS
                                          MONTH:     FEBRUARY
                                          YEAR:      2014
                                          LATITUDE:   38 49 N
                                          LONGITUDE:  92 13 W

  TEMPERATURE IN F:       :PCPN:    SNOW:  WIND      :SUNSHINE: SKY     :PK WND
================================================================================
1   2   3   4   5  6A  6B    7    8   9   10  11  12  13   14  15   16   17  18
                                     12Z  AVG MX 2MIN
DY MAX MIN AVG DEP HDD CDD  WTR  SNW DPTH SPD SPD DIR MIN PSBL S-S WX    SPD DR
================================================================================

 1  32  24  28  -3  37   0 0.59  0.2    T 10.2 18 330   M    M  10 136    23 330
 2  24   5  15 -16  50   0    T    T    1  9.2 18 350   M    M   2 1      24 350
 3  28   2  15 -16  50   0 0.00  0.0    1  5.4 10  70   M    M   0        12 100
 4  23  18  21 -11  44   0 0.37  4.2    0 12.9 20  10   M    M   9 12     24  40
 5  18   2  10 -22  55   0 0.11  1.3    5 13.8 25 310   M    M   7 1      30 310
 6  11  -4   4 -28  61   0 0.00  0.0    6  5.7 13 320   M    M   2        15 310
 7  16  -5   6 -26  59   0 0.01    T    6  3.8  9 130   M    M   8        12 140
 8  28  14  21 -11  44   0 0.01  0.1    6  5.4 12 250   M    M  10        13 250
 9  26  13  20 -13  45   0 0.06  1.6    5  8.7 17  10   M    M  10 18     21  10
10  15   2   9 -24  56   0 0.00  0.0    6  8.2 17 360   M    M   2        21 360
11  21  -7   7 -26  58   0 0.00  0.0    6  5.3 12 120   M    M   0        14 120
12  39   6  23 -10  42   0 0.00  0.0    6  4.3 10 290   M    M   1        12 290
13  42  15  29  -5  36   0 0.00  0.0    5  8.8 22 260   M    M   0        25 260
14  36  16  26  -8  39   0    T  0.0    4 11.8 24  10   M    M   6 168    28 360
15  34   8  21 -13  44   0    T    T    3  7.1 20 140   M    M   4        24 140
16  33  27  30  -5  35   0 0.00  0.0    3 10.1 18 350   M    M   6        23 120
17  46  30  38   3  27   0 0.14  0.0    3 12.9 28 300   M    M   5 16     37 280
18  62  34  48  13  17   0 0.00  0.0    2 13.8 30 210   M    M   0        37 210
19  52  34  43   7  22   0 0.07  0.0    0  8.6 18 120   M    M   2 3      24 130
20  72  35  54  18  11   0    T  0.0    0 18.5 49 260   M    M   8 3      59 250
21  57  30  44   8  21   0    T  0.0    0 15.1 41 290   M    M   2        49 290
22  55  29  42   5  23   0    T  0.0    0  8.4 18  40   M    M   4        22  40
23  36  23  30  -7  35   0 0.00  0.0    0 11.1 21  20   M    M   6        26  30
24  37  20  29  -8  36   0 0.00  0.0    0  6.9 16  50   M    M   4        19  50
25  29  16  23 -15  42   0    T    T    0 11.5 21 330   M    M   7 1      26 340
26  26   6  16 -22  49   0 0.00  0.0    0 11.8 23 330   M    M   1        27 340
27  29  16  23 -15  42   0 0.00  0.0    0  9.6 20 360   M    M   0        24 340
28  50  18  34  -5  31   0 0.00  0.0    0 12.0 23 170   M    M   2        27 170
================================================================================
SM  977  427      1111   0  1.36     7.4 270.9          M      118
================================================================================
AV 34.9 15.3                               9.7 FASTST   M    M   4    MAX(MPH)
                                 MISC ---->  # 49 260               # 59  250
================================================================================
NOTES:
# LAST OF SEVERAL OCCURRENCES

COLUMN 17 PEAK WIND IN M.P.H.

PRELIMINARY LOCAL CLIMATOLOGICAL DATA (WS FORM: F-6) , PAGE 2

                                          STATION:  COLUMBIA ASOS
                                          MONTH:    FEBRUARY
                                          YEAR:     2014
                                          LATITUDE:   38 49 N
                                          LONGITUDE:  92 13 W

[TEMPERATURE DATA]      [PRECIPITATION DATA]       SYMBOLS USED IN COLUMN 16

AVERAGE MONTHLY: 25.1   TOTAL FOR MONTH:   1.36    1 = FOG OR MIST
DPTR FM NORMAL:  -9.3   DPTR FM NORMAL:   -0.89    2 = FOG REDUCING VISIBILITY
HIGHEST:    72 ON 20    GRTST 24HR  0.59 ON  1- 1      TO 1/4 MILE OR LESS
LOWEST:     -7 ON 11                               3 = THUNDER
                        SNOW, ICE PELLETS, HAIL    4 = ICE PELLETS
                        TOTAL MONTH:   7.4 INCHES  5 = HAIL
                        GRTST 24HR   4.2 ON   4    6 = FREEZING RAIN OR DRIZZLE
                        GRTST DEPTH:   6 ON 12,11  7 = DUSTSTORM OR SANDSTORM:
                                                       VSBY 1/2 MILE OR LESS
                                                   8 = SMOKE OR HAZE
[NO. OF DAYS WITH]      [WEATHER - DAYS WITH]      9 = BLOWING SNOW
                                                   X = TORNADO
MAX 32 OR BELOW:  14    0.01 INCH OR MORE:   8
MAX 90 OR ABOVE:   0    0.10 INCH OR MORE:   4
MIN 32 OR BELOW:  25    0.50 INCH OR MORE:   1
MIN  0 OR BELOW:   3    1.00 INCH OR MORE:   0

[HDD (BASE 65) ]
TOTAL THIS MO.  1111    CLEAR  (SCALE 0-3)  13
DPTR FM NORMAL   254    PTCLDY (SCALE 4-7)  11
TOTAL FM JUL 1  4429    CLOUDY (SCALE 8-10)  4
DPTR FM NORMAL   483

[CDD (BASE 65) ]
TOTAL THIS MO.     0
DPTR FM NORMAL     0    [PRESSURE DATA]
TOTAL FM JAN 1     0    HIGHEST SLP 30.68 ON  6
DPTR FM NORMAL     0    LOWEST  SLP 29.21 ON 20

[REMARKS]
#FINAL-02-14#
