000
CXUS53 KLSX 011645 CCA
CF6COU

PRELIMINARY LOCAL CLIMATOLOGICAL DATA (WS FORM: F-6)

                                          STATION:   COLUMBIA ASOS
                                          MONTH:     AUGUST
                                          YEAR:      2013
                                          LATITUDE:   38 49 N
                                          LONGITUDE:  92 13 W

  TEMPERATURE IN F:       :PCPN:    SNOW:  WIND      :SUNSHINE: SKY     :PK WND
================================================================================
1   2   3   4   5  6A  6B    7    8   9   10  11  12  13   14  15   16   17  18
                                     12Z  AVG MX 2MIN
DY MAX MIN AVG DEP HDD CDD  WTR  SNW DPTH SPD SPD DIR MIN PSBL S-S WX    SPD DR
================================================================================

 1  88  62  75  -2   0  10 0.00  0.0    0  4.2  9 310   M    M   1 1      13 310
 2  78  67  73  -4   0   8 0.47  0.0    0  6.3 16 150   M    M   6 123    20 150
 3  86  67  77   0   0  12 0.00  0.0    0  7.1 13  20   M    M   6 1      17  40
 4  77  63  70  -7   0   5 0.00  0.0    0  6.0 13 100   M    M   4        16 110
 5  83  69  76  -1   0  11 0.00  0.0    0  7.2 17 160   M    M   8        22 180
 6  87  70  79   2   0  14 0.46  0.0    0  7.8 33 250   M    M   5 123    43 230
 7  86  71  79   2   0  14    T  0.0    0  9.1 23 240   M    M   3 3      31 240
 8  80  67  74  -3   0   9 0.00  0.0    0  6.4 13  40   M    M   2        15  30
 9  78  66  72  -5   0   7 0.02  0.0    0  4.0  8  20   M    M   3 1      10  30
10  84  64  74  -3   0   9 0.00  0.0    0  8.0 15  20   M    M   1 1      22  10
11  87  59  73  -4   0   8 0.00  0.0    0  5.4 12 150   M    M   0        16 150
12  80  67  74  -3   0   9 0.92  0.0    0  4.4 18 350   M    M   4 13     24 210
13  79  62  71  -6   0   6 0.00  0.0    0  7.5 15  30   M    M   1 1      18  10
14  77  55  66 -11   0   1 0.00  0.0    0  5.4 12 120   M    M   2        15 130
15  76  57  67 -10   0   2 0.00  0.0    0  4.8  9 110   M    M   2        13 110
16  77  57  67 -10   0   2 0.00  0.0    0  6.4 13  70   M    M   5        20  20
17  80  55  68  -9   0   3 0.00  0.0    0  6.5 14  80   M    M   2        17  80
18  82  58  70  -6   0   5 0.00  0.0    0  4.1  9  80   M    M   2        13  70
19  85  62  74  -2   0   9 0.00  0.0    0  4.4 10 170   M    M   1 18     13 180
20  88  64  76   0   0  11 0.00  0.0    0  6.1 12 210   M    M   1 1      16 210
21  90  65  78   2   0  13 0.00  0.0    0  6.8 14 210   M    M   0 1      20 210
22  92  68  80   4   0  15 0.00  0.0    0  3.5 10 280   M    M   1 18     14 240
23  92  69  81   5   0  16 0.01  0.0    0  3.4  9 110   M    M   1        12  90
24  94  70  82   6   0  17 0.00  0.0    0  7.0 12 180   M    M   1 1      15 190
25  92  67  80   5   0  15 0.00  0.0    0  6.4 12 190   M    M   0 1      14 170
26  95  69  82   7   0  17 0.00  0.0    0  7.5 15 240   M    M   1 1      19 220
27  96  69  83   8   0  18 0.00  0.0    0  9.1 20 240   M    M   0 1      25 240
28  94  68  81   6   0  16 0.00  0.0    0  5.7 14 280   M    M   1        18 280
29  97  69  83   9   0  18 0.00  0.0    0  4.7 12 280   M    M   1 1      14 280
30 100  73  87  13   0  22 0.00  0.0    0  8.9 17 240   M    M   1        23 270
31 100  73  87  13   0  22 0.00  0.0    0  8.0 18 260   M    M   0        27 240
================================================================================
SM 2680 2022         0 344  1.88     0.0 192.1          M       66
================================================================================
AV 86.5 65.2                               6.2 FASTST   M    M   2    MAX(MPH)
                                 MISC ---->  # 33 250               # 43  230
================================================================================
NOTES:
# LAST OF SEVERAL OCCURRENCES

COLUMN 17 PEAK WIND IN M.P.H.

PRELIMINARY LOCAL CLIMATOLOGICAL DATA (WS FORM: F-6) , PAGE 2

                                          STATION:  COLUMBIA ASOS
                                          MONTH:    AUGUST
                                          YEAR:     2013
                                          LATITUDE:   38 49 N
                                          LONGITUDE:  92 13 W

[TEMPERATURE DATA]      [PRECIPITATION DATA]       SYMBOLS USED IN COLUMN 16

AVERAGE MONTHLY: 75.9   TOTAL FOR MONTH:   1.88    1 = FOG OR MIST
DPTR FM NORMAL:  -0.3   DPTR FM NORMAL:   -2.48    2 = FOG REDUCING VISIBILITY
HIGHEST:   100 ON 31,30 GRTST 24HR  0.92 ON 12-12      TO 1/4 MILE OR LESS
LOWEST:     55 ON 17,14                            3 = THUNDER
                        SNOW, ICE PELLETS, HAIL    4 = ICE PELLETS
                        TOTAL MONTH:   0.0 INCH    5 = HAIL
                        GRTST 24HR     0.0         6 = FREEZING RAIN OR DRIZZLE
                        GRTST DEPTH:   0           7 = DUSTSTORM OR SANDSTORM:
                                                       VSBY 1/2 MILE OR LESS
                                                   8 = SMOKE OR HAZE
[NO. OF DAYS WITH]      [WEATHER - DAYS WITH]      9 = BLOWING SNOW
                                                   X = TORNADO
MAX 32 OR BELOW:   0    0.01 INCH OR MORE:   5
MAX 90 OR ABOVE:  11    0.10 INCH OR MORE:   3
MIN 32 OR BELOW:   0    0.50 INCH OR MORE:   1
MIN  0 OR BELOW:   0    1.00 INCH OR MORE:   0

[HDD (BASE 65) ]
TOTAL THIS MO.     0    CLEAR  (SCALE 0-3)  24
DPTR FM NORMAL    -2    PTCLDY (SCALE 4-7)   6
TOTAL FM JUL 1     0    CLOUDY (SCALE 8-10)  1
DPTR FM NORMAL    -2

[CDD (BASE 65) ]
TOTAL THIS MO.   344
DPTR FM NORMAL    -6    [PRESSURE DATA]
TOTAL FM JAN 1  1067    HIGHEST SLP 30.25 ON 25
DPTR FM NORMAL   -16    LOWEST  SLP 29.75 ON 31

[REMARKS]
#FINAL-08-13#
