000
CXUS53 KLSX 011600
CF6COU
PRELIMINARY LOCAL CLIMATOLOGICAL DATA (WS FORM: F-6)

                                          STATION:   COLUMBIA ASOS
                                          MONTH:     MARCH
                                          YEAR:      2016
                                          LATITUDE:   38 49 N
                                          LONGITUDE:  92 13 W

  TEMPERATURE IN F:       :PCPN:    SNOW:  WIND      :SUNSHINE: SKY     :PK WND
================================================================================
1   2   3   4   5  6A  6B    7    8   9   10  11  12  13   14  15   16   17  18
                                     12Z  AVG MX 2MIN
DY MAX MIN AVG DEP HDD CDD  WTR  SNW DPTH SPD SPD DIR MIN PSBL S-S WX    SPD DR
================================================================================

 1  58  25  42   3  23   0 0.02    T    0 15.0 29 290   M    M   6 1      35 300
 2  46  18  32  -8  33   0 0.00  0.0    0 10.1 22 160   M    M   2        28 160
 3  52  38  45   5  20   0 0.10  0.0    0 10.4 26 170   M    M  10 1      33 150
 4  51  36  44   4  21   0 0.00  0.0    0  6.7 14 150   M    M   6 1      17 130
 5  61  35  48   7  17   0 0.00  0.0    0 11.4 26 340   M    M   1        35 340
 6  71  34  53  12  12   0 0.00  0.0    0 14.6 24 180   M    M   1        30 190
 7  74  57  66  25   0   1 0.00  0.0    0 16.1 26 190   M    M   8        35 180
 8  76  60  68  26   0   3 0.69  0.0    0 15.0 28  90   M    M   5 1      33  90
 9  61  52  57  15   8   0 0.01  0.0    0  6.7 14 330   M    M   9 12     16 330
10  58  44  51   8  14   0 0.02  0.0    0  8.1 15  30   M    M   6        17  20
11  65  39  52   9  13   0 0.00  0.0    0  7.2 15 130   M    M   1        18 110
12  57  49  53  10  12   0 0.29  0.0    0  6.6 12 100   M    M   9 1      14  90
13  63  53  58  14   7   0    T  0.0    0  3.5  8  40   M    M  10 12     10 280
14  72  49  61  17   4   0 0.00  0.0    0  5.7 16 220   M    M   5 12     20 220
15  80  47  64  20   1   0 0.01  0.0    0 12.5 35 290   M    M   2        46 280
16  62  43  53   8  12   0    T  0.0    0 14.6 26 260   M    M   0        34 250
17  63  38  51   6  14   0 0.00  0.0    0  7.6 21 220   M    M   0        27 220
18  47  38  43  -2  22   0 0.06  0.0    0  6.8 18  50   M    M   9        22  50
19  45  31  38  -8  27   0 0.00  0.0    0  9.6 22 300   M    M   6        28 310
20  47  30  39  -7  26   0    T    T    0  9.9 21 350   M    M   8 1      25 350
21  60  29  45  -1  20   0 0.00  0.0    0 12.4 24 200   M    M   0        28 210
22  76  45  61  14   4   0 0.00  0.0    0 15.3 30 210   M    M   0        40 210
23  75  55  65  18   0   0 0.01  0.0    0 15.6 32 280   M    M   4 8      41 300
24  65  37  51   3  14   0 0.04  0.0    0 16.5 29 240   M    M   9        38 260
25  55  35  45  -3  20   0 0.00  0.0    0  7.1 14 130   M    M   5        17 120
26  67  38  53   5  12   0 0.00  0.0    0  8.7 16 120   M    M   3        21 130
27  49  35  42  -7  23   0 0.18  0.0    0  9.8 21 300   M    M   6 1      26 320
28  64  30  47  -2  18   0 0.00  0.0    0  4.3  8 100   M    M   0 1      10 270
29  67  42  55   6  10   0 0.00  0.0    0 12.3 22 150   M    M   0        28 130
30  75  51  63  13   2   0 0.45  0.0    0 13.9 31 180   M    M   7 13     39 180
31  66  46  56   6   9   0    T  0.0    0 13.6 26 240   M    M   6        36 250
================================================================================
SM 1928 1259       418   4  1.88    T    327.6          M      144
================================================================================
AV 62.2 40.6                              10.6 FASTST   M    M   5    MAX(MPH)
                                 MISC ---->  # 35 290               # 46  280
================================================================================
NOTES:
# LAST OF SEVERAL OCCURRENCES

COLUMN 17 PEAK WIND IN M.P.H.

PRELIMINARY LOCAL CLIMATOLOGICAL DATA (WS FORM: F-6) , PAGE 2

                                          STATION:  COLUMBIA ASOS
                                          MONTH:    MARCH
                                          YEAR:     2016
                                          LATITUDE:   38 49 N
                                          LONGITUDE:  92 13 W

[TEMPERATURE DATA]      [PRECIPITATION DATA]       SYMBOLS USED IN COLUMN 16

AVERAGE MONTHLY: 51.4   TOTAL FOR MONTH:   1.88    1 = FOG OR MIST
DPTR FM NORMAL:   6.8   DPTR FM NORMAL:   -1.03    2 = FOG REDUCING VISIBILITY
HIGHEST:    80 ON 15    GRTST 24HR  0.69 ON  8- 8      TO 1/4 MILE OR LESS
LOWEST:     18 ON  2                               3 = THUNDER
                        SNOW, ICE PELLETS, HAIL    4 = ICE PELLETS
                        TOTAL MONTH:    T          5 = HAIL
                        GRTST 24HR    T  ON 20-20  6 = FREEZING RAIN OR DRIZZLE
                        GRTST DEPTH:   0           7 = DUSTSTORM OR SANDSTORM:
                                                       VSBY 1/2 MILE OR LESS
                                                   8 = SMOKE OR HAZE
[NO. OF DAYS WITH]      [WEATHER - DAYS WITH]      9 = BLOWING SNOW
                                                   X = TORNADO
MAX 32 OR BELOW:   0    0.01 INCH OR MORE:  12
MAX 90 OR ABOVE:   0    0.10 INCH OR MORE:   5
MIN 32 OR BELOW:   6    0.50 INCH OR MORE:   1
MIN  0 OR BELOW:   0    1.00 INCH OR MORE:   0

[HDD (BASE 65) ]
TOTAL THIS MO.   418    CLEAR  (SCALE 0-3)  12
DPTR FM NORMAL  -218    PTCLDY (SCALE 4-7)  11
TOTAL FM JUL 1  3595    CLOUDY (SCALE 8-10)  8
DPTR FM NORMAL  -987

[CDD (BASE 65) ]
TOTAL THIS MO.     4
DPTR FM NORMAL     1    [PRESSURE DATA]
TOTAL FM JAN 1     4    HIGHEST SLP 30.33 ON 20
DPTR FM NORMAL     1    LOWEST  SLP 29.38 ON 31

[REMARKS]
#FINAL-03-16#
