000
CXUS53 KLSX 031530 CCA
CF6COU

PRELIMINARY LOCAL CLIMATOLOGICAL DATA (WS FORM: F-6)

                                          STATION:   COLUMBIA ASOS
                                          MONTH:     JUNE
                                          YEAR:      2015
                                          LATITUDE:   38 49 N
                                          LONGITUDE:  92 13 W

  TEMPERATURE IN F:       :PCPN:    SNOW:  WIND      :SUNSHINE: SKY     :PK WND
================================================================================
1   2   3   4   5  6A  6B    7    8   9   10  11  12  13   14  15   16   17  18
                                     12Z  AVG MX 2MIN
DY MAX MIN AVG DEP HDD CDD  WTR  SNW DPTH SPD SPD DIR MIN PSBL S-S WX    SPD DR
================================================================================

 1  64  55  60  -9   5   0 0.00  0.0    0  4.9  9  80   M    M  10 1      12  80
 2  70  57  64  -5   1   0 0.00  0.0    0  4.9 13 140   M    M   8 1      17 240
 3  71  56  64  -5   1   0 0.18  0.0    0  7.4 28 150   M    M   6 1      35 160
 4  75  65  70   0   0   5 0.16  0.0    0  6.5 18 260   M    M   6 13     25 270
 5  85  66  76   6   0  11 0.07  0.0    0  7.0 18 330   M    M   3 3      22 320
 6  83  63  73   3   0   8 0.00  0.0    0  6.4 13  70   M    M   1        17  60
 7  91  69  80   9   0  15 0.08  0.0    0 12.7 25 220   M    M   1 13     32 220
 8  85  68  77   6   0  12 0.76  0.0    0  7.6 20 290   M    M   2 123    29 290
 9  90  67  79   8   0  14 0.00  0.0    0  7.0 14 250   M    M   0        18 260
10  91  67  79   7   0  14 0.00  0.0    0  9.5 18 220   M    M   0        26 210
11  91  71  81   9   0  16    T  0.0    0 10.4 21 140   M    M   1 3      25 170
12  89  69  79   7   0  14 0.49  0.0    0 10.3 29 280   M    M   3 13     42 300
13  84  68  76   4   0  11 1.18  0.0    0  6.2 24 250   M    M   5 13     31 240
14  85  70  78   5   0  13 0.93  0.0    0  7.0 18 310   M    M   6 138    26 280
15  85  71  78   5   0  13 0.28  0.0    0  8.9 18 210   M    M   4 13     23 210
16  81  71  76   3   0  11 0.58  0.0    0  6.9 13 150   M    M   8 13     17 150
17  79  70  75   1   0  10 2.14  0.0    0  8.3 17 220   M    M   5 13     22 210
18  80  69  75   1   0  10 0.13  0.0    0  6.3 16 150   M    M   6 1      20 150
19  76  69  73  -1   0   8    T  0.0    0 10.2 20  10   M    M  10 1      24  30
20  92  63  78   4   0  13 0.00  0.0    0  9.0 22 200   M    M   3 123    28 210
21  81  71  76   1   0  11 0.05  0.0    0  8.1 20 190   M    M   7 13     26 190
22  89  71  80   5   0  15    T  0.0    0 13.4 25 220   M    M   3        32 200
23  85  68  77   2   0  12    T  0.0    0  7.0 17  60   M    M   6        21  10
24  86  67  77   2   0  12 0.00  0.0    0  8.7 21  40   M    M   1        25  30
25  93  69  81   5   0  16 0.01  0.0    0 12.8 43 340   M    M   2 3      53 340
26  79  67  73  -3   0   8 0.46  0.0    0  8.9 21 350   M    M   5 13     25 350
27  81  65  73  -3   0   8 0.00  0.0    0  8.1 17 360   M    M   4        21  20
28  85  62  74  -2   0   9 0.02  0.0    0 10.1 25 230   M    M   2 3      35 240
29  85  66  76   0   0  11 0.00  0.0    0  8.2 15 310   M    M   1        19 280
30  84  68  76   0   0  11 0.04  0.0    0  5.9 13 290   M    M   1 1      17 280
================================================================================
SM 2495 1998         7 311  7.56     0.0 248.6          M      120
================================================================================
AV 83.2 66.6                               8.3 FASTST   M    M   4    MAX(MPH)
                                 MISC ---->  # 43 340               # 53  340
================================================================================
NOTES:
# LAST OF SEVERAL OCCURRENCES

COLUMN 17 PEAK WIND IN M.P.H.

PRELIMINARY LOCAL CLIMATOLOGICAL DATA (WS FORM: F-6) , PAGE 2

                                          STATION:  COLUMBIA ASOS
                                          MONTH:    JUNE
                                          YEAR:     2015
                                          LATITUDE:   38 49 N
                                          LONGITUDE:  92 13 W

[TEMPERATURE DATA]      [PRECIPITATION DATA]       SYMBOLS USED IN COLUMN 16

AVERAGE MONTHLY: 74.9   TOTAL FOR MONTH:   7.56    1 = FOG OR MIST
DPTR FM NORMAL:   2.0   DPTR FM NORMAL:    3.09    2 = FOG REDUCING VISIBILITY
HIGHEST:    93 ON 25    GRTST 24HR  2.65 ON 16-17      TO 1/4 MILE OR LESS
LOWEST:     55 ON  1                               3 = THUNDER
                        SNOW, ICE PELLETS, HAIL    4 = ICE PELLETS
                        TOTAL MONTH:   0.0 INCH    5 = HAIL
                        GRTST 24HR     0.0         6 = FREEZING RAIN OR DRIZZLE
                        GRTST DEPTH:   0           7 = DUSTSTORM OR SANDSTORM:
                                                       VSBY 1/2 MILE OR LESS
                                                   8 = SMOKE OR HAZE
[NO. OF DAYS WITH]      [WEATHER - DAYS WITH]      9 = BLOWING SNOW
                                                   X = TORNADO
MAX 32 OR BELOW:   0    0.01 INCH OR MORE:  17
MAX 90 OR ABOVE:   6    0.10 INCH OR MORE:  11
MIN 32 OR BELOW:   0    0.50 INCH OR MORE:   5
MIN  0 OR BELOW:   0    1.00 INCH OR MORE:   2

[HDD (BASE 65) ]
TOTAL THIS MO.     7    CLEAR  (SCALE 0-3)  15
DPTR FM NORMAL    -4    PTCLDY (SCALE 4-7)  11
TOTAL FM JUL 1  4946    CLOUDY (SCALE 8-10)  4
DPTR FM NORMAL   -77

[CDD (BASE 65) ]
TOTAL THIS MO.   311
DPTR FM NORMAL    63    [PRESSURE DATA]
TOTAL FM JAN 1   430    HIGHEST SLP 30.18 ON  1
DPTR FM NORMAL    79    LOWEST  SLP 29.69 ON 11

[REMARKS]
#FINAL-06-15#
