784
CXUS53 KLSX 011807 CCA
CF6COU

PRELIMINARY LOCAL CLIMATOLOGICAL DATA (WS FORM: F-6)

                                          STATION:   COLUMBIA ASOS
                                          MONTH:     MAY
                                          YEAR:      2016
                                          LATITUDE:   38 49 N
                                          LONGITUDE:  92 13 W

  TEMPERATURE IN F:       :PCPN:    SNOW:  WIND      :SUNSHINE: SKY     :PK WND
================================================================================
1   2   3   4   5  6A  6B    7    8   9   10  11  12  13   14  15   16   17  18
                                     12Z  AVG MX 2MIN
DY MAX MIN AVG DEP HDD CDD  WTR  SNW DPTH SPD SPD DIR MIN PSBL S-S WX    SPD DR
================================================================================

 1  67  52  60   0   5   0 0.00  0.0    0 10.4 20 260   M    M   7 12     26 260
 2  54  44  49 -11  16   0 0.03  0.0    0  5.8 16 340   M    M  10 12     20 330
 3  68  42  55  -5  10   0 0.00  0.0    0  5.9 15 310   M    M   6 12     22 310
 4  69  50  60  -1   5   0 0.00  0.0    0 14.2 25 360   M    M   2        32 360
 5  69  43  56  -5   9   0 0.00  0.0    0  8.0 18 360   M    M   0        25 360
 6  80  48  64   3   1   0 0.00  0.0    0  7.5 14 240   M    M   0 8      17 280
 7  84  59  72  10   0   7 0.00  0.0    0 10.3 22 250   M    M   1        27 250
 8  79  59  69   7   0   4 0.01  0.0    0  6.7 15  60   M    M   4 18     18  60
 9  71  60  66   4   0   1 0.18  0.0    0 10.3 17 140   M    M   7 13     23 130
10  80  58  69   7   0   4 0.03  0.0    0  7.0 16 160   M    M   2 3      19 170
11  85  62  74  11   0   9 0.03  0.0    0  7.3 21 330   M    M   4 3      25 340
12  72  51  62  -1   3   0    T  0.0    0 11.4 26 310   M    M   1        33 280
13  79  47  63   0   2   0 0.04  0.0    0 12.3 30 330   M    M   2        36 330
14  60  43  52 -11  13   0 0.00  0.0    0 11.8 24 330   M    M   2 8      32 300
15  68  41  55  -9  10   0 0.01  0.0    0  6.5 17 320   M    M   1        24 330
16  55  47  51 -13  14   0 0.52  0.0    0  9.5 21 100   M    M   9 1      26  70
17  55  45  50 -14  15   0 0.50  0.0    0  9.8 17  60   M    M   8 1      22  60
18  68  43  56  -9   9   0 0.00  0.0    0  6.4 14  10   M    M   1 1      20  70
19  69  43  56  -9   9   0 0.00  0.0    0  5.5 14 140   M    M   1        19 130
20  67  54  61  -4   4   0 0.15  0.0    0  7.8 15  40   M    M  10 1      17  30
21  75  49  62  -3   3   0 0.00  0.0    0  5.8 13  40   M    M   2 1      16  40
22  80  52  66   0   0   1 0.00  0.0    0  5.8 13 140   M    M   0        16 140
23  79  55  67   1   0   2 0.00  0.0    0  8.7 20 170   M    M   1        24 160
24  74  61  68   2   0   3 0.21  0.0    0  7.9 21 160   M    M   2 13     25 160
25  83  61  72   5   0   7 0.10  0.0    0  8.7 14 190   M    M   2 13     17 190
26  88  64  76   9   0  11 1.72  0.0    0  9.3 29 310   M    M   0 13     37 310
27  81  64  73   6   0   8 0.41  0.0    0 11.3 21 170   M    M   8 13     27 150
28  83  65  74   7   0   9 0.00  0.0    0 12.1 22 200   M    M   2        27 170
29  86  61  74   6   0   9 0.00  0.0    0  5.2 13 270   M    M   0 8      15 290
30  85  63  74   6   0   9 0.00  0.0    0  5.6 24 230   M    M   0        32 220
31  82  64  73   5   0   8 0.02  0.0    0  6.8 15 190   M    M   4 3      19 190
================================================================================
SM 2295 1650       128  92  3.96     0.0 261.6          M       99
================================================================================
AV 74.0 53.2                               8.4 FASTST   M    M   3    MAX(MPH)
                                 MISC ---->  # 30 330               # 37  310
================================================================================
NOTES:
# LAST OF SEVERAL OCCURRENCES

COLUMN 17 PEAK WIND IN M.P.H.

PRELIMINARY LOCAL CLIMATOLOGICAL DATA (WS FORM: F-6) , PAGE 2

                                          STATION:  COLUMBIA ASOS
                                          MONTH:    MAY
                                          YEAR:     2016
                                          LATITUDE:   38 49 N
                                          LONGITUDE:  92 13 W

[TEMPERATURE DATA]      [PRECIPITATION DATA]       SYMBOLS USED IN COLUMN 16

AVERAGE MONTHLY: 63.6   TOTAL FOR MONTH:   3.96    1 = FOG OR MIST
DPTR FM NORMAL:  -0.4   DPTR FM NORMAL:   -1.02    2 = FOG REDUCING VISIBILITY
HIGHEST:    88 ON 26    GRTST 24HR  1.98 ON 26-27      TO 1/4 MILE OR LESS
LOWEST:     41 ON 15                               3 = THUNDER
                        SNOW, ICE PELLETS, HAIL    4 = ICE PELLETS
                        TOTAL MONTH:   0.0 INCH    5 = HAIL
                        GRTST 24HR     0.0         6 = FREEZING RAIN OR DRIZZLE
                        GRTST DEPTH:   0           7 = DUSTSTORM OR SANDSTORM:
                                                       VSBY 1/2 MILE OR LESS
                                                   8 = SMOKE OR HAZE
[NO. OF DAYS WITH]      [WEATHER - DAYS WITH]      9 = BLOWING SNOW
                                                   X = TORNADO
MAX 32 OR BELOW:   0    0.01 INCH OR MORE:  15
MAX 90 OR ABOVE:   0    0.10 INCH OR MORE:   8
MIN 32 OR BELOW:   0    0.50 INCH OR MORE:   3
MIN  0 OR BELOW:   0    1.00 INCH OR MORE:   1

[HDD (BASE 65) ]
TOTAL THIS MO.   128    CLEAR  (SCALE 0-3)  20
DPTR FM NORMAL    19    PTCLDY (SCALE 4-7)   6
TOTAL FM JUL 1  3952    CLOUDY (SCALE 8-10)  5
DPTR FM NORMAL -1060

[CDD (BASE 65) ]
TOTAL THIS MO.    92
DPTR FM NORMAL    14    [PRESSURE DATA]
TOTAL FM JAN 1   124    HIGHEST SLP 30.27 ON 18
DPTR FM NORMAL    21    LOWEST  SLP 29.67 ON 10

[REMARKS]
#FINAL-05-16#
