000
CXUS53 KLSX 011612
CF6COU

PRELIMINARY LOCAL CLIMATOLOGICAL DATA (WS FORM: F-6)

                                          STATION:   COLUMBIA ASOS
                                          MONTH:     OCTOBER
                                          YEAR:      2016
                                          LATITUDE:   38 49 N
                                          LONGITUDE:  92 13 W

  TEMPERATURE IN F:       :PCPN:    SNOW:  WIND      :SUNSHINE: SKY     :PK WND
================================================================================
1   2   3   4   5  6A  6B    7    8   9   10  11  12  13   14  15   16   17  18
                                     12Z  AVG MX 2MIN
DY MAX MIN AVG DEP HDD CDD  WTR  SNW DPTH SPD SPD DIR MIN PSBL S-S WX    SPD DR
================================================================================

 1  68  57  63   2   2   0 0.00  0.0    0  5.8 10 290   M    M  10        14 320
 2  69  61  65   4   0   0 0.00  0.0    0  3.1  8 290   M    M  10        11 270
 3  75  56  66   6   0   1 0.00  0.0    0  6.8 14 160   M    M   4 12     18 140
 4  82  57  70  10   0   5    T  0.0    0 11.5 23 160   M    M   0        30 140
 5  80  61  71  11   0   6 0.27  0.0    0  9.2 17 130   M    M   4 13     22 130
 6  77  65  71  12   0   6 0.22  0.0    0 10.0 26 280   M    M   4 13     34 280
 7  65  46  56  -3   9   0    T  0.0    0  8.9 29 320   M    M   4 1      36 310
 8  71  41  56  -2   9   0 0.00  0.0    0  3.6 10 230   M    M   0        14 210
 9  74  44  59   1   6   0 0.00  0.0    0  4.8  9 190   M    M   0        12 190
10  74  50  62   4   3   0 0.01  0.0    0  7.7 15 170   M    M   1        19 150
11  80  53  67   9   0   2 0.00  0.0    0  9.9 17 180   M    M   3        21 190
12  67  48  58   1   7   0    T  0.0    0 10.7 21 330   M    M   7 138    25 340
13  60  37  49  -8  16   0 0.00  0.0    0  6.7 14 360   M    M   2        17 350
14  71  49  60   3   5   0 0.00  0.0    0  9.3 17 170   M    M   4        22 170
15  82  61  72  16   0   7 0.00  0.0    0 14.1 23 200   M    M   5        32 190
16  86  67  77  21   0  12 0.00  0.0    0 14.5 24 180   M    M   2        33 180
17  90  69  80  24   0  15 0.00  0.0    0 18.7 36 210   M    M   0        52 220
18  83  60  72  17   0   7 0.00  0.0    0  9.3 16 260   M    M   3        20 190
19  70  56  63   8   2   0 0.99  0.0    0 10.1 30 190   M    M   9 13     40 190
20  59  41  50  -5  15   0 0.05  0.0    0 11.5 22 330   M    M   5        24 330
21  61  37  49  -6  16   0 0.00  0.0    0  4.6 13 310   M    M   0        15 310
22  71  40  56   2   9   0 0.00  0.0    0  7.4 14 210   M    M   0        17 210
23  77  49  63   9   2   0 0.00  0.0    0  9.1 22 240   M    M   0        26 230
24  67  45  56   2   9   0 0.00  0.0    0  7.8 14  30   M    M   0        19  30
25  70  50  60   7   5   0 0.00  0.0    0  9.4 15 140   M    M   3        19 140
26  68  56  62   9   3   0 0.04  0.0    0  9.5 18 320   M    M   8 1      22 320
27  68  52  60   7   5   0 0.00  0.0    0  4.9 12 360   M    M   5        14 360
28  82  51  67  15   0   2 0.00  0.0    0 12.6 23 200   M    M   0 1      29 210
29  83  60  72  20   0   7 0.00  0.0    0 11.0 22 220   M    M   0        28 240
30  66  51  59   7   6   0 0.00  0.0    0  8.0 16 360   M    M   6 8      20  10
31  74  50  62  11   3   0 0.00  0.0    0  9.1 16 180   M    M   3 1      22 170
================================================================================
SM 2270 1620       132  70  1.58     0.0 279.6          M      102
================================================================================
AV 73.2 52.3                               9.0 FASTST   M    M   3    MAX(MPH)
                                 MISC ---->  # 36 210               # 52  220
================================================================================
NOTES:
# LAST OF SEVERAL OCCURRENCES

COLUMN 17 PEAK WIND IN M.P.H.

PRELIMINARY LOCAL CLIMATOLOGICAL DATA (WS FORM: F-6) , PAGE 2

                                          STATION:  COLUMBIA ASOS
                                          MONTH:    OCTOBER
                                          YEAR:     2016
                                          LATITUDE:   38 49 N
                                          LONGITUDE:  92 13 W

[TEMPERATURE DATA]      [PRECIPITATION DATA]       SYMBOLS USED IN COLUMN 16

AVERAGE MONTHLY: 62.7   TOTAL FOR MONTH:   1.58    1 = FOG OR MIST
DPTR FM NORMAL:   6.7   DPTR FM NORMAL:   -1.73    2 = FOG REDUCING VISIBILITY
HIGHEST:    90 ON 17    GRTST 24HR  1.04 ON 19-20      TO 1/4 MILE OR LESS
LOWEST:     37 ON 21,13                            3 = THUNDER
                        SNOW, ICE PELLETS, HAIL    4 = ICE PELLETS
                        TOTAL MONTH:   0.0 INCH    5 = HAIL
                        GRTST 24HR     0.0         6 = FREEZING RAIN OR DRIZZLE
                        GRTST DEPTH:   0           7 = DUSTSTORM OR SANDSTORM:
                                                       VSBY 1/2 MILE OR LESS
                                                   8 = SMOKE OR HAZE
[NO. OF DAYS WITH]      [WEATHER - DAYS WITH]      9 = BLOWING SNOW
                                                   X = TORNADO
MAX 32 OR BELOW:   0    0.01 INCH OR MORE:   6
MAX 90 OR ABOVE:   1    0.10 INCH OR MORE:   3
MIN 32 OR BELOW:   0    0.50 INCH OR MORE:   1
MIN  0 OR BELOW:   0    1.00 INCH OR MORE:   0

[HDD (BASE 65) ]
TOTAL THIS MO.   132    CLEAR  (SCALE 0-3)  17
DPTR FM NORMAL  -165    PTCLDY (SCALE 4-7)  10
TOTAL FM JUL 1   141    CLOUDY (SCALE 8-10)  4
DPTR FM NORMAL  -224

[CDD (BASE 65) ]
TOTAL THIS MO.    70
DPTR FM NORMAL    50    [PRESSURE DATA]
TOTAL FM JAN 1  1613    HIGHEST SLP 30.38 ON  9
DPTR FM NORMAL   366    LOWEST  SLP 29.49 ON 17

[REMARKS]
#FINAL-10-16#
