000
CXUS53 KLSX 011610
CF6COU

PRELIMINARY LOCAL CLIMATOLOGICAL DATA (WS FORM: F-6)

                                          STATION:   COLUMBIA ASOS
                                          MONTH:     SEPTEMBER
                                          YEAR:      2017
                                          LATITUDE:   38 49 N
                                          LONGITUDE:  92 13 W

  TEMPERATURE IN F:       :PCPN:    SNOW:  WIND      :SUNSHINE: SKY     :PK WND
================================================================================
1   2   3   4   5  6A  6B    7    8   9   10  11  12  13   14  15   16   17  18
                                     12Z  AVG MX 2MIN
DY MAX MIN AVG DEP HDD CDD  WTR  SNW DPTH SPD SPD DIR MIN PSBL S-S WX    SPD DR
================================================================================

 1  78  56  67  -6   0   2 0.00  0.0    0  9.3 16 360   M    M   0 18     20  50
 2  83  50  67  -6   0   2 0.00  0.0    0  5.7 12 270   M    M   0        14 260
 3  88  63  76   3   0  11 0.00  0.0    0  3.9  9  10   M    M   1 1       M  M
 4  92  64  78   6   0  13 0.00  0.0    0 11.5 22 250   M    M   2 1      27 220
 5  77  53  65  -7   0   0 0.00  0.0    0 11.3 24 340   M    M   3        30 300
 6  72  48  60 -12   5   0 0.00  0.0    0  7.3 20 330   M    M   3        25 340
 7  77  46  62  -9   3   0 0.00  0.0    0  4.6 13 310   M    M   0        18 280
 8  84  51  68  -3   0   3 0.00  0.0    0  6.0 13 220   M    M   0        17 230
 9  85  60  73   2   0   8 0.00  0.0    0  5.3 12 100   M    M   2        14 100
10  83  60  72   2   0   7 0.00  0.0    0  6.3 15  60   M    M   1        19 100
11  81  53  67  -3   0   2 0.00  0.0    0  6.9 16  50   M    M   0        23  60
12  76  56  66  -3   0   1 0.00  0.0    0  9.2 18  20   M    M   0        25  30
13  85  54  70   1   0   5 0.00  0.0    0  5.4 12 360   M    M   1        17 360
14  88  54  71   3   0   6 0.00  0.0    0  5.7 12 180   M    M   0        16 210
15  90  61  76   8   0  11 0.00  0.0    0  8.7 16 170   M    M   0        20 200
16  89  64  77   9   0  12 0.00  0.0    0  8.2 17 190   M    M   0        20 180
17  78  66  72   5   0   7 0.35  0.0    0  5.5 14 180   M    M   5 1      18 180
18  82  63  73   6   0   8 1.57  0.0    0  6.7 31 230   M    M   2 1238   38 260
19  86  63  75   9   0  10    T  0.0    0  6.4 13 160   M    M   5 12     16 150
20  92  70  81  15   0  16 0.00  0.0    0 10.4 21 170   M    M   0        23 170
21  91  72  82  17   0  17 0.00  0.0    0  8.2 15 190   M    M   1        20 180
22  91  71  81  16   0  16 0.00  0.0    0  7.5 16 180   M    M   0 8      20 190
23  91  68  80  16   0  15 0.00  0.0    0  5.9 10 120   M    M   1        14 120
24  89  68  79  15   0  14 0.00  0.0    0  6.4 13 180   M    M   0        19 260
25  89  66  78  15   0  13 0.00  0.0    0  6.9 15 160   M    M   0        18 140
26  85  66  76  13   0  11 0.00  0.0    0  7.8 16 340   M    M   2        20 320
27  70  55  63   0   2   0 0.00  0.0    0  9.0 16 350   M    M   3 8      19  10
28  77  51  64   2   1   0 0.00  0.0    0  5.7 14  20   M    M   0 18     20  30
29  83  52  68   6   0   3 0.00  0.0    0  3.9 13  60   M    M   1 8      16  60
30  76  53  65   4   0   0 0.00  0.0    0  8.7 16 100   M    M   0         M  M
================================================================================
SM 2508 1777        11 213  1.92     0.0 214.3          M       33
================================================================================
AV 83.6 59.2                               7.1 FASTST   M    M   1    MAX(MPH)
                                 MISC ---->  # 31 230               # 38  260
================================================================================
NOTES:
# LAST OF SEVERAL OCCURRENCES

COLUMN 17 PEAK WIND IN M.P.H.

PRELIMINARY LOCAL CLIMATOLOGICAL DATA (WS FORM: F-6) , PAGE 2

                                          STATION:  COLUMBIA ASOS
                                          MONTH:    SEPTEMBER
                                          YEAR:     2017
                                          LATITUDE:   38 49 N
                                          LONGITUDE:  92 13 W

[TEMPERATURE DATA]      [PRECIPITATION DATA]       SYMBOLS USED IN COLUMN 16

AVERAGE MONTHLY: 71.4   TOTAL FOR MONTH:   1.92    1 = FOG OR MIST
DPTR FM NORMAL:   3.8   DPTR FM NORMAL:   -1.95    2 = FOG REDUCING VISIBILITY
HIGHEST:    92 ON 20, 4 GRTST 24HR  1.57 ON 18-18      TO 1/4 MILE OR LESS
LOWEST:     46 ON  7                               3 = THUNDER
                        SNOW, ICE PELLETS, HAIL    4 = ICE PELLETS
                        TOTAL MONTH:   0.0 INCH    5 = HAIL
                        GRTST 24HR     0.0         6 = FREEZING RAIN OR DRIZZLE
                        GRTST DEPTH:   0           7 = DUSTSTORM OR SANDSTORM:
                                                       VSBY 1/2 MILE OR LESS
                                                   8 = SMOKE OR HAZE
[NO. OF DAYS WITH]      [WEATHER - DAYS WITH]      9 = BLOWING SNOW
                                                   X = TORNADO
MAX 32 OR BELOW:   0    0.01 INCH OR MORE:   2
MAX 90 OR ABOVE:   6    0.10 INCH OR MORE:   2
MIN 32 OR BELOW:   0    0.50 INCH OR MORE:   1
MIN  0 OR BELOW:   0    1.00 INCH OR MORE:   1

[HDD (BASE 65) ]
TOTAL THIS MO.    11    CLEAR  (SCALE 0-3)  28
DPTR FM NORMAL   -55    PTCLDY (SCALE 4-7)   2
TOTAL FM JUL 1    14    CLOUDY (SCALE 8-10)  0
DPTR FM NORMAL   -54

[CDD (BASE 65) ]
TOTAL THIS MO.   213
DPTR FM NORMAL    69    [PRESSURE DATA]
TOTAL FM JAN 1  1327    HIGHEST SLP 30.34 ON 30
DPTR FM NORMAL   100    LOWEST  SLP 29.72 ON 13

[REMARKS]
#FINAL-09-17#
