000
CXUS53 KLSX 011709
CF6COU

PRELIMINARY LOCAL CLIMATOLOGICAL DATA (WS FORM: F-6)

                                          STATION:   COLUMBIA ASOS
                                          MONTH:     JULY
                                          YEAR:      2017
                                          LATITUDE:   38 49 N
                                          LONGITUDE:  92 13 W

  TEMPERATURE IN F:       :PCPN:    SNOW:  WIND      :SUNSHINE: SKY     :PK WND
================================================================================
1   2   3   4   5  6A  6B    7    8   9   10  11  12  13   14  15   16   17  18
                                     12Z  AVG MX 2MIN
DY MAX MIN AVG DEP HDD CDD  WTR  SNW DPTH SPD SPD DIR MIN PSBL S-S WX    SPD DR
================================================================================

 1  84  65  75  -2   0  10 0.00  0.0    0  5.6 12 300   M    M   0        16 280
 2  86  63  75  -2   0  10 0.00  0.0    0  5.5 10 250   M    M   0        14 230
 3  91  65  78   1   0  13 0.00  0.0    0  3.2 12 120   M    M   1        14 130
 4  79  69  74  -3   0   9    T  0.0    0  5.8 12  90   M    M   3        14  90
 5  78  69  74  -3   0   9 1.10  0.0    0  9.2 23 100   M    M   9 13     32  90
 6  88  67  78   1   0  13 0.00  0.0    0  5.2 10 280   M    M   3 1      14 300
 7  90  70  80   3   0  15 0.00  0.0    0  9.2 18 340   M    M   1 3      23 310
 8  88  65  77   0   0  12 0.00  0.0    0  3.6 13 240   M    M   0 8      15 280
 9  90  68  79   2   0  14 0.00  0.0    0  7.4 17 250   M    M   1 8      22 210
10  92  72  82   5   0  17 0.00  0.0    0 12.6 23 230   M    M   1        28 230
11  93  75  84   7   0  19 0.00  0.0    0 10.9 18 210   M    M   1        23 180
12  95  74  85   8   0  20 0.00  0.0    0 11.0 22 220   M    M   1        26 200
13  91  71  81   3   0  16 0.70  0.0    0  7.6 23 290   M    M   4 13     28 290
14  89  72  81   3   0  16 0.09  0.0    0  5.8 13  40   M    M   4 1238   15  30
15  89  68  79   1   0  14 0.00  0.0    0  5.3 12  30   M    M   1        17  60
16  91  70  81   3   0  16 0.00  0.0    0  5.0 12 250   M    M   1        17 220
17  93  70  82   4   0  17 0.00  0.0    0  3.8  9 260   M    M   3        14  40
18  94  73  84   6   0  19 0.00  0.0    0  5.7 13 240   M    M   0        18 260
19  93  73  83   5   0  18 0.00  0.0    0  5.5 10 280   M    M   1 1      18 250
20  99  73  86   8   0  21 0.00  0.0    0  7.6 17 230   M    M   0        22 250
21  99  74  87   9   0  22 0.00  0.0    0  8.0 16 220   M    M   0        21 210
22 103  75  89  11   0  24 0.02  0.0    0  9.8 23 240   M    M   1 13     27 210
23  90  69  80   2   0  15 0.67  0.0    0  7.3 35 280   M    M   2 13     44 300
24  87  69  78   0   0  13 0.00  0.0    0  6.9 10  10   M    M   3        17  10
25  92  68  80   3   0  15 0.00  0.0    0  6.0 10  80   M    M   0 1      15  40
26  92  72  82   5   0  17 0.05  0.0    0  5.5  M   M   M    M   2 13      M  M
27  82  72  77   0   0  12 0.63  0.0    0  4.6 20 260   M    M   8 1      25 250
28  84  68  76  -1   0  11 0.00  0.0    0  8.9 17  30   M    M   2        22  20
29  82  62  72  -5   0   7 0.00  0.0    0  7.4 15  60   M    M   1        19  70
30  82  59  71  -6   0   6 0.00  0.0    0  5.7 12  20   M    M   1        17  30
31  82  63  73  -4   0   8    T  0.0    0  4.2  8  10   M    M   1        12  10
================================================================================
SM 2768 2143         0 448  3.26     0.0 209.8          M       56
================================================================================
AV 89.3 69.1                               6.8 FASTST   M    M   2    MAX(MPH)
                                 MISC ---->  # 35 280               # 44  300
================================================================================
NOTES:
# LAST OF SEVERAL OCCURRENCES

COLUMN 17 PEAK WIND IN M.P.H.

PRELIMINARY LOCAL CLIMATOLOGICAL DATA (WS FORM: F-6) , PAGE 2

                                          STATION:  COLUMBIA ASOS
                                          MONTH:    JULY
                                          YEAR:     2017
                                          LATITUDE:   38 49 N
                                          LONGITUDE:  92 13 W

[TEMPERATURE DATA]      [PRECIPITATION DATA]       SYMBOLS USED IN COLUMN 16

AVERAGE MONTHLY: 79.2   TOTAL FOR MONTH:   3.26    1 = FOG OR MIST
DPTR FM NORMAL:   1.9   DPTR FM NORMAL:   -1.11    2 = FOG REDUCING VISIBILITY
HIGHEST:   103 ON 22    GRTST 24HR  1.10 ON  5- 5      TO 1/4 MILE OR LESS
LOWEST:     59 ON 30                               3 = THUNDER
                        SNOW, ICE PELLETS, HAIL    4 = ICE PELLETS
                        TOTAL MONTH:   0.0 INCH    5 = HAIL
                        GRTST 24HR     0.0         6 = FREEZING RAIN OR DRIZZLE
                        GRTST DEPTH:   0           7 = DUSTSTORM OR SANDSTORM:
                                                       VSBY 1/2 MILE OR LESS
                                                   8 = SMOKE OR HAZE
[NO. OF DAYS WITH]      [WEATHER - DAYS WITH]      9 = BLOWING SNOW
                                                   X = TORNADO
MAX 32 OR BELOW:   0    0.01 INCH OR MORE:   7
MAX 90 OR ABOVE:  17    0.10 INCH OR MORE:   4
MIN 32 OR BELOW:   0    0.50 INCH OR MORE:   4
MIN  0 OR BELOW:   0    1.00 INCH OR MORE:   1

[HDD (BASE 65) ]
TOTAL THIS MO.     0    CLEAR  (SCALE 0-3)  27
DPTR FM NORMAL     0    PTCLDY (SCALE 4-7)   2
TOTAL FM JUL 1     0    CLOUDY (SCALE 8-10)  2
DPTR FM NORMAL     0

[CDD (BASE 65) ]
TOTAL THIS MO.   448
DPTR FM NORMAL    66    [PRESSURE DATA]
TOTAL FM JAN 1   862    HIGHEST SLP 30.19 ON 30
DPTR FM NORMAL   129    LOWEST  SLP 29.74 ON 22

[REMARKS]
#FINAL-07-17#
