000
CXUS53 KLSX 011600
CF6COU
PRELIMINARY LOCAL CLIMATOLOGICAL DATA (WS FORM: F-6)

                                          STATION:   COLUMBIA ASOS
                                          MONTH:     JUNE
                                          YEAR:      2016
                                          LATITUDE:   38 49 N
                                          LONGITUDE:  92 13 W

  TEMPERATURE IN F:       :PCPN:    SNOW:  WIND      :SUNSHINE: SKY     :PK WND
================================================================================
1   2   3   4   5  6A  6B    7    8   9   10  11  12  13   14  15   16   17  18
                                     12Z  AVG MX 2MIN
DY MAX MIN AVG DEP HDD CDD  WTR  SNW DPTH SPD SPD DIR MIN PSBL S-S WX    SPD DR
================================================================================

 1  83  66  75   6   0  10    T  0.0    0  4.1 15 350   M    M   2 13     20 360
 2  83  63  73   4   0   8 0.00  0.0    0  6.7 12  90   M    M   0        16  30
 3  75  63  69   0   0   4    T  0.0    0  7.7 18 150   M    M   7 12     22 160
 4  83  63  73   3   0   8 0.04  0.0    0  8.1 25 280   M    M   3 12     38 270
 5  80  59  70   0   0   5 0.00  0.0    0  9.8 18 340   M    M   2        23 330
 6  88  60  74   4   0   9 0.00  0.0    0 10.9 20 330   M    M   1        25 280
 7  78  56  67  -4   0   2 0.00  0.0    0  7.2 15 330   M    M   0        23  10
 8  82  56  69  -2   0   4 0.00  0.0    0  6.8 14 160   M    M   0        16 150
 9  90  64  77   6   0  12 0.00  0.0    0  9.8 18 230   M    M   0        23 240
10  91  69  80   8   0  15 0.00  0.0    0  9.3 18 210   M    M   0        23 210
11  91  67  79   7   0  14 0.00  0.0    0  7.7 15 230   M    M   1        21 190
12  94  70  82  10   0  17 0.00  0.0    0  4.0 15 210   M    M   1        17 200
13  90  66  78   6   0  13 0.00  0.0    0  3.6 16 200   M    M   1 1      20 200
14  92  72  82   9   0  17 0.00  0.0    0  8.6 18 210   M    M   3        24 190
15  99  76  88  15   0  23    T  0.0    0  8.7 18 260   M    M   0        23 300
16  97  76  87  14   0  22 0.00  0.0    0  6.0 18 250   M    M   0        23 260
17  91  71  81   7   0  16 0.00  0.0    0  8.4 15 100   M    M   0        19  80
18  90  67  79   5   0  14 0.00  0.0    0  6.6 13 110   M    M   1        16 110
19  92  66  79   5   0  14 0.00  0.0    0  7.9 17 190   M    M   1        21 210
20  95  70  83   9   0  18 0.38  0.0    0 10.0 31  10   M    M   2 13     41  20
21  90  71  81   6   0  16 0.31  0.0    0  7.7 15 220   M    M   2 13     18 210
22  96  73  85  10   0  20 0.00  0.0    0 13.5 30 210   M    M   0        37 210
23  93  71  82   7   0  17 0.00  0.0    0  8.7 16 300   M    M   2        19 310
24  90  65  78   3   0  13 0.00  0.0    0  5.9 15 190   M    M   0        20 190
25  94  74  84   8   0  19 0.00  0.0    0  8.2 23 220   M    M   2        26 220
26  92  72  82   6   0  17 0.36  0.0    0  5.7 30 330   M    M   5 123    34 330
27  93  71  82   6   0  17    T  0.0    0  4.1 12 170   M    M   4 12     14 160
28  85  67  76   0   0  11 0.00  0.0    0  6.6 17 350   M    M   1        20  20
29  84  63  74  -2   0   9 0.00  0.0    0  6.9 12  90   M    M   1        16 120
30  84  65  75  -1   0  10 0.37  0.0    0  7.9 14 230   M    M   4 13     18 240
================================================================================
SM 2665 2012         0 394  1.46     0.0 227.1          M       46
================================================================================
AV 88.8 67.1                               7.6 FASTST   M    M   2    MAX(MPH)
                                 MISC ---->  # 31  10               # 41   20
================================================================================
NOTES:
# LAST OF SEVERAL OCCURRENCES

COLUMN 17 PEAK WIND IN M.P.H.

PRELIMINARY LOCAL CLIMATOLOGICAL DATA (WS FORM: F-6) , PAGE 2

                                          STATION:  COLUMBIA ASOS
                                          MONTH:    JUNE
                                          YEAR:     2016
                                          LATITUDE:   38 49 N
                                          LONGITUDE:  92 13 W

[TEMPERATURE DATA]      [PRECIPITATION DATA]       SYMBOLS USED IN COLUMN 16

AVERAGE MONTHLY: 77.9   TOTAL FOR MONTH:   1.46    1 = FOG OR MIST
DPTR FM NORMAL:   5.0   DPTR FM NORMAL:   -3.01    2 = FOG REDUCING VISIBILITY
HIGHEST:    99 ON 15    GRTST 24HR  0.69 ON 20-21      TO 1/4 MILE OR LESS
LOWEST:     56 ON  8, 7                            3 = THUNDER
                        SNOW, ICE PELLETS, HAIL    4 = ICE PELLETS
                        TOTAL MONTH:   0.0 INCH    5 = HAIL
                        GRTST 24HR     0.0         6 = FREEZING RAIN OR DRIZZLE
                        GRTST DEPTH:   0           7 = DUSTSTORM OR SANDSTORM:
                                                       VSBY 1/2 MILE OR LESS
                                                   8 = SMOKE OR HAZE
[NO. OF DAYS WITH]      [WEATHER - DAYS WITH]      9 = BLOWING SNOW
                                                   X = TORNADO
MAX 32 OR BELOW:   0    0.01 INCH OR MORE:   5
MAX 90 OR ABOVE:  19    0.10 INCH OR MORE:   4
MIN 32 OR BELOW:   0    0.50 INCH OR MORE:   0
MIN  0 OR BELOW:   0    1.00 INCH OR MORE:   0

[HDD (BASE 65) ]
TOTAL THIS MO.     0    CLEAR  (SCALE 0-3)  26
DPTR FM NORMAL   -11    PTCLDY (SCALE 4-7)   4
TOTAL FM JUL 1  3952    CLOUDY (SCALE 8-10)  0
DPTR FM NORMAL -1071

[CDD (BASE 65) ]
TOTAL THIS MO.   394
DPTR FM NORMAL   146    [PRESSURE DATA]
TOTAL FM JAN 1   518    HIGHEST SLP 30.21 ON 20
DPTR FM NORMAL   167    LOWEST  SLP 29.70 ON 14

[REMARKS]
#FINAL-06-16#
