000
CDUS43 KLSX 242228
CLICOU


CLIMATE REPORT
NATIONAL WEATHER SERVICE ST LOUIS MO
527 PM CDT FRI MAR 24 2017


...................................

...THE COLUMBIA ASOS CLIMATE SUMMARY FOR MARCH 24 2017...
VALID TODAY AS OF 0500 PM LOCAL TIME.

CLIMATE NORMAL PERIOD 1981 TO 2010
CLIMATE RECORD PERIOD 1890 TO 2017


WEATHER ITEM   OBSERVED TIME   RECORD YEAR NORMAL DEPARTURE LAST
                VALUE   (LST)  VALUE       VALUE  FROM      YEAR
                                                  NORMAL
..................................................................
TEMPERATURE (F)
 TODAY
  MAXIMUM         74   1030 AM  89    1929  58     16       65
  MINIMUM         61    515 AM   0    1974  37     24       37
  AVERAGE         68                        48     20       51

PRECIPITATION (IN)
  TODAY            0.01          2.30 1978   0.10  -0.09     0.04
  MONTH TO DATE    1.39                      2.16  -0.77     1.25
  SINCE MAR 1      1.39                      2.16  -0.77     1.25
  SINCE JAN 1      2.61                      6.33  -3.72     2.90

SNOWFALL (IN)
  TODAY            0.0           9.6  2013   0.0    0.0      0.0
  MONTH TO DATE    T                         1.5   -1.5       T
  SINCE MAR 1      T                         1.5   -1.5       T
  SINCE JUL 1      1.6                      17.6  -16.0      9.0
  SNOW DEPTH       0

DEGREE DAYS
 HEATING
  TODAY            0                        18    -18       14
  MONTH TO DATE  417                       521   -104      324
  SINCE MAR 1    417                       521   -104      324
  SINCE JUL 1   3458                      4467  -1009     3501

 COOLING
  TODAY            3                         0      3        0
  MONTH TO DATE    7                         0      7        4
  SINCE MAR 1      7                         0      7        4
  SINCE JAN 1     11                         0     11        4
..................................................................


WIND (MPH)
  HIGHEST WIND SPEED    26   HIGHEST WIND DIRECTION     S (180)
  HIGHEST GUST SPEED    36   HIGHEST GUST DIRECTION     S (190)
  AVERAGE WIND SPEED    15.0


SKY COVER
  AVERAGE SKY COVER 0.3



RELATIVE HUMIDITY (PERCENT)
 HIGHEST    84           200 PM
 LOWEST     38          1000 AM
 AVERAGE    61

..........................................................


THE COLUMBIA ASOS CLIMATE NORMALS FOR TOMORROW
                         NORMAL    RECORD    YEAR
 MAXIMUM TEMPERATURE (F)   59        90      1907
 MINIMUM TEMPERATURE (F)   37         8      1955


SUNRISE AND SUNSET
MARCH 24 2017.........SUNRISE   706 AM CDT   SUNSET   725 PM CDT
MARCH 25 2017.........SUNRISE   704 AM CDT   SUNSET   726 PM CDT


-  INDICATES NEGATIVE NUMBERS.
R  INDICATES RECORD WAS SET OR TIED.
MM INDICATES DATA IS MISSING.
T  INDICATES TRACE AMOUNT.




$$
