000
CDUS43 KLSX 061331 CCA
CLICOU

CLIMATE REPORT
NATIONAL WEATHER SERVICE ST LOUIS MO
145 AM CST FRI MAR 6 2015


...................................

...THE COLUMBIA ASOS CLIMATE SUMMARY FOR MARCH 5 2015...

CLIMATE NORMAL PERIOD 1981 TO 2010
CLIMATE RECORD PERIOD 1890 TO 2015


WEATHER ITEM   OBSERVED TIME   RECORD YEAR NORMAL DEPARTURE LAST
                VALUE   (LST)  VALUE       VALUE  FROM      YEAR
                                                  NORMAL
..................................................................
TEMPERATURE (F)
 YESTERDAY
  MAXIMUM         29    433 PM  84    1956  51    -22       49
  MINIMUM         13    700 AM  -9    1960  30    -17       27
  AVERAGE         21                        41    -20       38

PRECIPITATION (IN)
  YESTERDAY        0.00          1.30 1894   0.09  -0.09     0.00
  MONTH TO DATE    0.11                      0.43  -0.32     0.05
  SINCE MAR 1      0.11                      0.43  -0.32     0.05
  SINCE JAN 1      2.46                      4.60  -2.14     2.31

SNOWFALL (IN)
  YESTERDAY        0.0           4.6  1947   0.1   -0.1      0.0
  MONTH TO DATE    1.6                       0.4    1.2      0.4
  SINCE MAR 1      1.6                       0.4    1.2      0.4
  SINCE JUL 1     12.0                      16.5   -4.5     17.7
  SNOW DEPTH       1

DEGREE DAYS
 HEATING
  YESTERDAY       44                        24     20       27
  MONTH TO DATE  190                       126     64      208
  SINCE MAR 1    190                       126     64      208
  SINCE JUL 1   4245                      4072    173     4637

 COOLING
  YESTERDAY        0                         0      0        0
  MONTH TO DATE    0                         0      0        0
  SINCE MAR 1      0                         0      0        0
  SINCE JAN 1      0                         0      0        0
..................................................................


WIND (MPH)
  HIGHEST WIND SPEED    15   HIGHEST WIND DIRECTION     N (340)
  HIGHEST GUST SPEED    18   HIGHEST GUST DIRECTION     N (340)
  AVERAGE WIND SPEED     7.5


SKY COVER
  AVERAGE SKY COVER 0.1


WEATHER CONDITIONS
 THE FOLLOWING WEATHER WAS RECORDED YESTERDAY.
  NO SIGNIFICANT WEATHER WAS OBSERVED.


RELATIVE HUMIDITY (PERCENT)
 HIGHEST    76
 LOWEST     42
 AVERAGE    59

..........................................................


THE COLUMBIA ASOS CLIMATE NORMALS FOR TODAY
                         NORMAL    RECORD    YEAR
 MAXIMUM TEMPERATURE (F)   51        85      1956
 MINIMUM TEMPERATURE (F)   31        -5      1960


SUNRISE AND SUNSET
MARCH  6 2015.........SUNRISE   634 AM CST   SUNSET   607 PM CST
MARCH  7 2015.........SUNRISE   633 AM CST   SUNSET   608 PM CST


-  INDICATES NEGATIVE NUMBERS.
R  INDICATES RECORD WAS SET OR TIED.
MM INDICATES DATA IS MISSING.
T  INDICATES TRACE AMOUNT.




$$
