000
CDUS43 KLSX 230728
CLICOU


CLIMATE REPORT
NATIONAL WEATHER SERVICE ST LOUIS MO
227 AM CDT FRI JUN 23 2017


...................................

...THE COLUMBIA ASOS CLIMATE SUMMARY FOR JUNE 22 2017...

CLIMATE NORMAL PERIOD 1981 TO 2010
CLIMATE RECORD PERIOD 1890 TO 2017


WEATHER ITEM   OBSERVED TIME   RECORD YEAR NORMAL DEPARTURE LAST
                VALUE   (LST)  VALUE       VALUE  FROM      YEAR
                                                  NORMAL
..................................................................
TEMPERATURE (F)
 YESTERDAY
  MAXIMUM         86    435 PM 100    1988  85      1       96
                                      1901
  MINIMUM         69    504 AM  43    1902  65      4       73
  AVERAGE         78                        75      3       85

PRECIPITATION (IN)
  YESTERDAY        0.00          1.72 1969   0.15  -0.15     0.00
  MONTH TO DATE    2.83                      3.30  -0.47     0.73
  SINCE JUN 1      2.83                      3.30  -0.47     0.73
  SINCE JAN 1     22.73                     19.85   2.88    10.86

SNOWFALL (IN)
  YESTERDAY        0.0           0.0  2015   0.0    0.0      0.0
  MONTH TO DATE    0.0                       0.0    0.0      0.0
  SINCE JUN 1      0.0                       0.0    0.0      0.0
  SINCE JUL 1      1.6                      18.0  -16.4      9.0
  SNOW DEPTH       0

DEGREE DAYS
 HEATING
  YESTERDAY        0                         0      0        0
  MONTH TO DATE    0                         9     -9        0
  SINCE JUN 1      0                         9     -9        0
  SINCE JUL 1   3816                      5021  -1205     3952

 COOLING
  YESTERDAY       13                        10      3       20
  MONTH TO DATE  230                       161     69      281
  SINCE JUN 1    230                       161     69      281
  SINCE JAN 1    364                       264    100      405
..................................................................


WIND (MPH)
  HIGHEST WIND SPEED    17   HIGHEST WIND DIRECTION     S (160)
  HIGHEST GUST SPEED    21   HIGHEST GUST DIRECTION     S (160)
  AVERAGE WIND SPEED     8.8


SKY COVER
  AVERAGE SKY COVER 0.6


WEATHER CONDITIONS
 THE FOLLOWING WEATHER WAS RECORDED YESTERDAY.
  NO SIGNIFICANT WEATHER WAS OBSERVED.


RELATIVE HUMIDITY (PERCENT)
 HIGHEST    97
 LOWEST     70
 AVERAGE    84

..........................................................


THE COLUMBIA ASOS CLIMATE NORMALS FOR TODAY
                         NORMAL    RECORD    YEAR
 MAXIMUM TEMPERATURE (F)   85       100      1988
                                             1901
 MINIMUM TEMPERATURE (F)   65        51      1903


SUNRISE AND SUNSET
JUNE 23 2017..........SUNRISE   545 AM CDT   SUNSET   838 PM CDT
JUNE 24 2017..........SUNRISE   545 AM CDT   SUNSET   838 PM CDT


-  INDICATES NEGATIVE NUMBERS.
R  INDICATES RECORD WAS SET OR TIED.
MM INDICATES DATA IS MISSING.
T  INDICATES TRACE AMOUNT.




$$
