000
CDUS43 KLSX 150024 CCA
CLICOU

CLIMATE REPORT...CORRECTED SNOWFALL
NATIONAL WEATHER SERVICE ST LOUIS MO
620 PM CST SUN JAN 14 2018


...................................

...THE COLUMBIA ASOS CLIMATE SUMMARY FOR JANUARY 14 2018...
VALID TODAY AS OF 0600 PM LOCAL TIME.

CLIMATE NORMAL PERIOD 1981 TO 2010
CLIMATE RECORD PERIOD 1890 TO 2018


WEATHER ITEM   OBSERVED TIME   RECORD YEAR NORMAL DEPARTURE LAST
                VALUE   (LST)  VALUE       VALUE  FROM      YEAR
                                                  NORMAL
..................................................................
TEMPERATURE (F)
 TODAY
  MAXIMUM         27    359 PM  71    1928  38    -11       32
  MINIMUM         14   1207 AM -11    1979  21     -7       28
  AVERAGE         21                        29     -8       30

PRECIPITATION (IN)
  TODAY            0.02          0.70 2007   0.06  -0.04      T
  MONTH TO DATE    0.83                      0.88  -0.05     0.18
  SINCE DEC 1      1.06                      3.32  -2.26     1.19
  SINCE JAN 1      0.83                      0.88  -0.05     0.18

SNOWFALL (IN)
  TODAY            0.3           3.7  1989   0.1    0.2      0.0
  MONTH TO DATE    0.3                       2.7   -2.4      1.0
  SINCE DEC 1      1.5                       7.1   -5.6      1.5
  SINCE JUL 1      1.5                       8.0   -6.5      1.5
  SNOW DEPTH       0

DEGREE DAYS
 HEATING
  TODAY           44                        36      8       35
  MONTH TO DATE  592                       500     92      506
  SINCE DEC 1   1556                      1510     46     1523
  SINCE JUL 1   2336                      2495   -159     2106

 COOLING
  TODAY            0                         0      0        0
  MONTH TO DATE    0                         0      0        0
  SINCE DEC 1      0                         0      0        0
  SINCE JAN 1      0                         0      0        0
..................................................................


WIND (MPH)
  HIGHEST WIND SPEED    16   HIGHEST WIND DIRECTION     S (180)
  HIGHEST GUST SPEED    20   HIGHEST GUST DIRECTION     S (190)
  AVERAGE WIND SPEED     7.8


SKY COVER
  AVERAGE SKY COVER 1.0



RELATIVE HUMIDITY (PERCENT)
 HIGHEST    84          1000 AM
 LOWEST     56           300 AM
 AVERAGE    70

..........................................................


THE COLUMBIA ASOS CLIMATE NORMALS FOR TOMORROW
                         NORMAL    RECORD    YEAR
 MAXIMUM TEMPERATURE (F)   38        71      1901
 MINIMUM TEMPERATURE (F)   21       -11      1979


SUNRISE AND SUNSET
JANUARY 14 2018.......SUNRISE   726 AM CST   SUNSET   510 PM CST
JANUARY 15 2018.......SUNRISE   726 AM CST   SUNSET   511 PM CST


-  INDICATES NEGATIVE NUMBERS.
R  INDICATES RECORD WAS SET OR TIED.
MM INDICATES DATA IS MISSING.
T  INDICATES TRACE AMOUNT.




$$
