000
CDUS43 KLSX 260733
CLICOU


CLIMATE REPORT
NATIONAL WEATHER SERVICE ST LOUIS MO
232 AM CDT MON SEP 26 2016


...................................

...THE COLUMBIA ASOS CLIMATE SUMMARY FOR SEPTEMBER 25 2016...

CLIMATE NORMAL PERIOD 1981 TO 2010
CLIMATE RECORD PERIOD 1890 TO 2016


WEATHER ITEM   OBSERVED TIME   RECORD YEAR NORMAL DEPARTURE LAST
                VALUE   (LST)  VALUE       VALUE  FROM      YEAR
                                                  NORMAL
..................................................................
TEMPERATURE (F)
 YESTERDAY
  MAXIMUM         83    133 PM  94    1891  75      8       85
  MINIMUM         61   1159 PM  37    2001  52      9       59
                                      1989
                                      1928
  AVERAGE         72                        63      9       72

PRECIPITATION (IN)
  YESTERDAY        0.03          1.22 1942   0.14  -0.11     0.00
  MONTH TO DATE    7.33                      3.22   4.11     1.14
  SINCE SEP 1      7.33                      3.22   4.11     1.14
  SINCE JAN 1     35.67                     32.97   2.70    33.10

SNOWFALL (IN)
  YESTERDAY        0.0           0.0  2015   0.0    0.0      0.0
  MONTH TO DATE    0.0                       0.0    0.0      0.0
  SINCE SEP 1      0.0                       0.0    0.0      0.0
  SINCE JUL 1      0.0                       0.0    0.0      0.0
  SNOW DEPTH       0

DEGREE DAYS
 HEATING
  YESTERDAY        0                         4     -4        0
  MONTH TO DATE    0                        40    -40       16
  SINCE SEP 1      0                        40    -40       16
  SINCE JUL 1      0                        42    -42       18

 COOLING
  YESTERDAY        7                         3      4        7
  MONTH TO DATE  230                       134     96      215
  SINCE SEP 1    230                       134     96      215
  SINCE JAN 1   1541                      1217    324     1336
..................................................................


WIND (MPH)
  HIGHEST WIND SPEED    20   HIGHEST WIND DIRECTION     N (340)
  HIGHEST GUST SPEED    25   HIGHEST GUST DIRECTION    NW (300)
  AVERAGE WIND SPEED     9.2


SKY COVER
  AVERAGE SKY COVER 0.5


WEATHER CONDITIONS
 THE FOLLOWING WEATHER WAS RECORDED YESTERDAY.
  LIGHT RAIN
  FOG


RELATIVE HUMIDITY (PERCENT)
 HIGHEST    97
 LOWEST     58
 AVERAGE    78

..........................................................


THE COLUMBIA ASOS CLIMATE NORMALS FOR TODAY
                         NORMAL    RECORD    YEAR
 MAXIMUM TEMPERATURE (F)   74        96      1897
 MINIMUM TEMPERATURE (F)   52        33      1893


SUNRISE AND SUNSET
SEPTEMBER 26 2016.....SUNRISE   701 AM CDT   SUNSET   659 PM CDT
SEPTEMBER 27 2016.....SUNRISE   702 AM CDT   SUNSET   657 PM CDT


-  INDICATES NEGATIVE NUMBERS.
R  INDICATES RECORD WAS SET OR TIED.
MM INDICATES DATA IS MISSING.
T  INDICATES TRACE AMOUNT.




$$
