000
CDUS43 KLSX 200728
CLICOU


CLIMATE REPORT
NATIONAL WEATHER SERVICE ST LOUIS MO
227 AM CDT SAT SEP 20 2014


...................................

...THE COLUMBIA ASOS CLIMATE SUMMARY FOR SEPTEMBER 19 2014...

CLIMATE NORMAL PERIOD 1981 TO 2010
CLIMATE RECORD PERIOD 1890 TO 2014


WEATHER ITEM   OBSERVED TIME   RECORD YEAR NORMAL DEPARTURE LAST
                VALUE   (LST)  VALUE       VALUE  FROM      YEAR
                                                  NORMAL
..................................................................
TEMPERATURE (F)
 YESTERDAY
  MAXIMUM         78    336 PM  94    2000  77      1       89
                                      1978
                                      1972
  MINIMUM         56    629 AM  35    1991  55      1       68
                                      1889
  AVERAGE         67                        66      1       79

PRECIPITATION (IN)
  YESTERDAY        0.00          4.25 1904   0.13  -0.13     0.44
  MONTH TO DATE    6.15                      2.43   3.72     1.95
  SINCE SEP 1      6.15                      2.43   3.72     1.95
  SINCE JAN 1     30.44                     32.18  -1.74    35.04

SNOWFALL (IN)
  YESTERDAY        0.0           0.0  2013   0.0    0.0      0.0
  MONTH TO DATE    0.0                       0.0    0.0      0.0
  SINCE SEP 1      0.0                       0.0    0.0      0.0
  SINCE JUL 1      0.0                       0.0    0.0      0.0
  SNOW DEPTH       0

DEGREE DAYS
 HEATING
  YESTERDAY        0                         3     -3        0
  MONTH TO DATE   40                        19     21        4
  SINCE SEP 1     40                        19     21        4
  SINCE JUL 1     40                        21     19        4

 COOLING
  YESTERDAY        2                         4     -2       14
  MONTH TO DATE   89                       115    -26      185
  SINCE SEP 1     89                       115    -26      185
  SINCE JAN 1   1199                      1198      1     1252
..................................................................


WIND (MPH)
  HIGHEST WIND SPEED    13   HIGHEST WIND DIRECTION     S (200)
  HIGHEST GUST SPEED    16   HIGHEST GUST DIRECTION    SE (150)
  AVERAGE WIND SPEED     6.6


SKY COVER
  AVERAGE SKY COVER 0.1


WEATHER CONDITIONS
 THE FOLLOWING WEATHER WAS RECORDED YESTERDAY.
  NO SIGNIFICANT WEATHER WAS OBSERVED.


RELATIVE HUMIDITY (PERCENT)
 HIGHEST    93
 LOWEST     60
 AVERAGE    77

..........................................................


THE COLUMBIA ASOS CLIMATE NORMALS FOR TODAY
                         NORMAL    RECORD    YEAR
 MAXIMUM TEMPERATURE (F)   77        98      1893
 MINIMUM TEMPERATURE (F)   54        36      1991
                                             1918


SUNRISE AND SUNSET
SEPTEMBER 20 2014.....SUNRISE   655 AM CDT   SUNSET   709 PM CDT
SEPTEMBER 21 2014.....SUNRISE   656 AM CDT   SUNSET   707 PM CDT


-  INDICATES NEGATIVE NUMBERS.
R  INDICATES RECORD WAS SET OR TIED.
MM INDICATES DATA IS MISSING.
T  INDICATES TRACE AMOUNT.




$$
