000
CDUS43 KLSX 132126
CLICOU


CLIMATE REPORT
NATIONAL WEATHER SERVICE ST LOUIS MO
426 PM CDT SUN APR 13 2014


...................................

...THE COLUMBIA ASOS CLIMATE SUMMARY FOR APRIL 13 2014...
VALID TODAY AS OF 0400 PM LOCAL TIME.

CLIMATE NORMAL PERIOD 1981 TO 2010
CLIMATE RECORD PERIOD 1890 TO 2014


WEATHER ITEM   OBSERVED TIME   RECORD YEAR NORMAL DEPARTURE LAST
                VALUE   (LST)  VALUE       VALUE  FROM      YEAR
                                                  NORMAL
..................................................................
TEMPERATURE (F)
 TODAY
  MAXIMUM         71   1224 PM  88    2006  65      6       60
  MINIMUM         63    932 AM  22    1950  43     20       34
  AVERAGE         67                        54     13       47

PRECIPITATION (IN)
  TODAY            0.08          1.49 1987   0.14  -0.06     0.00
  MONTH TO DATE    6.49                      1.71   4.78     2.70
  SINCE MAR 1      7.72                      4.62   3.10     5.99
  SINCE JAN 1      9.98                      8.79   1.19    12.23

SNOWFALL (IN)
  TODAY            0.0           0.1  1980   0.0    0.0      0.0
  MONTH TO DATE    0.0                       0.1   -0.1      0.0
  SINCE MAR 1      0.5                       1.8   -1.3     10.3
  SINCE JUL 1     17.8                      17.9   -0.1     35.0
  SNOW DEPTH       0

DEGREE DAYS
 HEATING
  TODAY            0                        11    -11       18
  MONTH TO DATE  144                       171    -27      182
  SINCE MAR 1    874                       807     67      996
  SINCE JUL 1   5303                      4753    550     4579

 COOLING
  TODAY            2                         1      1        0
  MONTH TO DATE    7                         6      1       10
  SINCE MAR 1      7                         9     -2       10
  SINCE JAN 1      7                         9     -2       11
..................................................................


WIND (MPH)
  HIGHEST WIND SPEED    26   HIGHEST WIND DIRECTION     S (170)
  HIGHEST GUST SPEED    31   HIGHEST GUST DIRECTION     S (170)
  AVERAGE WIND SPEED    12.0


SKY COVER
  AVERAGE SKY COVER 0.8



RELATIVE HUMIDITY (PERCENT)
 HIGHEST    93           300 PM
 LOWEST     57          1200 AM
 AVERAGE    75

..........................................................


THE COLUMBIA ASOS CLIMATE NORMALS FOR TOMORROW
                         NORMAL    RECORD    YEAR
 MAXIMUM TEMPERATURE (F)   66        89      2006
 MINIMUM TEMPERATURE (F)   44        23      1950


SUNRISE AND SUNSET
APRIL 13 2014.........SUNRISE   635 AM CDT   SUNSET   744 PM CDT
APRIL 14 2014.........SUNRISE   634 AM CDT   SUNSET   745 PM CDT


-  INDICATES NEGATIVE NUMBERS.
R  INDICATES RECORD WAS SET OR TIED.
MM INDICATES DATA IS MISSING.
T  INDICATES TRACE AMOUNT.




$$
