000
CDUS43 KLSX 072237
CLICOU


CLIMATE REPORT
NATIONAL WEATHER SERVICE ST LOUIS MO
435 PM CST WED DEC 7 2016


...................................

...THE COLUMBIA ASOS CLIMATE SUMMARY FOR DECEMBER 7 2016...
VALID TODAY AS OF 0400 PM LOCAL TIME.

CLIMATE NORMAL PERIOD 1981 TO 2010
CLIMATE RECORD PERIOD 1890 TO 2016


WEATHER ITEM   OBSERVED TIME   RECORD YEAR NORMAL DEPARTURE LAST
                VALUE   (LST)  VALUE       VALUE  FROM      YEAR
                                                  NORMAL
..................................................................
TEMPERATURE (F)
 TODAY
  MAXIMUM         35   1241 PM  72    1966  43     -8       49
                                      1922
  MINIMUM         27   1204 AM  -3    1950  26      1       37
  AVERAGE         31                        35     -4       43

PRECIPITATION (IN)
  TODAY            0.00          1.13 1916   0.09  -0.09     0.00
  MONTH TO DATE    0.39                      0.64  -0.25      T
  SINCE DEC 1      0.39                      0.64  -0.25      T
  SINCE JAN 1     39.44                     40.82  -1.38    42.71

SNOWFALL (IN)
  TODAY            0.0           2.8  1917   0.1   -0.1      0.0
  MONTH TO DATE    T                         0.7   -0.7       T
  SINCE DEC 1      T                         0.7   -0.7       T
  SINCE JUL 1      T                         1.6   -1.6       T
  SNOW DEPTH       0

DEGREE DAYS
 HEATING
  TODAY           34                        30      4       22
  MONTH TO DATE  205                       204      1      166
  SINCE DEC 1    205                       204      1      166
  SINCE JUL 1    788                      1189   -401      862

 COOLING
  TODAY            0                         0      0        0
  MONTH TO DATE    0                         0      0        0
  SINCE DEC 1      0                         0      0        0
  SINCE JAN 1   1632                      1249    383     1387
..................................................................


WIND (MPH)
  HIGHEST WIND SPEED    16   HIGHEST WIND DIRECTION    NW (310)
  HIGHEST GUST SPEED    20   HIGHEST GUST DIRECTION    NW (300)
  AVERAGE WIND SPEED     7.2


SKY COVER
  AVERAGE SKY COVER 0.9



RELATIVE HUMIDITY (PERCENT)
 HIGHEST    69           400 PM
 LOWEST     40          1200 PM
 AVERAGE    55

..........................................................


THE COLUMBIA ASOS CLIMATE NORMALS FOR TOMORROW
                         NORMAL    RECORD    YEAR
 MAXIMUM TEMPERATURE (F)   43        76      1991
 MINIMUM TEMPERATURE (F)   25        -9      1917


SUNRISE AND SUNSET
DECEMBER  7 2016......SUNRISE   714 AM CST   SUNSET   447 PM CST
DECEMBER  8 2016......SUNRISE   715 AM CST   SUNSET   447 PM CST


-  INDICATES NEGATIVE NUMBERS.
R  INDICATES RECORD WAS SET OR TIED.
MM INDICATES DATA IS MISSING.
T  INDICATES TRACE AMOUNT.




$$
