000
CDUS43 KLSX 102246
CLICOU


CLIMATE REPORT
NATIONAL WEATHER SERVICE ST LOUIS MO
442 PM CST TUE JAN 10 2017


...................................

...THE COLUMBIA ASOS CLIMATE SUMMARY FOR JANUARY 10 2017...
VALID TODAY AS OF 0400 PM LOCAL TIME.

CLIMATE NORMAL PERIOD 1981 TO 2010
CLIMATE RECORD PERIOD 1890 TO 2017


WEATHER ITEM   OBSERVED TIME   RECORD YEAR NORMAL DEPARTURE LAST
                VALUE   (LST)  VALUE       VALUE  FROM      YEAR
                                                  NORMAL
..................................................................
TEMPERATURE (F)
 TODAY
  MAXIMUM         65   1113 AM  68    1911  38     27       16
  MINIMUM         46    359 PM -19    1982  21     25        3
  AVERAGE         56                        29     27       10

PRECIPITATION (IN)
  TODAY            0.01          1.47 1949   0.06  -0.05     0.00
  MONTH TO DATE    0.15                      0.64  -0.49     0.69
  SINCE DEC 1      1.16                      3.08  -1.92     7.73
  SINCE JAN 1      0.15                      0.64  -0.49     0.69

SNOWFALL (IN)
  TODAY            0.0           3.8  2011   0.2   -0.2      0.0
  MONTH TO DATE    1.0                       2.0   -1.0      4.0
  SINCE DEC 1      1.5                       6.4   -4.9      4.0
  SINCE JUL 1      1.5                       7.3   -5.8      4.0
  SNOW DEPTH       0

DEGREE DAYS
 HEATING
  TODAY            9                        36    -27       55
  MONTH TO DATE  375                       356     19      334
  SINCE DEC 1   1392                      1366     26     1017
  SINCE JUL 1   1975                      2351   -376     1713

 COOLING
  TODAY            0                         0      0        0
  MONTH TO DATE    0                         0      0        0
  SINCE DEC 1      0                         0      0        0
  SINCE JAN 1      0                         0      0        0
..................................................................


WIND (MPH)
  HIGHEST WIND SPEED    40   HIGHEST WIND DIRECTION    SW (240)
  HIGHEST GUST SPEED    53   HIGHEST GUST DIRECTION    SW (240)
  AVERAGE WIND SPEED    23.8


SKY COVER
  AVERAGE SKY COVER 0.5



RELATIVE HUMIDITY (PERCENT)
 HIGHEST    80           400 AM
 LOWEST     48          1100 AM
 AVERAGE    64

..........................................................


THE COLUMBIA ASOS CLIMATE NORMALS FOR TOMORROW
                         NORMAL    RECORD    YEAR
 MAXIMUM TEMPERATURE (F)   38        67      1911
 MINIMUM TEMPERATURE (F)   21       -17      1918


SUNRISE AND SUNSET
JANUARY 10 2017.......SUNRISE   727 AM CST   SUNSET   506 PM CST
JANUARY 11 2017.......SUNRISE   727 AM CST   SUNSET   507 PM CST


-  INDICATES NEGATIVE NUMBERS.
R  INDICATES RECORD WAS SET OR TIED.
MM INDICATES DATA IS MISSING.
T  INDICATES TRACE AMOUNT.




$$
