450
CDUS43 KLSX 220733
CLICOU


CLIMATE REPORT
NATIONAL WEATHER SERVICE ST LOUIS MO
231 AM CDT WED MAR 22 2017


...................................

...THE COLUMBIA ASOS CLIMATE SUMMARY FOR MARCH 21 2017...

CLIMATE NORMAL PERIOD 1981 TO 2010
CLIMATE RECORD PERIOD 1890 TO 2017


WEATHER ITEM   OBSERVED TIME   RECORD YEAR NORMAL DEPARTURE LAST
                VALUE   (LST)  VALUE       VALUE  FROM      YEAR
                                                  NORMAL
..................................................................
TEMPERATURE (F)
 YESTERDAY
  MAXIMUM         63    221 PM  92    1907  57      6       60
  MINIMUM         44   1159 PM  15    1960  36      8       29
                                      1951
  AVERAGE         54                        46      8       45

PRECIPITATION (IN)
  YESTERDAY        0.00          0.75 1948   0.09  -0.09     0.00
  MONTH TO DATE    1.37                      1.86  -0.49     1.20
  SINCE MAR 1      1.37                      1.86  -0.49     1.20
  SINCE JAN 1      2.59                      6.03  -3.44     2.85

SNOWFALL (IN)
  YESTERDAY        0.0           2.7  1955   0.0    0.0      0.0
  MONTH TO DATE    T                         1.4   -1.4       T
  SINCE MAR 1      T                         1.4   -1.4       T
  SINCE JUL 1      1.6                      17.5  -15.9      9.0
  SNOW DEPTH       0

DEGREE DAYS
 HEATING
  YESTERDAY       11                        19     -8       20
  MONTH TO DATE  393                       467    -74      306
  SINCE MAR 1    393                       467    -74      306
  SINCE JUL 1   3434                      4413   -979     3483

 COOLING
  YESTERDAY        0                         0      0        0
  MONTH TO DATE    4                         0      4        4
  SINCE MAR 1      4                         0      4        4
  SINCE JAN 1      8                         0      8        4
..................................................................


WIND (MPH)
  HIGHEST WIND SPEED    25   HIGHEST WIND DIRECTION    NE (30)
  HIGHEST GUST SPEED    30   HIGHEST GUST DIRECTION    NE (30)
  AVERAGE WIND SPEED    12.9


SKY COVER
  AVERAGE SKY COVER 0.2


WEATHER CONDITIONS
 THE FOLLOWING WEATHER WAS RECORDED YESTERDAY.
  THUNDERSTORM
  FOG
  HAZE


RELATIVE HUMIDITY (PERCENT)
 HIGHEST    93
 LOWEST     29
 AVERAGE    61

..........................................................


THE COLUMBIA ASOS CLIMATE NORMALS FOR TODAY
                         NORMAL    RECORD    YEAR
 MAXIMUM TEMPERATURE (F)   58        90      1910
                                             1907
 MINIMUM TEMPERATURE (F)   36        13      2002


SUNRISE AND SUNSET
MARCH 22 2017.........SUNRISE   709 AM CDT   SUNSET   723 PM CDT
MARCH 23 2017.........SUNRISE   707 AM CDT   SUNSET   724 PM CDT


-  INDICATES NEGATIVE NUMBERS.
R  INDICATES RECORD WAS SET OR TIED.
MM INDICATES DATA IS MISSING.
T  INDICATES TRACE AMOUNT.




$$
