000
CDUS43 KLSX 132246
CLICOU


CLIMATE REPORT
NATIONAL WEATHER SERVICE ST LOUIS MO
545 PM CDT SUN AUG 13 2017


...................................

...THE COLUMBIA ASOS CLIMATE SUMMARY FOR AUGUST 13 2017...
VALID TODAY AS OF 0500 PM LOCAL TIME.

CLIMATE NORMAL PERIOD 1981 TO 2010
CLIMATE RECORD PERIOD 1890 TO 2017


WEATHER ITEM   OBSERVED TIME   RECORD YEAR NORMAL DEPARTURE LAST
                VALUE   (LST)  VALUE       VALUE  FROM      YEAR
                                                  NORMAL
..................................................................
TEMPERATURE (F)
 TODAY
  MAXIMUM         81    150 PM 104    1936  88     -7       84
                                      1894
  MINIMUM         59    553 AM  47    1964  66     -7       68
  AVERAGE         70                        77     -7       76

PRECIPITATION (IN)
  TODAY            0.00          1.90 1927   0.15  -0.15     0.00
  MONTH TO DATE    1.35                      1.76  -0.41     5.14
  SINCE JUN 1      8.37                     10.60  -2.23    17.51
  SINCE JAN 1     28.27                     27.15   1.12    27.64

SNOWFALL (IN)
  TODAY            0.0           0.0  2015   0.0    0.0      0.0
  MONTH TO DATE    0.0                       0.0    0.0      0.0
  SINCE JUN 1      0.0                       0.0    0.0      0.0
  SINCE JUL 1      0.0                       0.0    0.0      0.0
  SNOW DEPTH       0

DEGREE DAYS
 HEATING
  TODAY            0                         0      0        0
  MONTH TO DATE    3                         0      3        0
  SINCE JUN 1      4                        11     -7        0
  SINCE JUL 1      3                         0      3        0

 COOLING
  TODAY            5                        12     -7       11
  MONTH TO DATE  100                       156    -56      177
  SINCE JUN 1    828                       786     42      995
  SINCE JAN 1    962                       889     73     1119
..................................................................


WIND (MPH)
  HIGHEST WIND SPEED    13   HIGHEST WIND DIRECTION    SE (150)
  HIGHEST GUST SPEED    17   HIGHEST GUST DIRECTION    SE (150)
  AVERAGE WIND SPEED     6.4


SKY COVER
  AVERAGE SKY COVER 0.1



RELATIVE HUMIDITY (PERCENT)
 HIGHEST    84           200 AM
 LOWEST     48          1100 AM
 AVERAGE    66

..........................................................


THE COLUMBIA ASOS CLIMATE NORMALS FOR TOMORROW
                         NORMAL    RECORD    YEAR
 MAXIMUM TEMPERATURE (F)   88       105      1936
 MINIMUM TEMPERATURE (F)   66        50      1890


SUNRISE AND SUNSET
AUGUST 13 2017........SUNRISE   621 AM CDT   SUNSET   806 PM CDT
AUGUST 14 2017........SUNRISE   622 AM CDT   SUNSET   804 PM CDT


-  INDICATES NEGATIVE NUMBERS.
R  INDICATES RECORD WAS SET OR TIED.
MM INDICATES DATA IS MISSING.
T  INDICATES TRACE AMOUNT.




$$
