938
CDUS43 KLSX 270728
CLICOU


CLIMATE REPORT
NATIONAL WEATHER SERVICE ST LOUIS MO
228 AM CDT TUE JUN 27 2017


...................................

...THE COLUMBIA ASOS CLIMATE SUMMARY FOR JUNE 26 2017...

CLIMATE NORMAL PERIOD 1981 TO 2010
CLIMATE RECORD PERIOD 1890 TO 2017


WEATHER ITEM   OBSERVED TIME   RECORD YEAR NORMAL DEPARTURE LAST
                VALUE   (LST)  VALUE       VALUE  FROM      YEAR
                                                  NORMAL
..................................................................
TEMPERATURE (F)
 YESTERDAY
  MAXIMUM         77   1059 AM 102    1954  86     -9       92
                                      1901
  MINIMUM         50R   443 AM  50    1974  66    -16       72
  AVERAGE         64                        76    -12       82

PRECIPITATION (IN)
  YESTERDAY        0.17          2.33 1995   0.15   0.02     0.36
  MONTH TO DATE    3.01                      3.89  -0.88     1.09
  SINCE JUN 1      3.01                      3.89  -0.88     1.09
  SINCE JAN 1     22.91                     20.44   2.47    11.22

SNOWFALL (IN)
  YESTERDAY        0.0           0.0  2015   0.0    0.0      0.0
  MONTH TO DATE    0.0                       0.0    0.0      0.0
  SINCE JUN 1      0.0                       0.0    0.0      0.0
  SINCE JUL 1      1.6                      18.0  -16.4      9.0
  SNOW DEPTH       0

DEGREE DAYS
 HEATING
  YESTERDAY        1                         0      1        0
  MONTH TO DATE    1                         9     -8        0
  SINCE JUN 1      1                         9     -8        0
  SINCE JUL 1   3817                      5021  -1204     3952

 COOLING
  YESTERDAY        0                        11    -11       17
  MONTH TO DATE  248                       203     45      347
  SINCE JUN 1    248                       203     45      347
  SINCE JAN 1    382                       306     76      471
..................................................................


WIND (MPH)
  HIGHEST WIND SPEED    18   HIGHEST WIND DIRECTION     N (10)
  HIGHEST GUST SPEED    24   HIGHEST GUST DIRECTION     N (10)
  AVERAGE WIND SPEED     4.9


SKY COVER
  AVERAGE SKY COVER 0.2


WEATHER CONDITIONS
 THE FOLLOWING WEATHER WAS RECORDED YESTERDAY.
  RAIN
  LIGHT RAIN
  FOG


RELATIVE HUMIDITY (PERCENT)
 HIGHEST   100
 LOWEST     38
 AVERAGE    69

..........................................................


THE COLUMBIA ASOS CLIMATE NORMALS FOR TODAY
                         NORMAL    RECORD    YEAR
 MAXIMUM TEMPERATURE (F)   86       103      2012
 MINIMUM TEMPERATURE (F)   66        48      1926


SUNRISE AND SUNSET
JUNE 27 2017..........SUNRISE   546 AM CDT   SUNSET   838 PM CDT
JUNE 28 2017..........SUNRISE   546 AM CDT   SUNSET   838 PM CDT


-  INDICATES NEGATIVE NUMBERS.
R  INDICATES RECORD WAS SET OR TIED.
MM INDICATES DATA IS MISSING.
T  INDICATES TRACE AMOUNT.




$$
