034
CDUS43 KLSX 260732
CLICOU


CLIMATE REPORT
NATIONAL WEATHER SERVICE ST LOUIS MO
231 AM CDT WED APR 26 2017


...................................

...THE COLUMBIA ASOS CLIMATE SUMMARY FOR APRIL 25 2017...

CLIMATE NORMAL PERIOD 1981 TO 2010
CLIMATE RECORD PERIOD 1890 TO 2017


WEATHER ITEM   OBSERVED TIME   RECORD YEAR NORMAL DEPARTURE LAST
                VALUE   (LST)  VALUE       VALUE  FROM      YEAR
                                                  NORMAL
..................................................................
TEMPERATURE (F)
 YESTERDAY
  MAXIMUM         83    333 PM  89    1986  69     14       79
  MINIMUM         53    322 AM  32    1934  47      6       62
                                      1910
  AVERAGE         68                        58     10       71

PRECIPITATION (IN)
  YESTERDAY        0.00          1.52 1904   0.17  -0.17     0.00
  MONTH TO DATE    1.76                      3.64  -1.88     0.97
  SINCE MAR 1      4.97                      6.55  -1.58     2.85
  SINCE JAN 1      6.19                     10.72  -4.53     4.50

SNOWFALL (IN)
  YESTERDAY        0.0           T    1937   0.0    0.0      0.0
  MONTH TO DATE    0.0                       0.2   -0.2      0.0
  SINCE MAR 1      T                         1.9   -1.9       T
  SINCE JUL 1      1.6                      18.0  -16.4      9.0
  SNOW DEPTH       0

DEGREE DAYS
 HEATING
  YESTERDAY        0                         8     -8        0
  MONTH TO DATE  141                       284   -143      214
  SINCE MAR 1    640                       920   -280      632
  SINCE JUL 1   3681                      4866  -1185     3809

 COOLING
  YESTERDAY        3                         1      2        6
  MONTH TO DATE   38                        18     20       24
  SINCE MAR 1     42                        21     21       28
  SINCE JAN 1     46                        21     25       28
..................................................................


WIND (MPH)
  HIGHEST WIND SPEED    25   HIGHEST WIND DIRECTION     S (160)
  HIGHEST GUST SPEED    33   HIGHEST GUST DIRECTION    SE (150)
  AVERAGE WIND SPEED    12.0


SKY COVER
  AVERAGE SKY COVER 0.2


WEATHER CONDITIONS
 THE FOLLOWING WEATHER WAS RECORDED YESTERDAY.
  THUNDERSTORM


RELATIVE HUMIDITY (PERCENT)
 HIGHEST    67
 LOWEST     36
 AVERAGE    52

..........................................................


THE COLUMBIA ASOS CLIMATE NORMALS FOR TODAY
                         NORMAL    RECORD    YEAR
 MAXIMUM TEMPERATURE (F)   69        89      1989
 MINIMUM TEMPERATURE (F)   48        30      1903


SUNRISE AND SUNSET
APRIL 26 2017.........SUNRISE   617 AM CDT   SUNSET   757 PM CDT
APRIL 27 2017.........SUNRISE   616 AM CDT   SUNSET   758 PM CDT


-  INDICATES NEGATIVE NUMBERS.
R  INDICATES RECORD WAS SET OR TIED.
MM INDICATES DATA IS MISSING.
T  INDICATES TRACE AMOUNT.




$$
