000
CDUS43 KLSX 082225
CLICOU


CLIMATE REPORT
NATIONAL WEATHER SERVICE ST LOUIS MO
525 PM CDT TUE JUL 8 2014


...................................

...THE COLUMBIA ASOS CLIMATE SUMMARY FOR JULY 8 2014...
VALID TODAY AS OF 0500 PM LOCAL TIME.

CLIMATE NORMAL PERIOD 1981 TO 2010
CLIMATE RECORD PERIOD 1890 TO 2014


WEATHER ITEM   OBSERVED TIME   RECORD YEAR NORMAL DEPARTURE LAST
                VALUE   (LST)  VALUE       VALUE  FROM      YEAR
                                                  NORMAL
..................................................................
TEMPERATURE (F)
 TODAY
  MAXIMUM         83    354 PM 104    1980  87     -4       90
  MINIMUM         66    603 AM  52    1891  67     -1       75
  AVERAGE         75                        77     -2       83

PRECIPITATION (IN)
  TODAY            0.49          1.08 1995   0.15   0.34     0.00
  MONTH TO DATE    1.15                      1.21  -0.06      T
  SINCE JUN 1      6.22                      5.68   0.54     2.05
  SINCE JAN 1     21.04                     22.23  -1.19    28.76

SNOWFALL (IN)
  TODAY            0.0           0.0  2013   0.0    0.0      0.0
  MONTH TO DATE    0.0                       0.0    0.0      0.0
  SINCE JUN 1      0.0                       0.0    0.0      0.0
  SINCE JUL 1      0.0                       0.0    0.0      0.0
  SNOW DEPTH       0

DEGREE DAYS
 HEATING
  TODAY            0                         0      0        0
  MONTH TO DATE    0                         0      0        0
  SINCE JUN 1      0                        11    -11        6
  SINCE JUL 1      0                         0      0        0

 COOLING
  TODAY           10                        12     -2       18
  MONTH TO DATE   62                        96    -34       74
  SINCE JUN 1    349                       344      5      341
  SINCE JAN 1    509                       447     62      475
..................................................................


WIND (MPH)
  HIGHEST WIND SPEED    21   HIGHEST WIND DIRECTION     S (160)
  HIGHEST GUST SPEED    27   HIGHEST GUST DIRECTION     S (180)
  AVERAGE WIND SPEED    11.8


SKY COVER
  AVERAGE SKY COVER 0.4



RELATIVE HUMIDITY (PERCENT)
 HIGHEST   100           200 AM
 LOWEST     51           200 PM
 AVERAGE    76

..........................................................


THE COLUMBIA ASOS CLIMATE NORMALS FOR TOMORROW
                         NORMAL    RECORD    YEAR
 MAXIMUM TEMPERATURE (F)   87       106      1901
 MINIMUM TEMPERATURE (F)   67        47      1891


SUNRISE AND SUNSET
JULY  8 2014..........SUNRISE   551 AM CDT   SUNSET   836 PM CDT
JULY  9 2014..........SUNRISE   552 AM CDT   SUNSET   836 PM CDT


-  INDICATES NEGATIVE NUMBERS.
R  INDICATES RECORD WAS SET OR TIED.
MM INDICATES DATA IS MISSING.
T  INDICATES TRACE AMOUNT.




$$
