000
CDUS43 KLSX 160728
CLICOU


CLIMATE REPORT
NATIONAL WEATHER SERVICE ST LOUIS MO
127 AM CST THU FEB 16 2017


...................................

...THE COLUMBIA ASOS CLIMATE SUMMARY FOR FEBRUARY 15 2017...

CLIMATE NORMAL PERIOD 1981 TO 2010
CLIMATE RECORD PERIOD 1890 TO 2017


WEATHER ITEM   OBSERVED TIME   RECORD YEAR NORMAL DEPARTURE LAST
                VALUE   (LST)  VALUE       VALUE  FROM      YEAR
                                                  NORMAL
..................................................................
TEMPERATURE (F)
 YESTERDAY
  MAXIMUM         49    413 PM  78    1911  44      5       43
  MINIMUM         27    701 AM -15    1905  25      2       29
  AVERAGE         38                        34      4       36

PRECIPITATION (IN)
  YESTERDAY        0.00          0.70 1951   0.09  -0.09     0.01
  MONTH TO DATE    0.01                      1.15  -1.14     0.29
  SINCE DEC 1      2.03                      5.51  -3.48     8.23
  SINCE JAN 1      1.02                      3.07  -2.05     1.19

SNOWFALL (IN)
  YESTERDAY        0.0           6.2  1903   0.2   -0.2      0.0
  MONTH TO DATE    0.0                       2.7   -2.7      2.1
  SINCE DEC 1      1.6                      13.2  -11.6      9.0
  SINCE JUL 1      1.6                      14.1  -12.5      9.0
  SNOW DEPTH       0

DEGREE DAYS
 HEATING
  YESTERDAY       27                        31     -4       29
  MONTH TO DATE  385                       489   -104      486
  SINCE DEC 1   2309                      2593   -284     2215
  SINCE JUL 1   2892                      3578   -686     2911

 COOLING
  YESTERDAY        0                         0      0        0
  MONTH TO DATE    0                         0      0        0
  SINCE DEC 1      0                         0      0        0
  SINCE JAN 1      0                         0      0        0
..................................................................


WIND (MPH)
  HIGHEST WIND SPEED    17   HIGHEST WIND DIRECTION     N (360)
  HIGHEST GUST SPEED    23   HIGHEST GUST DIRECTION     N (350)
  AVERAGE WIND SPEED     9.0


SKY COVER
  AVERAGE SKY COVER 0.0


WEATHER CONDITIONS
 THE FOLLOWING WEATHER WAS RECORDED YESTERDAY.
  NO SIGNIFICANT WEATHER WAS OBSERVED.


RELATIVE HUMIDITY (PERCENT)
 HIGHEST    75
 LOWEST     28
 AVERAGE    52

..........................................................


THE COLUMBIA ASOS CLIMATE NORMALS FOR TODAY
                         NORMAL    RECORD    YEAR
 MAXIMUM TEMPERATURE (F)   44        76      1911
 MINIMUM TEMPERATURE (F)   25        -7      1958
                                             1903


SUNRISE AND SUNSET
FEBRUARY 16 2017......SUNRISE   658 AM CST   SUNSET   548 PM CST
FEBRUARY 17 2017......SUNRISE   657 AM CST   SUNSET   549 PM CST


-  INDICATES NEGATIVE NUMBERS.
R  INDICATES RECORD WAS SET OR TIED.
MM INDICATES DATA IS MISSING.
T  INDICATES TRACE AMOUNT.




$$
