000
CDUS43 KLSX 290726
CLICOU


CLIMATE REPORT
NATIONAL WEATHER SERVICE ST LOUIS MO
226 AM CDT MON SEP 29 2014


...................................

...THE COLUMBIA ASOS CLIMATE SUMMARY FOR SEPTEMBER 28 2014...

CLIMATE NORMAL PERIOD 1981 TO 2010
CLIMATE RECORD PERIOD 1890 TO 2014


WEATHER ITEM   OBSERVED TIME   RECORD YEAR NORMAL DEPARTURE LAST
                VALUE   (LST)  VALUE       VALUE  FROM      YEAR
                                                  NORMAL
..................................................................
TEMPERATURE (F)
 YESTERDAY
  MAXIMUM         86   1219 PM  99    1953  74     12       78
  MINIMUM         60    634 AM  32    1889  51      9       58
  AVERAGE         73                        62     11       68

PRECIPITATION (IN)
  YESTERDAY        0.00          2.47 1934   0.13  -0.13     0.21
  MONTH TO DATE    6.15                      3.62   2.53     2.42
  SINCE SEP 1      6.15                      3.62   2.53     2.42
  SINCE JAN 1     30.44                     33.37  -2.93    35.51

SNOWFALL (IN)
  YESTERDAY        0.0           0.0  2013   0.0    0.0      0.0
  MONTH TO DATE    0.0                       0.0    0.0      0.0
  SINCE SEP 1      0.0                       0.0    0.0      0.0
  SINCE JUL 1      0.0                       0.0    0.0      0.0
  SNOW DEPTH       0

DEGREE DAYS
 HEATING
  YESTERDAY        0                         5     -5        0
  MONTH TO DATE   47                        54     -7       12
  SINCE SEP 1     47                        54     -7       12
  SINCE JUL 1     47                        56     -9       12

 COOLING
  YESTERDAY        8                         2      6        3
  MONTH TO DATE  124                       140    -16      207
  SINCE SEP 1    124                       140    -16      207
  SINCE JAN 1   1234                      1223     11     1274
..................................................................


WIND (MPH)
  HIGHEST WIND SPEED     8   HIGHEST WIND DIRECTION     W (280)
  HIGHEST GUST SPEED    10   HIGHEST GUST DIRECTION     W (270)
  AVERAGE WIND SPEED     3.6


SKY COVER
  AVERAGE SKY COVER 0.1


WEATHER CONDITIONS
 THE FOLLOWING WEATHER WAS RECORDED YESTERDAY.
  NO SIGNIFICANT WEATHER WAS OBSERVED.


RELATIVE HUMIDITY (PERCENT)
 HIGHEST    84
 LOWEST     44
 AVERAGE    64

..........................................................


THE COLUMBIA ASOS CLIMATE NORMALS FOR TODAY
                         NORMAL    RECORD    YEAR
 MAXIMUM TEMPERATURE (F)   73        99      1953
 MINIMUM TEMPERATURE (F)   50        30      1899


SUNRISE AND SUNSET
SEPTEMBER 29 2014.....SUNRISE   703 AM CDT   SUNSET   655 PM CDT
SEPTEMBER 30 2014.....SUNRISE   704 AM CDT   SUNSET   653 PM CDT


-  INDICATES NEGATIVE NUMBERS.
R  INDICATES RECORD WAS SET OR TIED.
MM INDICATES DATA IS MISSING.
T  INDICATES TRACE AMOUNT.




$$
