000
CDUS43 KLSX 290728
CLICOU


CLIMATE REPORT
NATIONAL WEATHER SERVICE ST LOUIS MO
127 AM CST TUE NOV 29 2016


...................................

...THE COLUMBIA ASOS CLIMATE SUMMARY FOR NOVEMBER 28 2016...

CLIMATE NORMAL PERIOD 1981 TO 2010
CLIMATE RECORD PERIOD 1890 TO 2016


WEATHER ITEM   OBSERVED TIME   RECORD YEAR NORMAL DEPARTURE LAST
                VALUE   (LST)  VALUE       VALUE  FROM      YEAR
                                                  NORMAL
..................................................................
TEMPERATURE (F)
 YESTERDAY
  MAXIMUM         57    357 PM  74    1905  47     10       37
  MINIMUM         45   1000 PM   7    1896  29     16       34
  AVERAGE         51                        38     13       36

PRECIPITATION (IN)
  YESTERDAY        T             1.25 1968   0.11  -0.11     0.01
  MONTH TO DATE    1.80                      3.04  -1.24     8.01
  SINCE SEP 1     10.71                     10.22   0.49    10.33
  SINCE JAN 1     39.05                     39.97  -0.92    42.29

SNOWFALL (IN)
  YESTERDAY        0.0           6.0  1971   0.1   -0.1      0.0
  MONTH TO DATE    0.0                       0.8   -0.8       T
  SINCE SEP 1      0.0                       0.8   -0.8       T
  SINCE JUL 1      0.0                       0.8   -0.8       T
  SNOW DEPTH       0

DEGREE DAYS
 HEATING
  YESTERDAY       14                        27    -13       29
  MONTH TO DATE  396                       565   -169      412
  SINCE SEP 1    537                       928   -391      644
  SINCE JUL 1    537                       930   -393      646

 COOLING
  YESTERDAY        0                         0      0        0
  MONTH TO DATE   19                         0     19        0
  SINCE SEP 1    321                       164    157      266
  SINCE JAN 1   1632                      1247    385     1387
..................................................................


WIND (MPH)
  HIGHEST WIND SPEED    25   HIGHEST WIND DIRECTION     S (170)
  HIGHEST GUST SPEED    36   HIGHEST GUST DIRECTION     S (170)
  AVERAGE WIND SPEED    15.0


SKY COVER
  AVERAGE SKY COVER 0.5


WEATHER CONDITIONS
 THE FOLLOWING WEATHER WAS RECORDED YESTERDAY.
  LIGHT RAIN


RELATIVE HUMIDITY (PERCENT)
 HIGHEST    93
 LOWEST     61
 AVERAGE    77

..........................................................


THE COLUMBIA ASOS CLIMATE NORMALS FOR TODAY
                         NORMAL    RECORD    YEAR
 MAXIMUM TEMPERATURE (F)   47        76      1933
 MINIMUM TEMPERATURE (F)   29         0      1929


SUNRISE AND SUNSET
NOVEMBER 29 2016......SUNRISE   707 AM CST   SUNSET   448 PM CST
NOVEMBER 30 2016......SUNRISE   708 AM CST   SUNSET   448 PM CST


-  INDICATES NEGATIVE NUMBERS.
R  INDICATES RECORD WAS SET OR TIED.
MM INDICATES DATA IS MISSING.
T  INDICATES TRACE AMOUNT.




$$
