000
CDUS43 KLSX 232145
CLICOU


CLIMATE REPORT
NATIONAL WEATHER SERVICE ST LOUIS MO
445 PM CDT THU MAR 23 2017


...................................

...THE COLUMBIA ASOS CLIMATE SUMMARY FOR MARCH 23 2017...
VALID TODAY AS OF 0400 PM LOCAL TIME.

CLIMATE NORMAL PERIOD 1981 TO 2010
CLIMATE RECORD PERIOD 1890 TO 2017


WEATHER ITEM   OBSERVED TIME   RECORD YEAR NORMAL DEPARTURE LAST
                VALUE   (LST)  VALUE       VALUE  FROM      YEAR
                                                  NORMAL
..................................................................
TEMPERATURE (F)
 TODAY
  MAXIMUM         78    259 PM  88    1910  58     20       75
  MINIMUM         41    533 AM   8    1974  36      5       55
  AVERAGE         60                        47     13       65

PRECIPITATION (IN)
  TODAY            0.01          1.63 1936   0.10  -0.09     0.01
  MONTH TO DATE    1.38                      2.06  -0.68     1.21
  SINCE MAR 1      1.38                      2.06  -0.68     1.21
  SINCE JAN 1      2.60                      6.23  -3.63     2.86

SNOWFALL (IN)
  TODAY           MM             6.1  1974   0.0   MM        0.0
  MONTH TO DATE    T                         1.5   -1.5       T
  SINCE MAR 1      T                         1.5   -1.5       T
  SINCE JUL 1      1.6                      17.6  -16.0      9.0
  SNOW DEPTH       0

DEGREE DAYS
 HEATING
  TODAY            5                        18    -13        0
  MONTH TO DATE  417                       503    -86      310
  SINCE MAR 1    417                       503    -86      310
  SINCE JUL 1   3458                      4449   -991     3487

 COOLING
  TODAY            0                         0      0        0
  MONTH TO DATE    4                         0      4        4
  SINCE MAR 1      4                         0      4        4
  SINCE JAN 1      8                         0      8        4
..................................................................


WIND (MPH)
  HIGHEST WIND SPEED    25   HIGHEST WIND DIRECTION     S (170)
  HIGHEST GUST SPEED    31   HIGHEST GUST DIRECTION     S (170)
  AVERAGE WIND SPEED    13.9


SKY COVER
  AVERAGE SKY COVER 0.7



RELATIVE HUMIDITY (PERCENT)
 HIGHEST    70           600 AM
 LOWEST     34          1200 PM
 AVERAGE    52

..........................................................


THE COLUMBIA ASOS CLIMATE NORMALS FOR TOMORROW
                         NORMAL    RECORD    YEAR
 MAXIMUM TEMPERATURE (F)   58        89      1929
 MINIMUM TEMPERATURE (F)   37         0      1974


SUNRISE AND SUNSET
MARCH 23 2017.........SUNRISE   707 AM CDT   SUNSET   724 PM CDT
MARCH 24 2017.........SUNRISE   706 AM CDT   SUNSET   725 PM CDT


-  INDICATES NEGATIVE NUMBERS.
R  INDICATES RECORD WAS SET OR TIED.
MM INDICATES DATA IS MISSING.
T  INDICATES TRACE AMOUNT.




$$
