000
CDUS43 KLSX 200745
CLICOU


CLIMATE REPORT
NATIONAL WEATHER SERVICE ST LOUIS MO
245 AM CDT MON OCT 20 2014


...................................

...THE COLUMBIA ASOS CLIMATE SUMMARY FOR OCTOBER 19 2014...

CLIMATE NORMAL PERIOD 1981 TO 2010
CLIMATE RECORD PERIOD 1890 TO 2014


WEATHER ITEM   OBSERVED TIME   RECORD YEAR NORMAL DEPARTURE LAST
                VALUE   (LST)  VALUE       VALUE  FROM      YEAR
                                                  NORMAL
..................................................................
TEMPERATURE (F)
 YESTERDAY
  MAXIMUM         65    348 PM  87    1894  66     -1       58
  MINIMUM         39    643 AM  22    1972  44     -5       35
  AVERAGE         52                        55     -3       47

PRECIPITATION (IN)
  YESTERDAY        0.00          1.29 2005   0.11  -0.11     0.01
  MONTH TO DATE    9.86                      2.14   7.72     1.12
  SINCE SEP 1     16.01                      6.01  10.00     3.54
  SINCE JAN 1     40.30                     35.76   4.54    36.63

SNOWFALL (IN)
  YESTERDAY        0.0           T    1996   0.0    0.0      0.0
                                      1930
  MONTH TO DATE    0.0                       0.0    0.0      0.0
  SINCE SEP 1      0.0                       0.0    0.0      0.0
  SINCE JUL 1      0.0                       0.0    0.0      0.0
  SNOW DEPTH       0

DEGREE DAYS
 HEATING
  YESTERDAY       13                        10      3       18
  MONTH TO DATE  146                       151     -5      119
  SINCE SEP 1    193                       217    -24      135
  SINCE JUL 1    193                       219    -26      135

 COOLING
  YESTERDAY        0                         0      0        0
  MONTH TO DATE    6                        15     -9       47
  SINCE SEP 1    144                       159    -15      254
  SINCE JAN 1   1254                      1242     12     1321
..................................................................


WIND (MPH)
  HIGHEST WIND SPEED    14   HIGHEST WIND DIRECTION     S (190)
  HIGHEST GUST SPEED    18   HIGHEST GUST DIRECTION    SW (210)
  AVERAGE WIND SPEED     7.2


SKY COVER
  AVERAGE SKY COVER 0.1


WEATHER CONDITIONS
 THE FOLLOWING WEATHER WAS RECORDED YESTERDAY.
  NO SIGNIFICANT WEATHER WAS OBSERVED.


RELATIVE HUMIDITY (PERCENT)
 HIGHEST   100
 LOWEST     44
 AVERAGE    72

..........................................................


THE COLUMBIA ASOS CLIMATE NORMALS FOR TODAY
                         NORMAL    RECORD    YEAR
 MAXIMUM TEMPERATURE (F)   66        86      1979
                                             1963
 MINIMUM TEMPERATURE (F)   44        21      1895


SUNRISE AND SUNSET
OCTOBER 20 2014.......SUNRISE   723 AM CDT   SUNSET   623 PM CDT
OCTOBER 21 2014.......SUNRISE   724 AM CDT   SUNSET   622 PM CDT


-  INDICATES NEGATIVE NUMBERS.
R  INDICATES RECORD WAS SET OR TIED.
MM INDICATES DATA IS MISSING.
T  INDICATES TRACE AMOUNT.




$$
