000
CDUS43 KLSX 252126
CLICOU


CLIMATE REPORT
NATIONAL WEATHER SERVICE ST LOUIS MO
426 PM CDT SAT OCT 25 2014


...................................

...THE COLUMBIA ASOS CLIMATE SUMMARY FOR OCTOBER 25 2014...
VALID TODAY AS OF 0400 PM LOCAL TIME.

CLIMATE NORMAL PERIOD 1981 TO 2010
CLIMATE RECORD PERIOD 1890 TO 2014


WEATHER ITEM   OBSERVED TIME   RECORD YEAR NORMAL DEPARTURE LAST
                VALUE   (LST)  VALUE       VALUE  FROM      YEAR
                                                  NORMAL
..................................................................
TEMPERATURE (F)
 TODAY
  MAXIMUM         81    248 PM  88    1939  64     17       55
  MINIMUM         53    704 AM  22    2013  43     10       22
  AVERAGE         67                        53     14       39

PRECIPITATION (IN)
  TODAY            0.00          1.15 1956   0.09  -0.09     0.00
  MONTH TO DATE    9.86                      2.74   7.12     1.20
  SINCE SEP 1     16.01                      6.61   9.40     3.62
  SINCE JAN 1     40.30                     36.36   3.94    36.71

SNOWFALL (IN)
  TODAY            0.0           T    1898   0.0    0.0      0.0
  MONTH TO DATE    0.0                       0.0    0.0      0.0
  SINCE SEP 1      0.0                       0.0    0.0      0.0
  SINCE JUL 1      0.0                       0.0    0.0      0.0
  SNOW DEPTH       0

DEGREE DAYS
 HEATING
  TODAY            0                        12    -12       26
  MONTH TO DATE  181                       219    -38      238
  SINCE SEP 1    228                       285    -57      254
  SINCE JUL 1    228                       287    -59      254

 COOLING
  TODAY            2                         0      2        0
  MONTH TO DATE    8                        15     -7       47
  SINCE SEP 1    146                       159    -13      254
  SINCE JAN 1   1256                      1242     14     1321
..................................................................


WIND (MPH)
  HIGHEST WIND SPEED     9   HIGHEST WIND DIRECTION    SW (240)
  HIGHEST GUST SPEED    12   HIGHEST GUST DIRECTION    SW (230)
  AVERAGE WIND SPEED     3.9


SKY COVER
  AVERAGE SKY COVER 0.0



RELATIVE HUMIDITY (PERCENT)
 HIGHEST   100           300 AM
 LOWEST     45           200 PM
 AVERAGE    73

..........................................................


THE COLUMBIA ASOS CLIMATE NORMALS FOR TOMORROW
                         NORMAL    RECORD    YEAR
 MAXIMUM TEMPERATURE (F)   64        87      1891
 MINIMUM TEMPERATURE (F)   42        24      1942


SUNRISE AND SUNSET
OCTOBER 25 2014.......SUNRISE   728 AM CDT   SUNSET   617 PM CDT
OCTOBER 26 2014.......SUNRISE   730 AM CDT   SUNSET   616 PM CDT


-  INDICATES NEGATIVE NUMBERS.
R  INDICATES RECORD WAS SET OR TIED.
MM INDICATES DATA IS MISSING.
T  INDICATES TRACE AMOUNT.




$$
