000
CDUS43 KLSX 012209
CLICOU


CLIMATE REPORT
NATIONAL WEATHER SERVICE ST LOUIS MO
506 PM CDT WED JUL 1 2015


...................................

...THE COLUMBIA ASOS CLIMATE SUMMARY FOR JUNE 30 2015...

CLIMATE NORMAL PERIOD 1981 TO 2010
CLIMATE RECORD PERIOD 1890 TO 2015


WEATHER ITEM   OBSERVED TIME   RECORD YEAR NORMAL DEPARTURE LAST
                VALUE   (LST)  VALUE       VALUE  FROM      YEAR
                                                  NORMAL
..................................................................
TEMPERATURE (F)
 YESTERDAY
  MAXIMUM         84    349 PM 103    1901  86     -2       92
  MINIMUM         68    537 AM  51    1943  66      2       71
  AVERAGE         76                        76      0       82

PRECIPITATION (IN)
  YESTERDAY        0.04          2.02 1945   0.14  -0.10     0.06
  MONTH TO DATE    7.56                      4.47   3.09     5.07
  SINCE JUN 1      7.56                      4.47   3.09     5.07
  SINCE JAN 1     20.42                     21.02  -0.60    19.89

SNOWFALL (IN)
  YESTERDAY        0.0           0.0  2013   0.0    0.0      0.0
  MONTH TO DATE    0.0                       0.0    0.0      0.0
  SINCE JUN 1      0.0                       0.0    0.0      0.0
  SINCE JUL 1     12.0                      18.0   -6.0     17.8
  SNOW DEPTH       0

DEGREE DAYS
 HEATING
  YESTERDAY        0                         0      0        0
  MONTH TO DATE    7                         9     -2        0
  SINCE JUN 1      7                        11     -4        0
  SINCE JUL 1   4946                      5023    -77     5572

 COOLING
  YESTERDAY       11                        11      0       17
  MONTH TO DATE  311                       248     63      287
  SINCE JUN 1    311                       248     63      287
  SINCE JAN 1    430                       351     79      447
..................................................................


WIND (MPH)
  HIGHEST WIND SPEED    13   HIGHEST WIND DIRECTION     W (290)
  HIGHEST GUST SPEED    17   HIGHEST GUST DIRECTION     W (280)
  AVERAGE WIND SPEED     5.9


SKY COVER
  AVERAGE SKY COVER 0.1


WEATHER CONDITIONS
 THE FOLLOWING WEATHER WAS RECORDED YESTERDAY.
  LIGHT RAIN
  FOG


RELATIVE HUMIDITY (PERCENT)
 HIGHEST    90
 LOWEST     58
 AVERAGE    74

..........................................................


THE COLUMBIA ASOS CLIMATE NORMALS FOR TODAY
                         NORMAL    RECORD    YEAR
 MAXIMUM TEMPERATURE (F)   87       110      1980
 MINIMUM TEMPERATURE (F)   67        45      1892


SUNRISE AND SUNSET
JULY  1 2015..........SUNRISE   547 AM CDT   SUNSET   838 PM CDT
JULY  2 2015..........SUNRISE   548 AM CDT   SUNSET   838 PM CDT


-  INDICATES NEGATIVE NUMBERS.
R  INDICATES RECORD WAS SET OR TIED.
MM INDICATES DATA IS MISSING.
T  INDICATES TRACE AMOUNT.




$$
