000
CDUS43 KLSX 120726
CLICOU


CLIMATE REPORT
NATIONAL WEATHER SERVICE ST LOUIS MO
226 AM CDT SAT AUG 12 2017


...................................

...THE COLUMBIA ASOS CLIMATE SUMMARY FOR AUGUST 11 2017...

CLIMATE NORMAL PERIOD 1981 TO 2010
CLIMATE RECORD PERIOD 1890 TO 2017


WEATHER ITEM   OBSERVED TIME   RECORD YEAR NORMAL DEPARTURE LAST
                VALUE   (LST)  VALUE       VALUE  FROM      YEAR
                                                  NORMAL
..................................................................
TEMPERATURE (F)
 YESTERDAY
  MAXIMUM         84    228 PM 105    1894  88     -4       92
  MINIMUM         66   1159 PM  50    1890  66      0       74
  AVERAGE         75                        77     -2       83

PRECIPITATION (IN)
  YESTERDAY        0.24          1.77 1939   0.14   0.10     0.00
  MONTH TO DATE    1.35                      1.47  -0.12     4.79
  SINCE JUN 1      8.37                     10.31  -1.94    17.16
  SINCE JAN 1     28.27                     26.86   1.41    27.29

SNOWFALL (IN)
  YESTERDAY        0.0           0.0  2015   0.0    0.0      0.0
  MONTH TO DATE    0.0                       0.0    0.0      0.0
  SINCE JUN 1      0.0                       0.0    0.0      0.0
  SINCE JUL 1      0.0                       0.0    0.0      0.0
  SNOW DEPTH       0

DEGREE DAYS
 HEATING
  YESTERDAY        0                         0      0        0
  MONTH TO DATE    3                         0      3        0
  SINCE JUN 1      4                        11     -7        0
  SINCE JUL 1      3                         0      3        0

 COOLING
  YESTERDAY       10                        12     -2       18
  MONTH TO DATE   90                       132    -42      149
  SINCE JUN 1    818                       762     56      967
  SINCE JAN 1    952                       865     87     1091
..................................................................


WIND (MPH)
  HIGHEST WIND SPEED    14   HIGHEST WIND DIRECTION    NE (40)
  HIGHEST GUST SPEED    18   HIGHEST GUST DIRECTION    NE (40)
  AVERAGE WIND SPEED     7.5


SKY COVER
  AVERAGE SKY COVER 0.3


WEATHER CONDITIONS
 THE FOLLOWING WEATHER WAS RECORDED YESTERDAY.
  THUNDERSTORM
  HEAVY RAIN
  RAIN
  LIGHT RAIN
  FOG


RELATIVE HUMIDITY (PERCENT)
 HIGHEST   100
 LOWEST     51
 AVERAGE    76

..........................................................


THE COLUMBIA ASOS CLIMATE NORMALS FOR TODAY
                         NORMAL    RECORD    YEAR
 MAXIMUM TEMPERATURE (F)   88       105      1999
 MINIMUM TEMPERATURE (F)   66        50      2004
                                             1979


SUNRISE AND SUNSET
AUGUST 12 2017........SUNRISE   620 AM CDT   SUNSET   807 PM CDT
AUGUST 13 2017........SUNRISE   621 AM CDT   SUNSET   806 PM CDT


-  INDICATES NEGATIVE NUMBERS.
R  INDICATES RECORD WAS SET OR TIED.
MM INDICATES DATA IS MISSING.
T  INDICATES TRACE AMOUNT.




$$
