000
CDUS43 KLSX 272240
CLICOU


CLIMATE REPORT
NATIONAL WEATHER SERVICE ST LOUIS MO
540 PM CDT SAT SEP 27 2014


...................................

...THE COLUMBIA ASOS CLIMATE SUMMARY FOR SEPTEMBER 27 2014...
VALID TODAY AS OF 0500 PM LOCAL TIME.

CLIMATE NORMAL PERIOD 1981 TO 2010
CLIMATE RECORD PERIOD 1890 TO 2014


WEATHER ITEM   OBSERVED TIME   RECORD YEAR NORMAL DEPARTURE LAST
                VALUE   (LST)  VALUE       VALUE  FROM      YEAR
                                                  NORMAL
..................................................................
TEMPERATURE (F)
 TODAY
  MAXIMUM         83    344 PM  93    1897  74      9       85
  MINIMUM         60    635 AM  32    1889  51      9       63
  AVERAGE         72                        63      9       74

PRECIPITATION (IN)
  TODAY            0.00          1.99 1916   0.13  -0.13     0.00
  MONTH TO DATE    6.15                      3.49   2.66     2.21
  SINCE SEP 1      6.15                      3.49   2.66     2.21
  SINCE JAN 1     30.44                     33.24  -2.80    35.30

SNOWFALL (IN)
  TODAY            0.0           0.0  2013   0.0    0.0      0.0
  MONTH TO DATE    0.0                       0.0    0.0      0.0
  SINCE SEP 1      0.0                       0.0    0.0      0.0
  SINCE JUL 1      0.0                       0.0    0.0      0.0
  SNOW DEPTH       0

DEGREE DAYS
 HEATING
  TODAY            0                         5     -5        0
  MONTH TO DATE   47                        49     -2       12
  SINCE SEP 1     47                        49     -2       12
  SINCE JUL 1     47                        51     -4       12

 COOLING
  TODAY            7                         2      5        9
  MONTH TO DATE  116                       138    -22      204
  SINCE SEP 1    116                       138    -22      204
  SINCE JAN 1   1226                      1221      5     1271
..................................................................


WIND (MPH)
  HIGHEST WIND SPEED    13   HIGHEST WIND DIRECTION     E (110)
  HIGHEST GUST SPEED    15   HIGHEST GUST DIRECTION     E (110)
  AVERAGE WIND SPEED     5.8


SKY COVER
  AVERAGE SKY COVER 0.1



RELATIVE HUMIDITY (PERCENT)
 HIGHEST    84           100 AM
 LOWEST     47           300 PM
 AVERAGE    66

..........................................................


THE COLUMBIA ASOS CLIMATE NORMALS FOR TOMORROW
                         NORMAL    RECORD    YEAR
 MAXIMUM TEMPERATURE (F)   74        99      1953
 MINIMUM TEMPERATURE (F)   51        32      1889


SUNRISE AND SUNSET
SEPTEMBER 27 2014.....SUNRISE   701 AM CDT   SUNSET   658 PM CDT
SEPTEMBER 28 2014.....SUNRISE   702 AM CDT   SUNSET   656 PM CDT


-  INDICATES NEGATIVE NUMBERS.
R  INDICATES RECORD WAS SET OR TIED.
MM INDICATES DATA IS MISSING.
T  INDICATES TRACE AMOUNT.




$$
