000
CDUS43 KLSX 290731
CLICOU


CLIMATE REPORT
NATIONAL WEATHER SERVICE ST LOUIS MO
230 AM CDT SAT AUG 29 2015


...................................

...THE COLUMBIA ASOS CLIMATE SUMMARY FOR AUGUST 28 2015...

CLIMATE NORMAL PERIOD 1981 TO 2010
CLIMATE RECORD PERIOD 1890 TO 2015


WEATHER ITEM   OBSERVED TIME   RECORD YEAR NORMAL DEPARTURE LAST
                VALUE   (LST)  VALUE       VALUE  FROM      YEAR
                                                  NORMAL
..................................................................
TEMPERATURE (F)
 YESTERDAY
  MAXIMUM         80    148 PM 106    1984  86     -6       94
  MINIMUM         60    532 AM  42    1986  64     -4       69
                                      1891
  AVERAGE         70                        75     -5       82

PRECIPITATION (IN)
  YESTERDAY        T             2.08 1919   0.14  -0.14     0.00
  MONTH TO DATE    3.11                      3.94  -0.83     2.78
  SINCE JUN 1     19.07                     12.78   6.29     9.31
  SINCE JAN 1     31.93                     29.33   2.60    24.13

SNOWFALL (IN)
  YESTERDAY        0.0           0.0  2013   0.0    0.0      0.0
  MONTH TO DATE    0.0                       0.0    0.0      0.0
  SINCE JUN 1      0.0                       0.0    0.0      0.0
  SINCE JUL 1      0.0                       0.0    0.0      0.0
  SNOW DEPTH       0

DEGREE DAYS
 HEATING
  YESTERDAY        0                         0      0        0
  MONTH TO DATE    1                         0      1        0
  SINCE JUN 1      9                        11     -2        0
  SINCE JUL 1      2                         0      2        0

 COOLING
  YESTERDAY        5                        10     -5       17
  MONTH TO DATE  256                       321    -65      351
  SINCE JUN 1    965                       951     14      904
  SINCE JAN 1   1084                      1054     30     1064
..................................................................


WIND (MPH)
  HIGHEST WIND SPEED    16   HIGHEST WIND DIRECTION    SE (140)
  HIGHEST GUST SPEED    20   HIGHEST GUST DIRECTION    SE (130)
  AVERAGE WIND SPEED     8.3


SKY COVER
  AVERAGE SKY COVER 0.2


WEATHER CONDITIONS
 THE FOLLOWING WEATHER WAS RECORDED YESTERDAY.
  NO SIGNIFICANT WEATHER WAS OBSERVED.


RELATIVE HUMIDITY (PERCENT)
 HIGHEST    97
 LOWEST     62
 AVERAGE    80

..........................................................


THE COLUMBIA ASOS CLIMATE NORMALS FOR TODAY
                         NORMAL    RECORD    YEAR
 MAXIMUM TEMPERATURE (F)   85       110      1984
 MINIMUM TEMPERATURE (F)   63        43      1986


SUNRISE AND SUNSET
AUGUST 29 2015........SUNRISE   635 AM CDT   SUNSET   744 PM CDT
AUGUST 30 2015........SUNRISE   636 AM CDT   SUNSET   742 PM CDT


-  INDICATES NEGATIVE NUMBERS.
R  INDICATES RECORD WAS SET OR TIED.
MM INDICATES DATA IS MISSING.
T  INDICATES TRACE AMOUNT.




$$
