000
CDUS43 KLSX 120733
CLICOU


CLIMATE REPORT
NATIONAL WEATHER SERVICE ST LOUIS MO
233 AM CDT FRI SEP 12 2014


...................................

...THE COLUMBIA ASOS CLIMATE SUMMARY FOR SEPTEMBER 11 2014...

CLIMATE NORMAL PERIOD 1981 TO 2010
CLIMATE RECORD PERIOD 1890 TO 2014


WEATHER ITEM   OBSERVED TIME   RECORD YEAR NORMAL DEPARTURE LAST
                VALUE   (LST)  VALUE       VALUE  FROM      YEAR
                                                  NORMAL
..................................................................
TEMPERATURE (F)
 YESTERDAY
  MAXIMUM         64   1201 AM 100    1936  81    -17       96
  MINIMUM         54   1159 PM  39    1940  59     -5       64
  AVERAGE         59                        70    -11       80

PRECIPITATION (IN)
  YESTERDAY        T             1.69 1975   0.12  -0.12     0.00
  MONTH TO DATE    6.12                      1.43   4.69     0.54
  SINCE SEP 1      6.12                      1.43   4.69     0.54
  SINCE JAN 1     30.41                     31.18  -0.77    33.63

SNOWFALL (IN)
  YESTERDAY        0.0           0.0  2013   0.0    0.0      0.0
  MONTH TO DATE    0.0                       0.0    0.0      0.0
  SINCE SEP 1      0.0                       0.0    0.0      0.0
  SINCE JUL 1      0.0                       0.0    0.0      0.0
  SNOW DEPTH       0

DEGREE DAYS
 HEATING
  YESTERDAY        6                         1      5        0
  MONTH TO DATE    6                         5      1        0
  SINCE SEP 1      6                         5      1        0
  SINCE JUL 1      6                         7     -1        0

 COOLING
  YESTERDAY        0                         6     -6       15
  MONTH TO DATE   83                        79      4      142
  SINCE SEP 1     83                        79      4      142
  SINCE JAN 1   1193                      1162     31     1209
..................................................................


WIND (MPH)
  HIGHEST WIND SPEED    16   HIGHEST WIND DIRECTION     N (360)
  HIGHEST GUST SPEED    20   HIGHEST GUST DIRECTION     N (360)
  AVERAGE WIND SPEED     9.7


SKY COVER
  AVERAGE SKY COVER 1.0


WEATHER CONDITIONS
 THE FOLLOWING WEATHER WAS RECORDED YESTERDAY.
  LIGHT RAIN
  FOG


RELATIVE HUMIDITY (PERCENT)
 HIGHEST    93
 LOWEST     75
 AVERAGE    84

..........................................................


THE COLUMBIA ASOS CLIMATE NORMALS FOR TODAY
                         NORMAL    RECORD    YEAR
 MAXIMUM TEMPERATURE (F)   80       100      1897
 MINIMUM TEMPERATURE (F)   58        39      1902


SUNRISE AND SUNSET
SEPTEMBER 12 2014.....SUNRISE   648 AM CDT   SUNSET   722 PM CDT
SEPTEMBER 13 2014.....SUNRISE   649 AM CDT   SUNSET   720 PM CDT


-  INDICATES NEGATIVE NUMBERS.
R  INDICATES RECORD WAS SET OR TIED.
MM INDICATES DATA IS MISSING.
T  INDICATES TRACE AMOUNT.




$$
