000
CDUS43 KLSX 250736
CLICOU


CLIMATE REPORT
NATIONAL WEATHER SERVICE ST LOUIS MO
135 AM CST THU DEC 25 2014


...................................

...THE COLUMBIA ASOS CLIMATE SUMMARY FOR DECEMBER 24 2014...

CLIMATE NORMAL PERIOD 1981 TO 2010
CLIMATE RECORD PERIOD 1890 TO 2014


WEATHER ITEM   OBSERVED TIME   RECORD YEAR NORMAL DEPARTURE LAST
                VALUE   (LST)  VALUE       VALUE  FROM      YEAR
                                                  NORMAL
..................................................................
TEMPERATURE (F)
 YESTERDAY
  MAXIMUM         38    426 PM  69    1955  39     -1       24
                                      1889
  MINIMUM         33    128 AM -16    1983  22     11        1
  AVERAGE         36                        30      6       13

PRECIPITATION (IN)
  YESTERDAY        0.01          1.33 1982   0.07  -0.06     0.00
  MONTH TO DATE    2.13                      1.96   0.17     1.71
  SINCE DEC 1      2.13                      1.96   0.17     1.71
  SINCE JAN 1     44.07                     42.14   1.93    41.52

SNOWFALL (IN)
  YESTERDAY        T            11.1  1915   0.2   -0.2      0.0
  MONTH TO DATE    1.0                       3.2   -2.2      2.4
  SINCE DEC 1      1.0                       3.2   -2.2      2.4
  SINCE JUL 1      1.8                       4.1   -2.3      2.4
  SNOW DEPTH       0

DEGREE DAYS
 HEATING
  YESTERDAY       29                        35     -6       52
  MONTH TO DATE  648                       764   -116      846
  SINCE DEC 1    648                       764   -116      846
  SINCE JUL 1   1729                      1749    -20     1853

 COOLING
  YESTERDAY        0                         0      0        0
  MONTH TO DATE    0                         0      0        0
  SINCE DEC 1      0                         0      0        0
  SINCE JAN 1   1266                      1249     17     1322
..................................................................


WIND (MPH)
  HIGHEST WIND SPEED    20   HIGHEST WIND DIRECTION     W (260)
  HIGHEST GUST SPEED    25   HIGHEST GUST DIRECTION    NW (300)
  AVERAGE WIND SPEED    11.3


SKY COVER
  AVERAGE SKY COVER 0.9


WEATHER CONDITIONS
 THE FOLLOWING WEATHER WAS RECORDED YESTERDAY.
  LIGHT RAIN
  FOG


RELATIVE HUMIDITY (PERCENT)
 HIGHEST   100
 LOWEST     75
 AVERAGE    88

..........................................................


THE COLUMBIA ASOS CLIMATE NORMALS FOR TODAY
                         NORMAL    RECORD    YEAR
 MAXIMUM TEMPERATURE (F)   39        74      1889
 MINIMUM TEMPERATURE (F)   22       -19      1983


SUNRISE AND SUNSET
DECEMBER 25 2014......SUNRISE   725 AM CST   SUNSET   453 PM CST
DECEMBER 26 2014......SUNRISE   726 AM CST   SUNSET   453 PM CST


-  INDICATES NEGATIVE NUMBERS.
R  INDICATES RECORD WAS SET OR TIED.
MM INDICATES DATA IS MISSING.
T  INDICATES TRACE AMOUNT.




$$
