708
CDUS43 KLSX 272134
CLICOU


CLIMATE REPORT
NATIONAL WEATHER SERVICE ST LOUIS MO
428 PM CDT WED APR 27 2016


...................................

...THE COLUMBIA ASOS CLIMATE SUMMARY FOR APRIL 27 2016...
VALID TODAY AS OF 0400 PM LOCAL TIME.

CLIMATE NORMAL PERIOD 1981 TO 2010
CLIMATE RECORD PERIOD 1890 TO 2016


WEATHER ITEM   OBSERVED TIME   RECORD YEAR NORMAL DEPARTURE LAST
                VALUE   (LST)  VALUE       VALUE  FROM      YEAR
                                                  NORMAL
..................................................................
TEMPERATURE (F)
 TODAY
  MAXIMUM         77    246 PM  90    1956  70      7       67
                                      1896
  MINIMUM         59    600 AM  30    1967  48     11       40
  AVERAGE         68                        59      9       54

PRECIPITATION (IN)
  TODAY            0.06          2.15 2002   0.17  -0.11     0.00
  MONTH TO DATE    2.05                      3.98  -1.93     3.29
  SINCE MAR 1      3.93                      6.89  -2.96     4.83
  SINCE JAN 1      5.58                     11.06  -5.48     7.18

SNOWFALL (IN)
  TODAY            0.0           0.0  2015   0.0    0.0      0.0
  MONTH TO DATE    0.0                       0.2   -0.2      0.0
  SINCE MAR 1      T                         1.9   -1.9      1.6
  SINCE JUL 1      9.0                      18.0   -9.0     12.0
  SNOW DEPTH       0

DEGREE DAYS
 HEATING
  TODAY            0                         7     -7       11
  MONTH TO DATE  214                       299    -85      200
  SINCE MAR 1    632                       935   -303      785
  SINCE JUL 1   3809                      4881  -1072     4840

 COOLING
  TODAY            3                         1      2        0
  MONTH TO DATE   29                        20      9       15
  SINCE MAR 1     33                        23     10       15
  SINCE JAN 1     33                        23     10       15
..................................................................


WIND (MPH)
  HIGHEST WIND SPEED    28   HIGHEST WIND DIRECTION     E (110)
  HIGHEST GUST SPEED    34   HIGHEST GUST DIRECTION     E (110)
  AVERAGE WIND SPEED    10.7


SKY COVER
  AVERAGE SKY COVER 0.8



RELATIVE HUMIDITY (PERCENT)
 HIGHEST    97           100 AM
 LOWEST     54           300 PM
 AVERAGE    76

..........................................................


THE COLUMBIA ASOS CLIMATE NORMALS FOR TOMORROW
                         NORMAL    RECORD    YEAR
 MAXIMUM TEMPERATURE (F)   70        88      1970
                                             1951
                                             1894
 MINIMUM TEMPERATURE (F)   48        32      1928


SUNRISE AND SUNSET
APRIL 27 2016.........SUNRISE   615 AM CDT   SUNSET   758 PM CDT
APRIL 28 2016.........SUNRISE   614 AM CDT   SUNSET   759 PM CDT


-  INDICATES NEGATIVE NUMBERS.
R  INDICATES RECORD WAS SET OR TIED.
MM INDICATES DATA IS MISSING.
T  INDICATES TRACE AMOUNT.




$$
