000
CDUS43 KLSX 230726
CLICOU


CLIMATE REPORT
NATIONAL WEATHER SERVICE ST LOUIS MO
226 AM CDT FRI SEP 23 2016


...................................

...THE COLUMBIA ASOS CLIMATE SUMMARY FOR SEPTEMBER 22 2016...

CLIMATE NORMAL PERIOD 1981 TO 2010
CLIMATE RECORD PERIOD 1890 TO 2016


WEATHER ITEM   OBSERVED TIME   RECORD YEAR NORMAL DEPARTURE LAST
                VALUE   (LST)  VALUE       VALUE  FROM      YEAR
                                                  NORMAL
..................................................................
TEMPERATURE (F)
 YESTERDAY
  MAXIMUM         88    256 PM  97    1937  76     12       84
  MINIMUM         63    553 AM  33    1995  53     10       58
  AVERAGE         76                        65     11       71

PRECIPITATION (IN)
  YESTERDAY        0.00          2.23 1986   0.13  -0.13     0.00
  MONTH TO DATE    7.30                      2.81   4.49     1.14
  SINCE SEP 1      7.30                      2.81   4.49     1.14
  SINCE JAN 1     35.64                     32.56   3.08    33.10

SNOWFALL (IN)
  YESTERDAY        0.0           0.0  2015   0.0    0.0      0.0
  MONTH TO DATE    0.0                       0.0    0.0      0.0
  SINCE SEP 1      0.0                       0.0    0.0      0.0
  SINCE JUL 1      0.0                       0.0    0.0      0.0
  SNOW DEPTH       0

DEGREE DAYS
 HEATING
  YESTERDAY        0                         3     -3        0
  MONTH TO DATE    0                        28    -28       16
  SINCE SEP 1      0                        28    -28       16
  SINCE JUL 1      0                        30    -30       18

 COOLING
  YESTERDAY       11                         3      8        6
  MONTH TO DATE  198                       125     73      192
  SINCE SEP 1    198                       125     73      192
  SINCE JAN 1   1509                      1208    301     1313
..................................................................


WIND (MPH)
  HIGHEST WIND SPEED    14   HIGHEST WIND DIRECTION     S (190)
  HIGHEST GUST SPEED    17   HIGHEST GUST DIRECTION     S (180)
  AVERAGE WIND SPEED     6.9


SKY COVER
  AVERAGE SKY COVER 0.0


WEATHER CONDITIONS
 THE FOLLOWING WEATHER WAS RECORDED YESTERDAY.
  NO SIGNIFICANT WEATHER WAS OBSERVED.


RELATIVE HUMIDITY (PERCENT)
 HIGHEST    93
 LOWEST     50
 AVERAGE    72

..........................................................


THE COLUMBIA ASOS CLIMATE NORMALS FOR TODAY
                         NORMAL    RECORD    YEAR
 MAXIMUM TEMPERATURE (F)   76        94      2007
                                             1891
 MINIMUM TEMPERATURE (F)   53        33      1896


SUNRISE AND SUNSET
SEPTEMBER 23 2016.....SUNRISE   658 AM CDT   SUNSET   703 PM CDT
SEPTEMBER 24 2016.....SUNRISE   659 AM CDT   SUNSET   702 PM CDT


-  INDICATES NEGATIVE NUMBERS.
R  INDICATES RECORD WAS SET OR TIED.
MM INDICATES DATA IS MISSING.
T  INDICATES TRACE AMOUNT.




$$
