000
CDUS43 KLSX 201143 CCA
CLICOU

CLIMATE REPORT
NATIONAL WEATHER SERVICE ST LOUIS MO
238 AM CDT SAT AUG 20 2016


...................................

...THE COLUMBIA ASOS CLIMATE SUMMARY FOR AUGUST 19 2016...

CLIMATE NORMAL PERIOD 1981 TO 2010
CLIMATE RECORD PERIOD 1890 TO 2016


WEATHER ITEM   OBSERVED TIME   RECORD YEAR NORMAL DEPARTURE LAST
                VALUE   (LST)  VALUE       VALUE  FROM      YEAR
                                                  NORMAL
..................................................................
TEMPERATURE (F)
 YESTERDAY
  MAXIMUM         85    349 PM 104    1936  87     -2       70
  MINIMUM         69    424 AM  52    1897  65      4       58
                                      1890
  AVERAGE         77                        76      1       64

PRECIPITATION (IN)
  YESTERDAY        0.01          3.08 1904   0.15  -0.14     0.01
  MONTH TO DATE    5.17                      2.63   2.54     1.16
  SINCE JUN 1     17.54                     11.47   6.07    17.12
  SINCE JAN 1     27.67                     28.02  -0.35    29.98

SNOWFALL (IN)
  YESTERDAY        0.0           0.0  2015   0.0    0.0      0.0
  MONTH TO DATE    0.0                       0.0    0.0      0.0
  SINCE JUN 1      0.0                       0.0    0.0      0.0
  SINCE JUL 1      0.0                       0.0    0.0      0.0
  SNOW DEPTH       0

DEGREE DAYS
 HEATING
  YESTERDAY        0                         0      0        1
  MONTH TO DATE    0                         0      0        1
  SINCE JUN 1      0                        11    -11        9
  SINCE JUL 1      0                         0      0        2

 COOLING
  YESTERDAY       12                        11      1        0
  MONTH TO DATE  238                       226     12      226
  SINCE JUN 1   1056                       856    200      935
  SINCE JAN 1   1180                       959    221     1054
..................................................................


WIND (MPH)
  HIGHEST WIND SPEED    15   HIGHEST WIND DIRECTION     S (170)
  HIGHEST GUST SPEED    20   HIGHEST GUST DIRECTION     S (170)
  AVERAGE WIND SPEED     6.9


SKY COVER
  AVERAGE SKY COVER 0.4


WEATHER CONDITIONS
 THE FOLLOWING WEATHER WAS RECORDED YESTERDAY.
  LIGHT RAIN
  FOG


RELATIVE HUMIDITY (PERCENT)
 HIGHEST   100
 LOWEST     69
 AVERAGE    85

..........................................................


THE COLUMBIA ASOS CLIMATE NORMALS FOR TODAY
                         NORMAL    RECORD    YEAR
 MAXIMUM TEMPERATURE (F)   87       102      2003
                                             1962
 MINIMUM TEMPERATURE (F)   65        46      1950


SUNRISE AND SUNSET
AUGUST 20 2016........SUNRISE   628 AM CDT   SUNSET   756 PM CDT
AUGUST 21 2016........SUNRISE   628 AM CDT   SUNSET   754 PM CDT


-  INDICATES NEGATIVE NUMBERS.
R  INDICATES RECORD WAS SET OR TIED.
MM INDICATES DATA IS MISSING.
T  INDICATES TRACE AMOUNT.




$$
