000
CDUS43 KLSX 262245
CLICOU


CLIMATE REPORT
NATIONAL WEATHER SERVICE ST LOUIS MO
545 PM CDT FRI JUN 26 2015


...................................

...THE COLUMBIA ASOS CLIMATE SUMMARY FOR JUNE 26 2015...
VALID TODAY AS OF 0500 PM LOCAL TIME.

CLIMATE NORMAL PERIOD 1981 TO 2010
CLIMATE RECORD PERIOD 1890 TO 2015


WEATHER ITEM   OBSERVED TIME   RECORD YEAR NORMAL DEPARTURE LAST
                VALUE   (LST)  VALUE       VALUE  FROM      YEAR
                                                  NORMAL
..................................................................
TEMPERATURE (F)
 TODAY
  MAXIMUM         79    304 PM 102    1954  86     -7       87
                                      1901
  MINIMUM         68    723 AM  50    1974  66      2       67
  AVERAGE         74                        76     -2       77

PRECIPITATION (IN)
  TODAY            0.46          2.33 1995   0.15   0.31     0.00
  MONTH TO DATE    7.50                      3.89   3.61     4.88
  SINCE JUN 1      7.50                      3.89   3.61     4.88
  SINCE JAN 1     20.36                     20.44  -0.08    19.70

SNOWFALL (IN)
  TODAY            0.0           0.0  2013   0.0    0.0      0.0
  MONTH TO DATE    0.0                       0.0    0.0      0.0
  SINCE JUN 1      0.0                       0.0    0.0      0.0
  SINCE JUL 1     12.0                      18.0   -6.0     17.8
  SNOW DEPTH       0

DEGREE DAYS
 HEATING
  TODAY            0                         0      0        0
  MONTH TO DATE    7                         9     -2        0
  SINCE JUN 1      7                         9     -2        0
  SINCE JUL 1   4946                      5021    -75     5572

 COOLING
  TODAY            9                        11     -2       12
  MONTH TO DATE  274                       203     71      231
  SINCE JUN 1    274                       203     71      231
  SINCE JAN 1    393                       306     87      391
..................................................................


WIND (MPH)
  HIGHEST WIND SPEED    21   HIGHEST WIND DIRECTION     N (350)
  HIGHEST GUST SPEED    25   HIGHEST GUST DIRECTION     N (350)
  AVERAGE WIND SPEED     8.1


SKY COVER
  AVERAGE SKY COVER 0.6



RELATIVE HUMIDITY (PERCENT)
 HIGHEST    97           100 AM
 LOWEST     76           300 PM
 AVERAGE    87

..........................................................


THE COLUMBIA ASOS CLIMATE NORMALS FOR TOMORROW
                         NORMAL    RECORD    YEAR
 MAXIMUM TEMPERATURE (F)   86       103      2012
 MINIMUM TEMPERATURE (F)   66        48      1926


SUNRISE AND SUNSET
JUNE 26 2015..........SUNRISE   545 AM CDT   SUNSET   838 PM CDT
JUNE 27 2015..........SUNRISE   546 AM CDT   SUNSET   838 PM CDT


-  INDICATES NEGATIVE NUMBERS.
R  INDICATES RECORD WAS SET OR TIED.
MM INDICATES DATA IS MISSING.
T  INDICATES TRACE AMOUNT.




$$
