000
CDUS43 KLSX 010727
CLICOU


CLIMATE REPORT
NATIONAL WEATHER SERVICE ST LOUIS MO
126 AM CST THU DEC 1 2016


...................................

...THE COLUMBIA ASOS CLIMATE SUMMARY FOR NOVEMBER 30 2016...

CLIMATE NORMAL PERIOD 1981 TO 2010
CLIMATE RECORD PERIOD 1890 TO 2016


WEATHER ITEM   OBSERVED TIME   RECORD YEAR NORMAL DEPARTURE LAST
                VALUE   (LST)  VALUE       VALUE  FROM      YEAR
                                                  NORMAL
..................................................................
TEMPERATURE (F)
 YESTERDAY
  MAXIMUM         40    633 PM  70    1970  46     -6       46
  MINIMUM         28    653 AM  -3    1929  29     -1       37
  AVERAGE         34                        37     -3       42

PRECIPITATION (IN)
  YESTERDAY        0.00          1.52 1985   0.11  -0.11     0.19
  MONTH TO DATE    1.80                      3.25  -1.45     8.43
  SINCE SEP 1     10.71                     10.43   0.28    10.75
  SINCE JAN 1     39.05                     40.18  -1.13    42.71

SNOWFALL (IN)
  YESTERDAY        0.0           4.5  1927   0.1   -0.1      0.0
  MONTH TO DATE    0.0                       0.9   -0.9       T
  SINCE SEP 1      0.0                       0.9   -0.9       T
  SINCE JUL 1      0.0                       0.9   -0.9       T
  SNOW DEPTH       0

DEGREE DAYS
 HEATING
  YESTERDAY       31                        28      3       23
  MONTH TO DATE  442                       620   -178      462
  SINCE SEP 1    583                       983   -400      694
  SINCE JUL 1    583                       985   -402      696

 COOLING
  YESTERDAY        0                         0      0        0
  MONTH TO DATE   19                         2     17        0
  SINCE SEP 1    321                       166    155      266
  SINCE JAN 1   1632                      1249    383     1387
..................................................................


WIND (MPH)
  HIGHEST WIND SPEED    22   HIGHEST WIND DIRECTION     W (280)
  HIGHEST GUST SPEED    30   HIGHEST GUST DIRECTION     W (290)
  AVERAGE WIND SPEED    11.8


SKY COVER
  AVERAGE SKY COVER 0.7


WEATHER CONDITIONS
 THE FOLLOWING WEATHER WAS RECORDED YESTERDAY.
  NO SIGNIFICANT WEATHER WAS OBSERVED.


RELATIVE HUMIDITY (PERCENT)
 HIGHEST    85
 LOWEST     50
 AVERAGE    68

..........................................................


THE COLUMBIA ASOS CLIMATE NORMALS FOR TODAY
                         NORMAL    RECORD    YEAR
 MAXIMUM TEMPERATURE (F)   46        68      1982
 MINIMUM TEMPERATURE (F)   28         4      1893


SUNRISE AND SUNSET
DECEMBER  1 2016......SUNRISE   709 AM CST   SUNSET   447 PM CST
DECEMBER  2 2016......SUNRISE   710 AM CST   SUNSET   447 PM CST


-  INDICATES NEGATIVE NUMBERS.
R  INDICATES RECORD WAS SET OR TIED.
MM INDICATES DATA IS MISSING.
T  INDICATES TRACE AMOUNT.




$$
