000
CDUS43 KLSX 112128
CLICOU


CLIMATE REPORT
NATIONAL WEATHER SERVICE ST LOUIS MO
428 PM CDT FRI APR 11 2014


...................................

...THE COLUMBIA ASOS CLIMATE SUMMARY FOR APRIL 11 2014...
VALID TODAY AS OF 0400 PM LOCAL TIME.

CLIMATE NORMAL PERIOD 1981 TO 2010
CLIMATE RECORD PERIOD 1890 TO 2014


WEATHER ITEM   OBSERVED TIME   RECORD YEAR NORMAL DEPARTURE LAST
                VALUE   (LST)  VALUE       VALUE  FROM      YEAR
                                                  NORMAL
..................................................................
TEMPERATURE (F)
 TODAY
  MAXIMUM         74    259 PM  90    1930  65      9       46
  MINIMUM         46    531 AM  24    1989  43      3       37
  AVERAGE         60                        54      6       42

PRECIPITATION (IN)
  TODAY            0.00          3.84 1994   0.14  -0.14     0.02
  MONTH TO DATE    6.41                      1.44   4.97     2.70
  SINCE MAR 1      7.64                      4.35   3.29     5.99
  SINCE JAN 1      9.90                      8.52   1.38    12.23

SNOWFALL (IN)
  TODAY            0.0           4.0  1900   0.0    0.0      0.0
  MONTH TO DATE    0.0                       0.1   -0.1      0.0
  SINCE MAR 1      0.5                       1.8   -1.3     10.3
  SINCE JUL 1     17.8                      17.9   -0.1     35.0
  SNOW DEPTH       0

DEGREE DAYS
 HEATING
  TODAY            5                        12     -7       23
  MONTH TO DATE  144                       148     -4      138
  SINCE MAR 1    874                       784     90      952
  SINCE JUL 1   5303                      4730    573     4535

 COOLING
  TODAY            0                         1     -1        0
  MONTH TO DATE    0                         4     -4       10
  SINCE MAR 1      0                         7     -7       10
  SINCE JAN 1      0                         7     -7       11
..................................................................


WIND (MPH)
  HIGHEST WIND SPEED    13   HIGHEST WIND DIRECTION    SE (130)
  HIGHEST GUST SPEED    18   HIGHEST GUST DIRECTION    SE (120)
  AVERAGE WIND SPEED     7.6


SKY COVER
  AVERAGE SKY COVER 0.0



RELATIVE HUMIDITY (PERCENT)
 HIGHEST    71          1200 AM
 LOWEST     20           300 PM
 AVERAGE    46

..........................................................


THE COLUMBIA ASOS CLIMATE NORMALS FOR TOMORROW
                         NORMAL    RECORD    YEAR
 MAXIMUM TEMPERATURE (F)   65        90      1972
 MINIMUM TEMPERATURE (F)   43        21      1940


SUNRISE AND SUNSET
APRIL 11 2014.........SUNRISE   638 AM CDT   SUNSET   742 PM CDT
APRIL 12 2014.........SUNRISE   637 AM CDT   SUNSET   743 PM CDT


-  INDICATES NEGATIVE NUMBERS.
R  INDICATES RECORD WAS SET OR TIED.
MM INDICATES DATA IS MISSING.
T  INDICATES TRACE AMOUNT.




$$
