000
CDUS43 KLSX 252238
CLICOU


CLIMATE REPORT
NATIONAL WEATHER SERVICE ST LOUIS MO
538 PM CDT TUE AUG 25 2015


...................................

...THE COLUMBIA ASOS CLIMATE SUMMARY FOR AUGUST 25 2015...
VALID TODAY AS OF 0500 PM LOCAL TIME.

CLIMATE NORMAL PERIOD 1981 TO 2010
CLIMATE RECORD PERIOD 1890 TO 2015


WEATHER ITEM   OBSERVED TIME   RECORD YEAR NORMAL DEPARTURE LAST
                VALUE   (LST)  VALUE       VALUE  FROM      YEAR
                                                  NORMAL
..................................................................
TEMPERATURE (F)
 TODAY
  MAXIMUM         79    255 PM 102    1983  86     -7       98
                                      1936
                                      1901
  MINIMUM         54    554 AM  48    1958  64    -10       73
  AVERAGE         67                        75     -8       86

PRECIPITATION (IN)
  TODAY            0.00          3.80 1975   0.15  -0.15     0.00
  MONTH TO DATE    3.11                      3.52  -0.41     2.78
  SINCE JUN 1     19.07                     12.36   6.71     9.31
  SINCE JAN 1     31.93                     28.91   3.02    24.13

SNOWFALL (IN)
  TODAY            0.0           0.0  2013   0.0    0.0      0.0
  MONTH TO DATE    0.0                       0.0    0.0      0.0
  SINCE JUN 1      0.0                       0.0    0.0      0.0
  SINCE JUL 1      0.0                       0.0    0.0      0.0
  SNOW DEPTH       0

DEGREE DAYS
 HEATING
  TODAY            0                         0      0        0
  MONTH TO DATE    1                         0      1        0
  SINCE JUN 1      9                        11     -2        0
  SINCE JUL 1      2                         0      2        0

 COOLING
  TODAY            2                        10     -8       21
  MONTH TO DATE  247                       291    -44      300
  SINCE JUN 1    956                       921     35      853
  SINCE JAN 1   1075                      1024     51     1013
..................................................................


WIND (MPH)
  HIGHEST WIND SPEED    16   HIGHEST WIND DIRECTION    NW (320)
  HIGHEST GUST SPEED    19   HIGHEST GUST DIRECTION    NW (310)
  AVERAGE WIND SPEED     6.7


SKY COVER
  AVERAGE SKY COVER 0.0



RELATIVE HUMIDITY (PERCENT)
 HIGHEST   100           600 AM
 LOWEST     42           200 PM
 AVERAGE    71

..........................................................


THE COLUMBIA ASOS CLIMATE NORMALS FOR TOMORROW
                         NORMAL    RECORD    YEAR
 MAXIMUM TEMPERATURE (F)   86       104      1936
 MINIMUM TEMPERATURE (F)   64        48      1910


SUNRISE AND SUNSET
AUGUST 25 2015........SUNRISE   631 AM CDT   SUNSET   750 PM CDT
AUGUST 26 2015........SUNRISE   632 AM CDT   SUNSET   748 PM CDT


-  INDICATES NEGATIVE NUMBERS.
R  INDICATES RECORD WAS SET OR TIED.
MM INDICATES DATA IS MISSING.
T  INDICATES TRACE AMOUNT.




$$
