582
CDUS43 KLSX 090745
CLICOU


CLIMATE REPORT
NATIONAL WEATHER SERVICE ST LOUIS MO
145 AM CST TUE FEB 9 2016


...................................

...THE COLUMBIA ASOS CLIMATE SUMMARY FOR FEBRUARY 8 2016...

CLIMATE NORMAL PERIOD 1981 TO 2010
CLIMATE RECORD PERIOD 1890 TO 2016


WEATHER ITEM   OBSERVED TIME   RECORD YEAR NORMAL DEPARTURE LAST
                VALUE   (LST)  VALUE       VALUE  FROM      YEAR
                                                  NORMAL
..................................................................
TEMPERATURE (F)
 YESTERDAY
  MAXIMUM         36   1219 AM  74    1943  42     -6       64
  MINIMUM         23   1114 PM -16    1895  23      0       38
  AVERAGE         30                        32     -2       51

PRECIPITATION (IN)
  YESTERDAY        0.01          0.70 1962   0.08  -0.07     0.00
  MONTH TO DATE    0.03                      0.56  -0.53     0.50
  SINCE DEC 1      7.97                      4.92   3.05     3.62
  SINCE JAN 1      0.93                      2.48  -1.55     1.44

SNOWFALL (IN)
  YESTERDAY       MM             5.6  1905   0.1   MM        0.0
  MONTH TO DATE    0.0                       1.4   -1.4      0.9
  SINCE DEC 1      6.9                      11.9   -5.0      2.0
  SINCE JUL 1      6.9                      12.8   -5.9      2.8
  SNOW DEPTH       0

DEGREE DAYS
 HEATING
  YESTERDAY       35                        33      2       14
  MONTH TO DATE  209                       268    -59      260
  SINCE DEC 1   1886                      2372   -486     2138
  SINCE JUL 1   2582                      3357   -775     3219

 COOLING
  YESTERDAY        0                         0      0        0
  MONTH TO DATE    0                         0      0        0
  SINCE DEC 1      0                         0      0        0
  SINCE JAN 1      0                         0      0        0
..................................................................


WIND (MPH)
  HIGHEST WIND SPEED    38   HIGHEST WIND DIRECTION    NW (310)
  HIGHEST GUST SPEED    49   HIGHEST GUST DIRECTION    NW (310)
  AVERAGE WIND SPEED    21.3


SKY COVER
  AVERAGE SKY COVER 1.0


WEATHER CONDITIONS
 THE FOLLOWING WEATHER WAS RECORDED YESTERDAY.
  LIGHT SNOW
  FOG


RELATIVE HUMIDITY (PERCENT)
 HIGHEST    89
 LOWEST     55
 AVERAGE    72

..........................................................


THE COLUMBIA ASOS CLIMATE NORMALS FOR TODAY
                         NORMAL    RECORD    YEAR
 MAXIMUM TEMPERATURE (F)   42        75      1943
 MINIMUM TEMPERATURE (F)   23       -20      1899


SUNRISE AND SUNSET
FEBRUARY  9 2016......SUNRISE   707 AM CST   SUNSET   539 PM CST
FEBRUARY 10 2016......SUNRISE   706 AM CST   SUNSET   540 PM CST


-  INDICATES NEGATIVE NUMBERS.
R  INDICATES RECORD WAS SET OR TIED.
MM INDICATES DATA IS MISSING.
T  INDICATES TRACE AMOUNT.




$$
