000
CDUS43 KLSX 162145
CLICOU


CLIMATE REPORT
NATIONAL WEATHER SERVICE ST LOUIS MO
445 PM CDT FRI JUN 16 2017


...................................

...THE COLUMBIA ASOS CLIMATE SUMMARY FOR JUNE 16 2017...
VALID TODAY AS OF 0400 PM LOCAL TIME.

CLIMATE NORMAL PERIOD 1981 TO 2010
CLIMATE RECORD PERIOD 1890 TO 2017


WEATHER ITEM   OBSERVED TIME   RECORD YEAR NORMAL DEPARTURE LAST
                VALUE   (LST)  VALUE       VALUE  FROM      YEAR
                                                  NORMAL
..................................................................
TEMPERATURE (F)
 TODAY
  MAXIMUM         88    259 PM 100    1936  83      5       97
                                      1918
  MINIMUM         70    620 AM  46    1917  63      7       76
  AVERAGE         79                        73      6       87

PRECIPITATION (IN)
  TODAY            0.00          2.07 1975   0.15  -0.15     0.00
  MONTH TO DATE    1.97                      2.40  -0.43     0.04
  SINCE JUN 1      1.97                      2.40  -0.43     0.04
  SINCE JAN 1     21.87                     18.95   2.92    10.17

SNOWFALL (IN)
  TODAY            0.0           0.0  2015   0.0    0.0      0.0
  MONTH TO DATE    0.0                       0.0    0.0      0.0
  SINCE JUN 1      0.0                       0.0    0.0      0.0
  SINCE JUL 1      1.6                      18.0  -16.4      9.0
  SNOW DEPTH       0

DEGREE DAYS
 HEATING
  TODAY            0                         0      0        0
  MONTH TO DATE    0                         9     -9        0
  SINCE JUN 1      0                         9     -9        0
  SINCE JUL 1   3816                      5021  -1205     3952

 COOLING
  TODAY           14                         8      6       22
  MONTH TO DATE  164                       105     59      183
  SINCE JUN 1    164                       105     59      183
  SINCE JAN 1    298                       208     90      307
..................................................................


WIND (MPH)
  HIGHEST WIND SPEED    14   HIGHEST WIND DIRECTION     N (10)
  HIGHEST GUST SPEED    16   HIGHEST GUST DIRECTION     N (10)
  AVERAGE WIND SPEED     6.7


SKY COVER
  AVERAGE SKY COVER 0.1



RELATIVE HUMIDITY (PERCENT)
 HIGHEST    90           400 AM
 LOWEST     55           200 PM
 AVERAGE    73

..........................................................


THE COLUMBIA ASOS CLIMATE NORMALS FOR TOMORROW
                         NORMAL    RECORD    YEAR
 MAXIMUM TEMPERATURE (F)   84       101      1918
 MINIMUM TEMPERATURE (F)   64        47      1999


SUNRISE AND SUNSET
JUNE 16 2017..........SUNRISE   543 AM CDT   SUNSET   836 PM CDT
JUNE 17 2017..........SUNRISE   543 AM CDT   SUNSET   836 PM CDT


-  INDICATES NEGATIVE NUMBERS.
R  INDICATES RECORD WAS SET OR TIED.
MM INDICATES DATA IS MISSING.
T  INDICATES TRACE AMOUNT.




$$
