000
CDUS43 KLSX 010745
CLICOU


CLIMATE REPORT
NATIONAL WEATHER SERVICE ST LOUIS MO
245 AM CDT TUE SEP 1 2015


...................................

...THE COLUMBIA ASOS CLIMATE SUMMARY FOR AUGUST 31 2015...

CLIMATE NORMAL PERIOD 1981 TO 2010
CLIMATE RECORD PERIOD 1890 TO 2015


WEATHER ITEM   OBSERVED TIME   RECORD YEAR NORMAL DEPARTURE LAST
                VALUE   (LST)  VALUE       VALUE  FROM      YEAR
                                                  NORMAL
..................................................................
TEMPERATURE (F)
 YESTERDAY
  MAXIMUM         90    333 PM 103    1913  85      5       94
  MINIMUM         70    441 AM  40    1915  63      7       66
  AVERAGE         80                        74      6       80

PRECIPITATION (IN)
  YESTERDAY        0.00          2.23 2012   0.14  -0.14     0.00
  MONTH TO DATE    3.14                      4.36  -1.22     2.94
  SINCE JUN 1     19.10                     13.20   5.90     9.47
  SINCE JAN 1     31.96                     29.75   2.21    24.29

SNOWFALL (IN)
  YESTERDAY        0.0           0.0  2013   0.0    0.0      0.0
  MONTH TO DATE    0.0                       0.0    0.0      0.0
  SINCE JUN 1      0.0                       0.0    0.0      0.0
  SINCE JUL 1      0.0                       0.0    0.0      0.0
  SNOW DEPTH       0

DEGREE DAYS
 HEATING
  YESTERDAY        0                         0      0        0
  MONTH TO DATE    1                         0      1        0
  SINCE JUN 1      9                        13     -4        0
  SINCE JUL 1      2                         2      0        0

 COOLING
  YESTERDAY       15                         9      6       15
  MONTH TO DATE  293                       350    -57      397
  SINCE JUN 1   1002                       980     22      950
  SINCE JAN 1   1121                      1083     38     1110
..................................................................


WIND (MPH)
  HIGHEST WIND SPEED    15   HIGHEST WIND DIRECTION     S (160)
  HIGHEST GUST SPEED    21   HIGHEST GUST DIRECTION     S (160)
  AVERAGE WIND SPEED     7.8


SKY COVER
  AVERAGE SKY COVER 0.0


WEATHER CONDITIONS
 THE FOLLOWING WEATHER WAS RECORDED YESTERDAY.
  FOG


RELATIVE HUMIDITY (PERCENT)
 HIGHEST   100
 LOWEST     52
 AVERAGE    76

..........................................................


THE COLUMBIA ASOS CLIMATE NORMALS FOR TODAY
                         NORMAL    RECORD    YEAR
 MAXIMUM TEMPERATURE (F)   84       102      1913
 MINIMUM TEMPERATURE (F)   63        45      1967
                                             1949
                                             1893


SUNRISE AND SUNSET
SEPTEMBER  1 2015.....SUNRISE   638 AM CDT   SUNSET   739 PM CDT
SEPTEMBER  2 2015.....SUNRISE   639 AM CDT   SUNSET   738 PM CDT


-  INDICATES NEGATIVE NUMBERS.
R  INDICATES RECORD WAS SET OR TIED.
MM INDICATES DATA IS MISSING.
T  INDICATES TRACE AMOUNT.




$$
