000
CDUS43 KLSX 100740
CLICOU


CLIMATE REPORT
NATIONAL WEATHER SERVICE ST LOUIS MO
240 AM CDT THU JUL 10 2014


...................................

...THE COLUMBIA ASOS CLIMATE SUMMARY FOR JULY 9 2014...

CLIMATE NORMAL PERIOD 1981 TO 2010
CLIMATE RECORD PERIOD 1890 TO 2014


WEATHER ITEM   OBSERVED TIME   RECORD YEAR NORMAL DEPARTURE LAST
                VALUE   (LST)  VALUE       VALUE  FROM      YEAR
                                                  NORMAL
..................................................................
TEMPERATURE (F)
 YESTERDAY
  MAXIMUM         84    357 PM 106    1901  87     -3       94
  MINIMUM         61   1141 PM  47    1891  67     -6       75
  AVERAGE         73                        77     -4       85

PRECIPITATION (IN)
  YESTERDAY        0.00          2.14 1942   0.16  -0.16     0.00
  MONTH TO DATE    1.15                      1.37  -0.22      T
  SINCE JUN 1      6.22                      5.84   0.38     2.05
  SINCE JAN 1     21.04                     22.39  -1.35    28.76

SNOWFALL (IN)
  YESTERDAY        0.0           0.0  2013   0.0    0.0      0.0
  MONTH TO DATE    0.0                       0.0    0.0      0.0
  SINCE JUN 1      0.0                       0.0    0.0      0.0
  SINCE JUL 1      0.0                       0.0    0.0      0.0
  SNOW DEPTH       0

DEGREE DAYS
 HEATING
  YESTERDAY        0                         0      0        0
  MONTH TO DATE    0                         0      0        0
  SINCE JUN 1      0                        11    -11        6
  SINCE JUL 1      0                         0      0        0

 COOLING
  YESTERDAY        8                        12     -4       20
  MONTH TO DATE   70                       108    -38       94
  SINCE JUN 1    357                       356      1      361
  SINCE JAN 1    517                       459     58      495
..................................................................


WIND (MPH)
  HIGHEST WIND SPEED    15   HIGHEST WIND DIRECTION     N (340)
  HIGHEST GUST SPEED    18   HIGHEST GUST DIRECTION    NW (330)
  AVERAGE WIND SPEED     6.9


SKY COVER
  AVERAGE SKY COVER 0.1


WEATHER CONDITIONS
 THE FOLLOWING WEATHER WAS RECORDED YESTERDAY.
  NO SIGNIFICANT WEATHER WAS OBSERVED.


RELATIVE HUMIDITY (PERCENT)
 HIGHEST    93
 LOWEST     40
 AVERAGE    67

..........................................................


THE COLUMBIA ASOS CLIMATE NORMALS FOR TODAY
                         NORMAL    RECORD    YEAR
 MAXIMUM TEMPERATURE (F)   88       108      1901
 MINIMUM TEMPERATURE (F)   67        52      1895


SUNRISE AND SUNSET
JULY 10 2014..........SUNRISE   553 AM CDT   SUNSET   836 PM CDT
JULY 11 2014..........SUNRISE   553 AM CDT   SUNSET   835 PM CDT


-  INDICATES NEGATIVE NUMBERS.
R  INDICATES RECORD WAS SET OR TIED.
MM INDICATES DATA IS MISSING.
T  INDICATES TRACE AMOUNT.




$$
