000
CDUS43 KLSX 202231
CLICOU


CLIMATE REPORT
NATIONAL WEATHER SERVICE ST LOUIS MO
528 PM CDT WED AUG 20 2014


...................................

...THE COLUMBIA ASOS CLIMATE SUMMARY FOR AUGUST 20 2014...
VALID TODAY AS OF 0500 PM LOCAL TIME.

CLIMATE NORMAL PERIOD 1981 TO 2010
CLIMATE RECORD PERIOD 1890 TO 2014


WEATHER ITEM   OBSERVED TIME   RECORD YEAR NORMAL DEPARTURE LAST
                VALUE   (LST)  VALUE       VALUE  FROM      YEAR
                                                  NORMAL
..................................................................
TEMPERATURE (F)
 TODAY
  MAXIMUM         92    334 PM 102    2003  87      5       88
                                      1962
  MINIMUM         70    412 AM  46    1950  65      5       64
  AVERAGE         81                        76      5       76

PRECIPITATION (IN)
  TODAY            0.00          3.38 2010   0.16  -0.16     0.00
  MONTH TO DATE    2.52                      2.79  -0.27     1.87
  SINCE JUN 1      9.05                     11.63  -2.58     6.37
  SINCE JAN 1     23.87                     28.18  -4.31    33.08

SNOWFALL (IN)
  TODAY            0.0           0.0  2013   0.0    0.0      0.0
  MONTH TO DATE    0.0                       0.0    0.0      0.0
  SINCE JUN 1      0.0                       0.0    0.0      0.0
  SINCE JUL 1      0.0                       0.0    0.0      0.0
  SNOW DEPTH       0

DEGREE DAYS
 HEATING
  TODAY            0                         0      0        0
  MONTH TO DATE    0                         0      0        0
  SINCE JUN 1      0                        11    -11        6
  SINCE JUL 1      0                         0      0        0

 COOLING
  TODAY           16                        11      5       11
  MONTH TO DATE  203                       237    -34      155
  SINCE JUN 1    756                       867   -111      744
  SINCE JAN 1    916                       970    -54      878
..................................................................


WIND (MPH)
  HIGHEST WIND SPEED    14   HIGHEST WIND DIRECTION    SW (210)
  HIGHEST GUST SPEED    18   HIGHEST GUST DIRECTION    SW (240)
  AVERAGE WIND SPEED     6.3


SKY COVER
  AVERAGE SKY COVER 0.1



RELATIVE HUMIDITY (PERCENT)
 HIGHEST    93          1200 AM
 LOWEST     52           300 PM
 AVERAGE    73

..........................................................


THE COLUMBIA ASOS CLIMATE NORMALS FOR TOMORROW
                         NORMAL    RECORD    YEAR
 MAXIMUM TEMPERATURE (F)   87       105      2003
 MINIMUM TEMPERATURE (F)   65        48      1956
                                             1950


SUNRISE AND SUNSET
AUGUST 20 2014........SUNRISE   627 AM CDT   SUNSET   757 PM CDT
AUGUST 21 2014........SUNRISE   628 AM CDT   SUNSET   755 PM CDT


-  INDICATES NEGATIVE NUMBERS.
R  INDICATES RECORD WAS SET OR TIED.
MM INDICATES DATA IS MISSING.
T  INDICATES TRACE AMOUNT.




$$
