000
CDUS43 KLSX 252231
CLICOU


CLIMATE REPORT
NATIONAL WEATHER SERVICE ST LOUIS MO
530 PM CDT MON APR 25 2016


...................................

...THE COLUMBIA ASOS CLIMATE SUMMARY FOR APRIL 25 2016...
VALID TODAY AS OF 0500 PM LOCAL TIME.

CLIMATE NORMAL PERIOD 1981 TO 2010
CLIMATE RECORD PERIOD 1890 TO 2016


WEATHER ITEM   OBSERVED TIME   RECORD YEAR NORMAL DEPARTURE LAST
                VALUE   (LST)  VALUE       VALUE  FROM      YEAR
                                                  NORMAL
..................................................................
TEMPERATURE (F)
 TODAY
  MAXIMUM         79    124 PM  89    1986  69     10       70
  MINIMUM         62    559 AM  32    1934  47     15       48
                                      1910
  AVERAGE         71                        58     13       59

PRECIPITATION (IN)
  TODAY            0.00          1.52 1904   0.17  -0.17     0.26
  MONTH TO DATE    0.97                      3.64  -2.67     3.29
  SINCE MAR 1      2.85                      6.55  -3.70     4.83
  SINCE JAN 1      4.50                     10.72  -6.22     7.18

SNOWFALL (IN)
  TODAY            0.0           T    1937   0.0    0.0      0.0
  MONTH TO DATE    0.0                       0.2   -0.2      0.0
  SINCE MAR 1      T                         1.9   -1.9      1.6
  SINCE JUL 1      9.0                      18.0   -9.0     12.0
  SNOW DEPTH       0

DEGREE DAYS
 HEATING
  TODAY            0                         8     -8        6
  MONTH TO DATE  214                       284    -70      178
  SINCE MAR 1    632                       920   -288      763
  SINCE JUL 1   3809                      4866  -1057     4818

 COOLING
  TODAY            6                         1      5        0
  MONTH TO DATE   24                        18      6       15
  SINCE MAR 1     28                        21      7       15
  SINCE JAN 1     28                        21      7       15
..................................................................


WIND (MPH)
  HIGHEST WIND SPEED    24   HIGHEST WIND DIRECTION    SW (220)
  HIGHEST GUST SPEED    33   HIGHEST GUST DIRECTION    SW (220)
  AVERAGE WIND SPEED    14.1


SKY COVER
  AVERAGE SKY COVER 0.6



RELATIVE HUMIDITY (PERCENT)
 HIGHEST    72           600 AM
 LOWEST     54           100 PM
 AVERAGE    63

..........................................................


THE COLUMBIA ASOS CLIMATE NORMALS FOR TOMORROW
                         NORMAL    RECORD    YEAR
 MAXIMUM TEMPERATURE (F)   69        89      1989
 MINIMUM TEMPERATURE (F)   48        30      1903


SUNRISE AND SUNSET
APRIL 25 2016.........SUNRISE   618 AM CDT   SUNSET   756 PM CDT
APRIL 26 2016.........SUNRISE   617 AM CDT   SUNSET   757 PM CDT


-  INDICATES NEGATIVE NUMBERS.
R  INDICATES RECORD WAS SET OR TIED.
MM INDICATES DATA IS MISSING.
T  INDICATES TRACE AMOUNT.




$$
