000
CDUS43 KLSX 232131
CLICOU


CLIMATE REPORT
NATIONAL WEATHER SERVICE ST LOUIS MO
430 PM CDT FRI SEP 23 2016


...................................

...THE COLUMBIA ASOS CLIMATE SUMMARY FOR SEPTEMBER 23 2016...
VALID TODAY AS OF 0400 PM LOCAL TIME.

CLIMATE NORMAL PERIOD 1981 TO 2010
CLIMATE RECORD PERIOD 1890 TO 2016


WEATHER ITEM   OBSERVED TIME   RECORD YEAR NORMAL DEPARTURE LAST
                VALUE   (LST)  VALUE       VALUE  FROM      YEAR
                                                  NORMAL
..................................................................
TEMPERATURE (F)
 TODAY
  MAXIMUM         88    220 PM  94    2007  76     12       84
                                      1891
  MINIMUM         65    625 AM  33    1896  53     12       61
  AVERAGE         77                        64     13       73

PRECIPITATION (IN)
  TODAY            0.00          2.72 1959   0.13  -0.13     0.00
  MONTH TO DATE    7.30                      2.94   4.36     1.14
  SINCE SEP 1      7.30                      2.94   4.36     1.14
  SINCE JAN 1     35.64                     32.69   2.95    33.10

SNOWFALL (IN)
  TODAY            0.0           0.0  2015   0.0    0.0      0.0
  MONTH TO DATE    0.0                       0.0    0.0      0.0
  SINCE SEP 1      0.0                       0.0    0.0      0.0
  SINCE JUL 1      0.0                       0.0    0.0      0.0
  SNOW DEPTH       0

DEGREE DAYS
 HEATING
  TODAY            0                         4     -4        0
  MONTH TO DATE    0                        32    -32       16
  SINCE SEP 1      0                        32    -32       16
  SINCE JUL 1      0                        34    -34       18

 COOLING
  TODAY           12                         3      9        8
  MONTH TO DATE  210                       128     82      200
  SINCE SEP 1    210                       128     82      200
  SINCE JAN 1   1521                      1211    310     1321
..................................................................


WIND (MPH)
  HIGHEST WIND SPEED    12   HIGHEST WIND DIRECTION     S (170)
  HIGHEST GUST SPEED    13   HIGHEST GUST DIRECTION    SW (210)
  AVERAGE WIND SPEED     5.5


SKY COVER
  AVERAGE SKY COVER 0.0



RELATIVE HUMIDITY (PERCENT)
 HIGHEST    93           200 AM
 LOWEST     46          1200 PM
 AVERAGE    70

..........................................................


THE COLUMBIA ASOS CLIMATE NORMALS FOR TOMORROW
                         NORMAL    RECORD    YEAR
 MAXIMUM TEMPERATURE (F)   75        95      1891
 MINIMUM TEMPERATURE (F)   53        33      1989


SUNRISE AND SUNSET
SEPTEMBER 23 2016.....SUNRISE   658 AM CDT   SUNSET   703 PM CDT
SEPTEMBER 24 2016.....SUNRISE   659 AM CDT   SUNSET   702 PM CDT


-  INDICATES NEGATIVE NUMBERS.
R  INDICATES RECORD WAS SET OR TIED.
MM INDICATES DATA IS MISSING.
T  INDICATES TRACE AMOUNT.




$$
