000
CDUS43 KLSX 040732
CLICOU


CLIMATE REPORT
NATIONAL WEATHER SERVICE ST LOUIS MO
131 AM CST THU FEB 4 2016


...................................

...THE COLUMBIA ASOS CLIMATE SUMMARY FOR FEBRUARY 3 2016...

CLIMATE NORMAL PERIOD 1981 TO 2010
CLIMATE RECORD PERIOD 1890 TO 2016


WEATHER ITEM   OBSERVED TIME   RECORD YEAR NORMAL DEPARTURE LAST
                VALUE   (LST)  VALUE       VALUE  FROM      YEAR
                                                  NORMAL
..................................................................
TEMPERATURE (F)
 YESTERDAY
  MAXIMUM         39   1237 AM  70    1962  40     -1       47
                                      1890
  MINIMUM         28   1159 PM -13    1996  22      6       19
  AVERAGE         34                        31      3       33

PRECIPITATION (IN)
  YESTERDAY        0.00          1.78 1903   0.07  -0.07     0.00
  MONTH TO DATE    0.02                      0.20  -0.18     0.48
  SINCE DEC 1      7.96                      4.56   3.40     3.60
  SINCE JAN 1      0.92                      2.12  -1.20     1.42

SNOWFALL (IN)
  YESTERDAY        0.0           4.5  1912   0.2   -0.2      0.0
  MONTH TO DATE    0.0                       0.6   -0.6      0.8
  SINCE DEC 1      6.9                      11.1   -4.2      1.9
  SINCE JUL 1      6.9                      12.0   -5.1      2.7
  SNOW DEPTH       0

DEGREE DAYS
 HEATING
  YESTERDAY       31                        34     -3       32
  MONTH TO DATE   64                       102    -38      116
  SINCE DEC 1   1741                      2206   -465     1994
  SINCE JUL 1   2437                      3191   -754     3075

 COOLING
  YESTERDAY        0                         0      0        0
  MONTH TO DATE    0                         0      0        0
  SINCE DEC 1      0                         0      0        0
  SINCE JAN 1      0                         0      0        0
..................................................................


WIND (MPH)
  HIGHEST WIND SPEED    30   HIGHEST WIND DIRECTION    SW (240)
  HIGHEST GUST SPEED    38   HIGHEST GUST DIRECTION     W (260)
  AVERAGE WIND SPEED    17.5


SKY COVER
  AVERAGE SKY COVER 1.0


WEATHER CONDITIONS
 THE FOLLOWING WEATHER WAS RECORDED YESTERDAY.
  NO SIGNIFICANT WEATHER WAS OBSERVED.


RELATIVE HUMIDITY (PERCENT)
 HIGHEST    75
 LOWEST     58
 AVERAGE    67

..........................................................


THE COLUMBIA ASOS CLIMATE NORMALS FOR TODAY
                         NORMAL    RECORD    YEAR
 MAXIMUM TEMPERATURE (F)   41        77      1962
 MINIMUM TEMPERATURE (F)   22       -16      1895


SUNRISE AND SUNSET
FEBRUARY  4 2016......SUNRISE   713 AM CST   SUNSET   533 PM CST
FEBRUARY  5 2016......SUNRISE   712 AM CST   SUNSET   535 PM CST


-  INDICATES NEGATIVE NUMBERS.
R  INDICATES RECORD WAS SET OR TIED.
MM INDICATES DATA IS MISSING.
T  INDICATES TRACE AMOUNT.




$$
