848
CDUS43 KLSX 212231
CLICOU


CLIMATE REPORT
NATIONAL WEATHER SERVICE ST LOUIS MO
531 PM CDT WED SEP 21 2016


...................................

...THE COLUMBIA ASOS CLIMATE SUMMARY FOR SEPTEMBER 21 2016...
VALID TODAY AS OF 0500 PM LOCAL TIME.

CLIMATE NORMAL PERIOD 1981 TO 2010
CLIMATE RECORD PERIOD 1890 TO 2016


WEATHER ITEM   OBSERVED TIME   RECORD YEAR NORMAL DEPARTURE LAST
                VALUE   (LST)  VALUE       VALUE  FROM      YEAR
                                                  NORMAL
..................................................................
TEMPERATURE (F)
 TODAY
  MAXIMUM         88    257 PM 100    1893  77     11       79
  MINIMUM         70    643 AM  35    1983  54     16       49
                                      1897
  AVERAGE         79                        65     14       64

PRECIPITATION (IN)
  TODAY            0.00          3.57 1945   0.13  -0.13     0.00
  MONTH TO DATE    7.30                      2.68   4.62     1.14
  SINCE SEP 1      7.30                      2.68   4.62     1.14
  SINCE JAN 1     35.64                     32.43   3.21    33.10

SNOWFALL (IN)
  TODAY            0.0           0.0  2015   0.0    0.0      0.0
  MONTH TO DATE    0.0                       0.0    0.0      0.0
  SINCE SEP 1      0.0                       0.0    0.0      0.0
  SINCE JUL 1      0.0                       0.0    0.0      0.0
  SNOW DEPTH       0

DEGREE DAYS
 HEATING
  TODAY            0                         3     -3        1
  MONTH TO DATE    0                        25    -25       16
  SINCE SEP 1      0                        25    -25       16
  SINCE JUL 1      0                        27    -27       18

 COOLING
  TODAY           14                         3     11        0
  MONTH TO DATE  187                       122     65      186
  SINCE SEP 1    187                       122     65      186
  SINCE JAN 1   1498                      1205    293     1307
..................................................................


WIND (MPH)
  HIGHEST WIND SPEED    13   HIGHEST WIND DIRECTION    SE (150)
  HIGHEST GUST SPEED    15   HIGHEST GUST DIRECTION    SE (140)
  AVERAGE WIND SPEED     7.2


SKY COVER
  AVERAGE SKY COVER 0.0



RELATIVE HUMIDITY (PERCENT)
 HIGHEST   100           100 AM
 LOWEST     53           300 PM
 AVERAGE    77

..........................................................


THE COLUMBIA ASOS CLIMATE NORMALS FOR TOMORROW
                         NORMAL    RECORD    YEAR
 MAXIMUM TEMPERATURE (F)   76        97      1937
 MINIMUM TEMPERATURE (F)   53        33      1995


SUNRISE AND SUNSET
SEPTEMBER 21 2016.....SUNRISE   656 AM CDT   SUNSET   707 PM CDT
SEPTEMBER 22 2016.....SUNRISE   657 AM CDT   SUNSET   705 PM CDT


-  INDICATES NEGATIVE NUMBERS.
R  INDICATES RECORD WAS SET OR TIED.
MM INDICATES DATA IS MISSING.
T  INDICATES TRACE AMOUNT.




$$
