000
CDUS43 KLSX 192234
CLICOU


CLIMATE REPORT
NATIONAL WEATHER SERVICE ST LOUIS MO
531 PM CDT TUE JUL 19 2016


...................................

...THE COLUMBIA ASOS CLIMATE SUMMARY FOR JULY 19 2016...
VALID TODAY AS OF 0500 PM LOCAL TIME.

CLIMATE NORMAL PERIOD 1981 TO 2010
CLIMATE RECORD PERIOD 1890 TO 2016


WEATHER ITEM   OBSERVED TIME   RECORD YEAR NORMAL DEPARTURE LAST
                VALUE   (LST)  VALUE       VALUE  FROM      YEAR
                                                  NORMAL
..................................................................
TEMPERATURE (F)
 TODAY
  MAXIMUM         93    351 PM 109    1980  88      5       85
  MINIMUM         75    510 AM  56    2009  67      8       70
                                      1979
                                      1947
  AVERAGE         84                        78      6       78

PRECIPITATION (IN)
  TODAY            0.00          3.25 1902   0.14  -0.14     2.42
  MONTH TO DATE    8.11                      2.85   5.26     6.47
  SINCE JUN 1      9.57                      7.32   2.25    14.03
  SINCE JAN 1     19.70                     23.87  -4.17    26.89

SNOWFALL (IN)
  TODAY            0.0           0.0  2015   0.0    0.0      0.0
  MONTH TO DATE    0.0                       0.0    0.0      0.0
  SINCE JUN 1      0.0                       0.0    0.0      0.0
  SINCE JUL 1      0.0                       0.0    0.0      0.0
  SNOW DEPTH       0

DEGREE DAYS
 HEATING
  TODAY            0                         0      0        0
  MONTH TO DATE    0                         0      0        1
  SINCE JUN 1      0                        11    -11        8
  SINCE JUL 1      0                         0      0        1

 COOLING
  TODAY           19                        13      6       13
  MONTH TO DATE  241                       233      8      232
  SINCE JUN 1    635                       481    154      543
  SINCE JAN 1    759                       584    175      662
..................................................................


WIND (MPH)
  HIGHEST WIND SPEED    10   HIGHEST WIND DIRECTION     S (160)
  HIGHEST GUST SPEED    14   HIGHEST GUST DIRECTION     S (190)
  AVERAGE WIND SPEED     5.0


SKY COVER
  AVERAGE SKY COVER 0.1



RELATIVE HUMIDITY (PERCENT)
 HIGHEST    97           700 AM
 LOWEST     56           100 PM
 AVERAGE    77

..........................................................


THE COLUMBIA ASOS CLIMATE NORMALS FOR TOMORROW
                         NORMAL    RECORD    YEAR
 MAXIMUM TEMPERATURE (F)   88       110      1934
 MINIMUM TEMPERATURE (F)   67        56      2009
                                             1970


SUNRISE AND SUNSET
JULY 19 2016..........SUNRISE   600 AM CDT   SUNSET   830 PM CDT
JULY 20 2016..........SUNRISE   600 AM CDT   SUNSET   830 PM CDT


-  INDICATES NEGATIVE NUMBERS.
R  INDICATES RECORD WAS SET OR TIED.
MM INDICATES DATA IS MISSING.
T  INDICATES TRACE AMOUNT.




$$
