000
CDUS43 KLSX 302129
CLICOU


CLIMATE REPORT
NATIONAL WEATHER SERVICE ST LOUIS MO
429 PM CDT SAT AUG 30 2014


...................................

...THE COLUMBIA ASOS CLIMATE SUMMARY FOR AUGUST 30 2014...
VALID TODAY AS OF 0400 PM LOCAL TIME.

CLIMATE NORMAL PERIOD 1981 TO 2010
CLIMATE RECORD PERIOD 1890 TO 2014


WEATHER ITEM   OBSERVED TIME   RECORD YEAR NORMAL DEPARTURE LAST
                VALUE   (LST)  VALUE       VALUE  FROM      YEAR
                                                  NORMAL
..................................................................
TEMPERATURE (F)
 TODAY
  MAXIMUM         91    205 PM 104    1947  85      6      100
  MINIMUM         68    514 AM  44    1893  63      5       73
  AVERAGE         80                        74      6       87

PRECIPITATION (IN)
  TODAY            0.07          1.28 1983   0.14  -0.07     0.00
  MONTH TO DATE    2.89                      4.22  -1.33     1.88
  SINCE JUN 1      9.42                     13.06  -3.64     6.38
  SINCE JAN 1     24.24                     29.61  -5.37    33.09

SNOWFALL (IN)
  TODAY            0.0           0.0  2013   0.0    0.0      0.0
  MONTH TO DATE    0.0                       0.0    0.0      0.0
  SINCE JUN 1      0.0                       0.0    0.0      0.0
  SINCE JUL 1      0.0                       0.0    0.0      0.0
  SNOW DEPTH       0

DEGREE DAYS
 HEATING
  TODAY            0                         0      0        0
  MONTH TO DATE    0                         0      0        0
  SINCE JUN 1      0                        11    -11        6
  SINCE JUL 1      0                         0      0        0

 COOLING
  TODAY           15                         9      6       22
  MONTH TO DATE  382                       339     43      322
  SINCE JUN 1    935                       969    -34      911
  SINCE JAN 1   1095                      1072     23     1045
..................................................................


WIND (MPH)
  HIGHEST WIND SPEED    20   HIGHEST WIND DIRECTION    SW (240)
  HIGHEST GUST SPEED    24   HIGHEST GUST DIRECTION     W (250)
  AVERAGE WIND SPEED     7.8


SKY COVER
  AVERAGE SKY COVER 0.2



RELATIVE HUMIDITY (PERCENT)
 HIGHEST    97           600 AM
 LOWEST     47           200 PM
 AVERAGE    72

..........................................................


THE COLUMBIA ASOS CLIMATE NORMALS FOR TOMORROW
                         NORMAL    RECORD    YEAR
 MAXIMUM TEMPERATURE (F)   85       103      1913
 MINIMUM TEMPERATURE (F)   63        40      1915


SUNRISE AND SUNSET
AUGUST 30 2014........SUNRISE   636 AM CDT   SUNSET   742 PM CDT
AUGUST 31 2014........SUNRISE   637 AM CDT   SUNSET   741 PM CDT


-  INDICATES NEGATIVE NUMBERS.
R  INDICATES RECORD WAS SET OR TIED.
MM INDICATES DATA IS MISSING.
T  INDICATES TRACE AMOUNT.




$$
