000
CDUS43 KLSX 252133
CLICOU


CLIMATE REPORT
NATIONAL WEATHER SERVICE ST LOUIS MO
433 PM CDT THU AUG 25 2016


...................................

...THE COLUMBIA ASOS CLIMATE SUMMARY FOR AUGUST 25 2016...
VALID TODAY AS OF 0400 PM LOCAL TIME.

CLIMATE NORMAL PERIOD 1981 TO 2010
CLIMATE RECORD PERIOD 1890 TO 2016


WEATHER ITEM   OBSERVED TIME   RECORD YEAR NORMAL DEPARTURE LAST
                VALUE   (LST)  VALUE       VALUE  FROM      YEAR
                                                  NORMAL
..................................................................
TEMPERATURE (F)
 TODAY
  MAXIMUM         89    214 PM 102    1983  86      3       79
                                      1936
                                      1901
  MINIMUM         67    319 AM  48    1958  64      3       54
  AVERAGE         78                        75      3       67

PRECIPITATION (IN)
  TODAY            0.00          3.80 1975   0.15  -0.15     0.00
  MONTH TO DATE    5.44                      3.52   1.92     3.11
  SINCE JUN 1     17.81                     12.36   5.45    19.07
  SINCE JAN 1     27.94                     28.91  -0.97    31.93

SNOWFALL (IN)
  TODAY            0.0           0.0  2015   0.0    0.0      0.0
  MONTH TO DATE    0.0                       0.0    0.0      0.0
  SINCE JUN 1      0.0                       0.0    0.0      0.0
  SINCE JUL 1      0.0                       0.0    0.0      0.0
  SNOW DEPTH       0

DEGREE DAYS
 HEATING
  TODAY            0                         0      0        0
  MONTH TO DATE    0                         0      0        1
  SINCE JUN 1      0                        11    -11        9
  SINCE JUL 1      0                         0      0        2

 COOLING
  TODAY           13                        10      3        2
  MONTH TO DATE  287                       291     -4      247
  SINCE JUN 1   1105                       921    184      956
  SINCE JAN 1   1229                      1024    205     1075
..................................................................


WIND (MPH)
  HIGHEST WIND SPEED    15   HIGHEST WIND DIRECTION    SW (220)
  HIGHEST GUST SPEED    19   HIGHEST GUST DIRECTION    SW (220)
  AVERAGE WIND SPEED     5.4


SKY COVER
  AVERAGE SKY COVER 0.4



RELATIVE HUMIDITY (PERCENT)
 HIGHEST    97           100 AM
 LOWEST     59           300 PM
 AVERAGE    78

..........................................................


THE COLUMBIA ASOS CLIMATE NORMALS FOR TOMORROW
                         NORMAL    RECORD    YEAR
 MAXIMUM TEMPERATURE (F)   86       104      1936
 MINIMUM TEMPERATURE (F)   64        48      1910


SUNRISE AND SUNSET
AUGUST 25 2016........SUNRISE   632 AM CDT   SUNSET   749 PM CDT
AUGUST 26 2016........SUNRISE   633 AM CDT   SUNSET   747 PM CDT


-  INDICATES NEGATIVE NUMBERS.
R  INDICATES RECORD WAS SET OR TIED.
MM INDICATES DATA IS MISSING.
T  INDICATES TRACE AMOUNT.




$$
