000
CDUS43 KLSX 100728
CLICOU


CLIMATE REPORT
NATIONAL WEATHER SERVICE ST LOUIS MO
227 AM CDT THU APR 10 2014


...................................

...THE COLUMBIA ASOS CLIMATE SUMMARY FOR APRIL 9 2014...

CLIMATE NORMAL PERIOD 1981 TO 2010
CLIMATE RECORD PERIOD 1890 TO 2014


WEATHER ITEM   OBSERVED TIME   RECORD YEAR NORMAL DEPARTURE LAST
                VALUE   (LST)  VALUE       VALUE  FROM      YEAR
                                                  NORMAL
..................................................................
TEMPERATURE (F)
 YESTERDAY
  MAXIMUM         69    452 PM  90    1905  64      5       77
  MINIMUM         37    511 AM  20    1997  42     -5       65
  AVERAGE         53                        53      0       71

PRECIPITATION (IN)
  YESTERDAY        0.00          2.07 1891   0.13  -0.13     0.00
  MONTH TO DATE    6.41                      1.16   5.25     0.22
  SINCE MAR 1      7.64                      4.07   3.57     3.51
  SINCE JAN 1      9.90                      8.24   1.66     9.75

SNOWFALL (IN)
  YESTERDAY        0.0           4.5  1973   0.0    0.0      0.0
  MONTH TO DATE    0.0                       0.1   -0.1      0.0
  SINCE MAR 1      0.5                       1.8   -1.3     10.3
  SINCE JUL 1     17.8                      17.9   -0.1     35.0
  SNOW DEPTH       0

DEGREE DAYS
 HEATING
  YESTERDAY       12                        13     -1        0
  MONTH TO DATE  135                       124     11      108
  SINCE MAR 1    865                       760    105      922
  SINCE JUL 1   5294                      4706    588     4505

 COOLING
  YESTERDAY        0                         1     -1        6
  MONTH TO DATE    0                         2     -2       10
  SINCE MAR 1      0                         5     -5       10
  SINCE JAN 1      0                         5     -5       11
..................................................................


WIND (MPH)
  HIGHEST WIND SPEED    20   HIGHEST WIND DIRECTION     S (170)
  HIGHEST GUST SPEED    24   HIGHEST GUST DIRECTION     S (190)
  AVERAGE WIND SPEED    10.4


SKY COVER
  AVERAGE SKY COVER 0.0


WEATHER CONDITIONS
 THE FOLLOWING WEATHER WAS RECORDED YESTERDAY.
  NO SIGNIFICANT WEATHER WAS OBSERVED.


RELATIVE HUMIDITY (PERCENT)
 HIGHEST    65
 LOWEST     22
 AVERAGE    44

..........................................................


THE COLUMBIA ASOS CLIMATE NORMALS FOR TODAY
                         NORMAL    RECORD    YEAR
 MAXIMUM TEMPERATURE (F)   64        93      1930
 MINIMUM TEMPERATURE (F)   42        24      1989


SUNRISE AND SUNSET
APRIL 10 2014.........SUNRISE   640 AM CDT   SUNSET   741 PM CDT
APRIL 11 2014.........SUNRISE   638 AM CDT   SUNSET   742 PM CDT


-  INDICATES NEGATIVE NUMBERS.
R  INDICATES RECORD WAS SET OR TIED.
MM INDICATES DATA IS MISSING.
T  INDICATES TRACE AMOUNT.




$$
