000
CDUS43 KLSX 190729
CLICOU


CLIMATE REPORT
NATIONAL WEATHER SERVICE ST LOUIS MO
228 AM CDT SAT JUL 19 2014


...................................

...THE COLUMBIA ASOS CLIMATE SUMMARY FOR JULY 18 2014...

CLIMATE NORMAL PERIOD 1981 TO 2010
CLIMATE RECORD PERIOD 1890 TO 2014


WEATHER ITEM   OBSERVED TIME   RECORD YEAR NORMAL DEPARTURE LAST
                VALUE   (LST)  VALUE       VALUE  FROM      YEAR
                                                  NORMAL
..................................................................
TEMPERATURE (F)
 YESTERDAY
  MAXIMUM         80    337 PM 111    1954  88     -8       93
  MINIMUM         59    542 AM  52    1911  67     -8       72
  AVERAGE         70                        78     -8       83

PRECIPITATION (IN)
  YESTERDAY        0.00          1.25 1971   0.15  -0.15     0.00
  MONTH TO DATE    1.46                      2.71  -1.25     0.99
  SINCE JUN 1      6.53                      7.18  -0.65     3.04
  SINCE JAN 1     21.35                     23.73  -2.38    29.75

SNOWFALL (IN)
  YESTERDAY        0.0           0.0  2013   0.0    0.0      0.0
  MONTH TO DATE    0.0                       0.0    0.0      0.0
  SINCE JUN 1      0.0                       0.0    0.0      0.0
  SINCE JUL 1      0.0                       0.0    0.0      0.0
  SNOW DEPTH       0

DEGREE DAYS
 HEATING
  YESTERDAY        0                         0      0        0
  MONTH TO DATE    0                         0      0        0
  SINCE JUN 1      0                        11    -11        6
  SINCE JUL 1      0                         0      0        0

 COOLING
  YESTERDAY        5                        13     -8       18
  MONTH TO DATE  138                       220    -82      209
  SINCE JUN 1    425                       468    -43      476
  SINCE JAN 1    585                       571     14      610
..................................................................


WIND (MPH)
  HIGHEST WIND SPEED    14   HIGHEST WIND DIRECTION     E (110)
  HIGHEST GUST SPEED    20   HIGHEST GUST DIRECTION    SE (140)
  AVERAGE WIND SPEED     6.2


SKY COVER
  AVERAGE SKY COVER 0.2


WEATHER CONDITIONS
 THE FOLLOWING WEATHER WAS RECORDED YESTERDAY.
  NO SIGNIFICANT WEATHER WAS OBSERVED.


RELATIVE HUMIDITY (PERCENT)
 HIGHEST    90
 LOWEST     42
 AVERAGE    66

..........................................................


THE COLUMBIA ASOS CLIMATE NORMALS FOR TODAY
                         NORMAL    RECORD    YEAR
 MAXIMUM TEMPERATURE (F)   88       109      1980
 MINIMUM TEMPERATURE (F)   67        56      2009
                                             1979
                                             1947


SUNRISE AND SUNSET
JULY 19 2014..........SUNRISE   559 AM CDT   SUNSET   831 PM CDT
JULY 20 2014..........SUNRISE   600 AM CDT   SUNSET   830 PM CDT


-  INDICATES NEGATIVE NUMBERS.
R  INDICATES RECORD WAS SET OR TIED.
MM INDICATES DATA IS MISSING.
T  INDICATES TRACE AMOUNT.




$$
