000
CDUS43 KLSX 232127
CLICOU


CLIMATE REPORT
NATIONAL WEATHER SERVICE ST LOUIS MO
426 PM CDT SAT AUG 23 2014


...................................

...THE COLUMBIA ASOS CLIMATE SUMMARY FOR AUGUST 23 2014...
VALID TODAY AS OF 0400 PM LOCAL TIME.

CLIMATE NORMAL PERIOD 1981 TO 2010
CLIMATE RECORD PERIOD 1890 TO 2014


WEATHER ITEM   OBSERVED TIME   RECORD YEAR NORMAL DEPARTURE LAST
                VALUE   (LST)  VALUE       VALUE  FROM      YEAR
                                                  NORMAL
..................................................................
TEMPERATURE (F)
 TODAY
  MAXIMUM         96    259 PM 103    1936  87      9       92
  MINIMUM         74    256 AM  48    1923  65      9       69
                                      1891
  AVERAGE         85                        76      9       81

PRECIPITATION (IN)
  TODAY            0.00          1.08 1918   0.15  -0.15     0.01
  MONTH TO DATE    2.78                      3.23  -0.45     1.88
  SINCE JUN 1      9.31                     12.07  -2.76     6.38
  SINCE JAN 1     24.13                     28.62  -4.49    33.09

SNOWFALL (IN)
  TODAY            0.0           0.0  2013   0.0    0.0      0.0
  MONTH TO DATE    0.0                       0.0    0.0      0.0
  SINCE JUN 1      0.0                       0.0    0.0      0.0
  SINCE JUL 1      0.0                       0.0    0.0      0.0
  SNOW DEPTH       0

DEGREE DAYS
 HEATING
  TODAY            0                         0      0        0
  MONTH TO DATE    0                         0      0        0
  SINCE JUN 1      0                        11    -11        6
  SINCE JUL 1      0                         0      0        0

 COOLING
  TODAY           20                        11      9       16
  MONTH TO DATE  258                       270    -12      199
  SINCE JUN 1    811                       900    -89      788
  SINCE JAN 1    971                      1003    -32      922
..................................................................


WIND (MPH)
  HIGHEST WIND SPEED    13   HIGHEST WIND DIRECTION    SW (220)
  HIGHEST GUST SPEED    16   HIGHEST GUST DIRECTION    SW (230)
  AVERAGE WIND SPEED     3.6


SKY COVER
  AVERAGE SKY COVER 0.0



RELATIVE HUMIDITY (PERCENT)
 HIGHEST   100           300 AM
 LOWEST     38           300 PM
 AVERAGE    69

..........................................................


THE COLUMBIA ASOS CLIMATE NORMALS FOR TOMORROW
                         NORMAL    RECORD    YEAR
 MAXIMUM TEMPERATURE (F)   86       105      1936
 MINIMUM TEMPERATURE (F)   65        43      1891


SUNRISE AND SUNSET
AUGUST 23 2014........SUNRISE   630 AM CDT   SUNSET   752 PM CDT
AUGUST 24 2014........SUNRISE   631 AM CDT   SUNSET   751 PM CDT


-  INDICATES NEGATIVE NUMBERS.
R  INDICATES RECORD WAS SET OR TIED.
MM INDICATES DATA IS MISSING.
T  INDICATES TRACE AMOUNT.




$$
