000
CDUS43 KLSX 230728
CLICOU


CLIMATE REPORT
NATIONAL WEATHER SERVICE ST LOUIS MO
227 AM CDT SAT APR 23 2016


...................................

...THE COLUMBIA ASOS CLIMATE SUMMARY FOR APRIL 22 2016...

CLIMATE NORMAL PERIOD 1981 TO 2010
CLIMATE RECORD PERIOD 1890 TO 2016


WEATHER ITEM   OBSERVED TIME   RECORD YEAR NORMAL DEPARTURE LAST
                VALUE   (LST)  VALUE       VALUE  FROM      YEAR
                                                  NORMAL
..................................................................
TEMPERATURE (F)
 YESTERDAY
  MAXIMUM         70    514 PM  91    1965  68      2       57
  MINIMUM         51    604 AM  29    1986  46      5       38
  AVERAGE         61                        57      4       48

PRECIPITATION (IN)
  YESTERDAY        0.00          2.69 1944   0.17  -0.17     0.00
  MONTH TO DATE    0.97                      3.12  -2.15     3.03
  SINCE MAR 1      2.85                      6.03  -3.18     4.57
  SINCE JAN 1      4.50                     10.20  -5.70     6.92

SNOWFALL (IN)
  YESTERDAY        0.0           0.0  2015   0.0    0.0      0.0
  MONTH TO DATE    0.0                       0.2   -0.2      0.0
  SINCE MAR 1      T                         1.9   -1.9      1.6
  SINCE JUL 1      9.0                      18.0   -9.0     12.0
  SNOW DEPTH       0

DEGREE DAYS
 HEATING
  YESTERDAY        4                         9     -5       17
  MONTH TO DATE  212                       260    -48      152
  SINCE MAR 1    630                       896   -266      737
  SINCE JUL 1   3807                      4842  -1035     4792

 COOLING
  YESTERDAY        0                         1     -1        0
  MONTH TO DATE   15                        15      0       15
  SINCE MAR 1     19                        18      1       15
  SINCE JAN 1     19                        18      1       15
..................................................................


WIND (MPH)
  HIGHEST WIND SPEED    16   HIGHEST WIND DIRECTION    NW (320)
  HIGHEST GUST SPEED    21   HIGHEST GUST DIRECTION    NW (320)
  AVERAGE WIND SPEED     9.4


SKY COVER
  AVERAGE SKY COVER 0.1


WEATHER CONDITIONS
 THE FOLLOWING WEATHER WAS RECORDED YESTERDAY.
  NO SIGNIFICANT WEATHER WAS OBSERVED.


RELATIVE HUMIDITY (PERCENT)
 HIGHEST    96
 LOWEST     51
 AVERAGE    74

..........................................................


THE COLUMBIA ASOS CLIMATE NORMALS FOR TODAY
                         NORMAL    RECORD    YEAR
 MAXIMUM TEMPERATURE (F)   69        90      1965
 MINIMUM TEMPERATURE (F)   47        26      1893


SUNRISE AND SUNSET
APRIL 23 2016.........SUNRISE   621 AM CDT   SUNSET   754 PM CDT
APRIL 24 2016.........SUNRISE   619 AM CDT   SUNSET   755 PM CDT


-  INDICATES NEGATIVE NUMBERS.
R  INDICATES RECORD WAS SET OR TIED.
MM INDICATES DATA IS MISSING.
T  INDICATES TRACE AMOUNT.




$$
