000
CDUS43 KLSX 292243
CLICOU


CLIMATE REPORT
NATIONAL WEATHER SERVICE ST LOUIS MO
442 PM CST TUE NOV 29 2016


...................................

...THE COLUMBIA ASOS CLIMATE SUMMARY FOR NOVEMBER 29 2016...
VALID TODAY AS OF 0400 PM LOCAL TIME.

CLIMATE NORMAL PERIOD 1981 TO 2010
CLIMATE RECORD PERIOD 1890 TO 2016


WEATHER ITEM   OBSERVED TIME   RECORD YEAR NORMAL DEPARTURE LAST
                VALUE   (LST)  VALUE       VALUE  FROM      YEAR
                                                  NORMAL
..................................................................
TEMPERATURE (F)
 TODAY
  MAXIMUM         62    248 PM  76    1933  47     15       39
  MINIMUM         41    729 AM   0    1929  29     12       36
  AVERAGE         52                        38     14       38

PRECIPITATION (IN)
  TODAY            0.00          1.60 1975   0.10  -0.10     0.23
  MONTH TO DATE    1.80                      3.14  -1.34     8.24
  SINCE SEP 1     10.71                     10.32   0.39    10.56
  SINCE JAN 1     39.05                     40.07  -1.02    42.52

SNOWFALL (IN)
  TODAY            0.0           5.7  1974   0.0    0.0      0.0
  MONTH TO DATE    0.0                       0.8   -0.8       T
  SINCE SEP 1      0.0                       0.8   -0.8       T
  SINCE JUL 1      0.0                       0.8   -0.8       T
  SNOW DEPTH       0

DEGREE DAYS
 HEATING
  TODAY           13                        27    -14       27
  MONTH TO DATE  409                       592   -183      439
  SINCE SEP 1    550                       955   -405      671
  SINCE JUL 1    550                       957   -407      673

 COOLING
  TODAY            0                         0      0        0
  MONTH TO DATE   19                         0     19        0
  SINCE SEP 1    321                       164    157      266
  SINCE JAN 1   1632                      1247    385     1387
..................................................................


WIND (MPH)
  HIGHEST WIND SPEED    18   HIGHEST WIND DIRECTION    SW (230)
  HIGHEST GUST SPEED    24   HIGHEST GUST DIRECTION    SW (240)
  AVERAGE WIND SPEED    10.2


SKY COVER
  AVERAGE SKY COVER 0.2



RELATIVE HUMIDITY (PERCENT)
 HIGHEST    70           600 AM
 LOWEST     34           200 PM
 AVERAGE    52

..........................................................


THE COLUMBIA ASOS CLIMATE NORMALS FOR TOMORROW
                         NORMAL    RECORD    YEAR
 MAXIMUM TEMPERATURE (F)   46        70      1970
 MINIMUM TEMPERATURE (F)   29        -3      1929


SUNRISE AND SUNSET
NOVEMBER 29 2016......SUNRISE   707 AM CST   SUNSET   448 PM CST
NOVEMBER 30 2016......SUNRISE   708 AM CST   SUNSET   448 PM CST


-  INDICATES NEGATIVE NUMBERS.
R  INDICATES RECORD WAS SET OR TIED.
MM INDICATES DATA IS MISSING.
T  INDICATES TRACE AMOUNT.




$$
