000
CDUS43 KLSX 202228
CLICOU


CLIMATE REPORT
NATIONAL WEATHER SERVICE ST LOUIS MO
528 PM CDT TUE SEP 20 2016


...................................

...THE COLUMBIA ASOS CLIMATE SUMMARY FOR SEPTEMBER 20 2016...
VALID TODAY AS OF 0500 PM LOCAL TIME.

CLIMATE NORMAL PERIOD 1981 TO 2010
CLIMATE RECORD PERIOD 1890 TO 2016


WEATHER ITEM   OBSERVED TIME   RECORD YEAR NORMAL DEPARTURE LAST
                VALUE   (LST)  VALUE       VALUE  FROM      YEAR
                                                  NORMAL
..................................................................
TEMPERATURE (F)
 TODAY
  MAXIMUM         93    209 PM  98    1893  77     16       74
  MINIMUM         68    602 AM  36    1991  54     14       50
                                      1918
  AVERAGE         81                        66     15       62

PRECIPITATION (IN)
  TODAY            0.00          1.72 1944   0.12  -0.12     0.00
  MONTH TO DATE    7.30                      2.55   4.75     1.14
  SINCE SEP 1      7.30                      2.55   4.75     1.14
  SINCE JAN 1     35.64                     32.30   3.34    33.10

SNOWFALL (IN)
  TODAY            0.0           0.0  2015   0.0    0.0      0.0
  MONTH TO DATE    0.0                       0.0    0.0      0.0
  SINCE SEP 1      0.0                       0.0    0.0      0.0
  SINCE JUL 1      0.0                       0.0    0.0      0.0
  SNOW DEPTH       0

DEGREE DAYS
 HEATING
  TODAY            0                         3     -3        3
  MONTH TO DATE    0                        22    -22       15
  SINCE SEP 1      0                        22    -22       15
  SINCE JUL 1      0                        24    -24       17

 COOLING
  TODAY           16                         4     12        0
  MONTH TO DATE  173                       119     54      186
  SINCE SEP 1    173                       119     54      186
  SINCE JAN 1   1484                      1202    282     1307
..................................................................


WIND (MPH)
  HIGHEST WIND SPEED    12   HIGHEST WIND DIRECTION     S (200)
  HIGHEST GUST SPEED    16   HIGHEST GUST DIRECTION     S (200)
  AVERAGE WIND SPEED     5.4


SKY COVER
  AVERAGE SKY COVER 0.1



RELATIVE HUMIDITY (PERCENT)
 HIGHEST   100           300 AM
 LOWEST     52           300 PM
 AVERAGE    76

..........................................................


THE COLUMBIA ASOS CLIMATE NORMALS FOR TOMORROW
                         NORMAL    RECORD    YEAR
 MAXIMUM TEMPERATURE (F)   77       100      1893
 MINIMUM TEMPERATURE (F)   54        35      1983
                                             1897


SUNRISE AND SUNSET
SEPTEMBER 20 2016.....SUNRISE   655 AM CDT   SUNSET   708 PM CDT
SEPTEMBER 21 2016.....SUNRISE   656 AM CDT   SUNSET   707 PM CDT


-  INDICATES NEGATIVE NUMBERS.
R  INDICATES RECORD WAS SET OR TIED.
MM INDICATES DATA IS MISSING.
T  INDICATES TRACE AMOUNT.




$$
