247
CDUS43 KLSX 230731
CLICOU


CLIMATE REPORT
NATIONAL WEATHER SERVICE ST LOUIS MO
231 AM CDT THU MAR 23 2017


...................................

...THE COLUMBIA ASOS CLIMATE SUMMARY FOR MARCH 22 2017...

CLIMATE NORMAL PERIOD 1981 TO 2010
CLIMATE RECORD PERIOD 1890 TO 2017


WEATHER ITEM   OBSERVED TIME   RECORD YEAR NORMAL DEPARTURE LAST
                VALUE   (LST)  VALUE       VALUE  FROM      YEAR
                                                  NORMAL
..................................................................
TEMPERATURE (F)
 YESTERDAY
  MAXIMUM         55    341 PM  90    1910  58     -3       76
                                      1907
  MINIMUM         36    632 AM  13    2002  36      0       45
  AVERAGE         46                        47     -1       61

PRECIPITATION (IN)
  YESTERDAY        0.00          1.03 1898   0.10  -0.10     0.00
  MONTH TO DATE    1.37                      1.96  -0.59     1.20
  SINCE MAR 1      1.37                      1.96  -0.59     1.20
  SINCE JAN 1      2.59                      6.13  -3.54     2.85

SNOWFALL (IN)
  YESTERDAY        0.0           0.2  1955   0.1   -0.1      0.0
  MONTH TO DATE    T                         1.5   -1.5       T
  SINCE MAR 1      T                         1.5   -1.5       T
  SINCE JUL 1      1.6                      17.6  -16.0      9.0
  SNOW DEPTH       0

DEGREE DAYS
 HEATING
  YESTERDAY       19                        18      1        4
  MONTH TO DATE  412                       485    -73      310
  SINCE MAR 1    412                       485    -73      310
  SINCE JUL 1   3453                      4431   -978     3487

 COOLING
  YESTERDAY        0                         0      0        0
  MONTH TO DATE    4                         0      4        4
  SINCE MAR 1      4                         0      4        4
  SINCE JAN 1      8                         0      8        4
..................................................................


WIND (MPH)
  HIGHEST WIND SPEED    21   HIGHEST WIND DIRECTION     E (100)
  HIGHEST GUST SPEED    26   HIGHEST GUST DIRECTION     E (110)
  AVERAGE WIND SPEED    13.0


SKY COVER
  AVERAGE SKY COVER 0.2


WEATHER CONDITIONS
 THE FOLLOWING WEATHER WAS RECORDED YESTERDAY.
  NO SIGNIFICANT WEATHER WAS OBSERVED.


RELATIVE HUMIDITY (PERCENT)
 HIGHEST    64
 LOWEST     32
 AVERAGE    48

..........................................................


THE COLUMBIA ASOS CLIMATE NORMALS FOR TODAY
                         NORMAL    RECORD    YEAR
 MAXIMUM TEMPERATURE (F)   58        88      1910
 MINIMUM TEMPERATURE (F)   36         8      1974


SUNRISE AND SUNSET
MARCH 23 2017.........SUNRISE   707 AM CDT   SUNSET   724 PM CDT
MARCH 24 2017.........SUNRISE   706 AM CDT   SUNSET   725 PM CDT


-  INDICATES NEGATIVE NUMBERS.
R  INDICATES RECORD WAS SET OR TIED.
MM INDICATES DATA IS MISSING.
T  INDICATES TRACE AMOUNT.




$$
