130
CDUS43 KLSX 152132
CLICOU


CLIMATE REPORT
NATIONAL WEATHER SERVICE ST LOUIS MO
432 PM CDT FRI MAY 15 2015


...................................

...THE COLUMBIA ASOS CLIMATE SUMMARY FOR MAY 15 2015...
VALID TODAY AS OF 0400 PM LOCAL TIME.

CLIMATE NORMAL PERIOD 1981 TO 2010
CLIMATE RECORD PERIOD 1890 TO 2015


WEATHER ITEM   OBSERVED TIME   RECORD YEAR NORMAL DEPARTURE LAST
                VALUE   (LST)  VALUE       VALUE  FROM      YEAR
                                                  NORMAL
..................................................................
TEMPERATURE (F)
 TODAY
  MAXIMUM         80   1139 AM  90    1944  74      6       60
                                      1941
                                      1911
  MINIMUM         64    522 AM  36    1959  53     11       41
                                      1926
                                      1907
  AVERAGE         72                        64      8       51

PRECIPITATION (IN)
  TODAY            0.24          2.92 1990   0.15   0.09     0.06
  MONTH TO DATE    2.20                      2.52  -0.32     2.40
  SINCE MAR 1      7.03                      9.92  -2.89    11.91
  SINCE JAN 1      9.38                     14.09  -4.71    14.17

SNOWFALL (IN)
  TODAY            0.0           0.0  2014   0.0    0.0      0.0
  MONTH TO DATE    0.0                       0.0    0.0      0.0
  SINCE MAR 1      1.6                       1.9   -0.3      0.5
  SINCE JUL 1     12.0                      18.0   -6.0     17.8
  SNOW DEPTH       0

DEGREE DAYS
 HEATING
  TODAY            0                         4     -4       14
  MONTH TO DATE   31                        72    -41       73
  SINCE MAR 1    835                      1029   -194     1103
  SINCE JUL 1   4890                      4975    -85     5532

 COOLING
  TODAY            7                         2      5        0
  MONTH TO DATE   46                        23     23       57
  SINCE MAR 1     61                        48     13       68
  SINCE JAN 1     61                        48     13       68
..................................................................


WIND (MPH)
  HIGHEST WIND SPEED    26   HIGHEST WIND DIRECTION     S (180)
  HIGHEST GUST SPEED    35   HIGHEST GUST DIRECTION     S (170)
  AVERAGE WIND SPEED     8.5


SKY COVER
  AVERAGE SKY COVER 0.3



RELATIVE HUMIDITY (PERCENT)
 HIGHEST   100           600 AM
 LOWEST     71          1100 AM
 AVERAGE    86

..........................................................


THE COLUMBIA ASOS CLIMATE NORMALS FOR TOMORROW
                         NORMAL    RECORD    YEAR
 MAXIMUM TEMPERATURE (F)   74        89      1962
                                             1944
                                             1911
 MINIMUM TEMPERATURE (F)   54        33      1890


SUNRISE AND SUNSET
MAY 15 2015...........SUNRISE   557 AM CDT   SUNSET   814 PM CDT
MAY 16 2015...........SUNRISE   556 AM CDT   SUNSET   815 PM CDT


-  INDICATES NEGATIVE NUMBERS.
R  INDICATES RECORD WAS SET OR TIED.
MM INDICATES DATA IS MISSING.
T  INDICATES TRACE AMOUNT.




$$
