000
CDUS43 KLSX 170732
CLICOU


CLIMATE REPORT
NATIONAL WEATHER SERVICE ST LOUIS MO
232 AM CDT THU APR 17 2014


...................................

...THE COLUMBIA ASOS CLIMATE SUMMARY FOR APRIL 16 2014...

CLIMATE NORMAL PERIOD 1981 TO 2010
CLIMATE RECORD PERIOD 1890 TO 2014


WEATHER ITEM   OBSERVED TIME   RECORD YEAR NORMAL DEPARTURE LAST
                VALUE   (LST)  VALUE       VALUE  FROM      YEAR
                                                  NORMAL
..................................................................
TEMPERATURE (F)
 YESTERDAY
  MAXIMUM         62    349 PM  86    1964  66     -4       48
  MINIMUM         36    532 AM  26    1962  44     -8       42
  AVERAGE         49                        55     -6       45

PRECIPITATION (IN)
  YESTERDAY        0.00          1.72 1960   0.16  -0.16     0.24
  MONTH TO DATE    6.90                      2.17   4.73     4.44
  SINCE MAR 1      8.13                      5.08   3.05     7.73
  SINCE JAN 1     10.39                      9.25   1.14    13.97

SNOWFALL (IN)
  YESTERDAY        0.0           T    1999   0.0    0.0      0.0
                                      1993
  MONTH TO DATE    T                         0.2   -0.2      0.0
  SINCE MAR 1      0.5                       1.9   -1.4     10.3
  SINCE JUL 1     17.8                      18.0   -0.2     35.0
  SNOW DEPTH       0

DEGREE DAYS
 HEATING
  YESTERDAY       16                        10      6       20
  MONTH TO DATE  214                       203     11      214
  SINCE MAR 1    944                       839    105     1028
  SINCE JUL 1   5373                      4785    588     4611

 COOLING
  YESTERDAY        0                         1     -1        0
  MONTH TO DATE    5                         9     -4       11
  SINCE MAR 1      5                        12     -7       11
  SINCE JAN 1      5                        12     -7       12
..................................................................


WIND (MPH)
  HIGHEST WIND SPEED    30   HIGHEST WIND DIRECTION     S (160)
  HIGHEST GUST SPEED    36   HIGHEST GUST DIRECTION    SE (150)
  AVERAGE WIND SPEED    17.9


SKY COVER
  AVERAGE SKY COVER 0.0


WEATHER CONDITIONS
 THE FOLLOWING WEATHER WAS RECORDED YESTERDAY.
  NO SIGNIFICANT WEATHER WAS OBSERVED.


RELATIVE HUMIDITY (PERCENT)
 HIGHEST    64
 LOWEST     27
 AVERAGE    46

..........................................................


THE COLUMBIA ASOS CLIMATE NORMALS FOR TODAY
                         NORMAL    RECORD    YEAR
 MAXIMUM TEMPERATURE (F)   67        87      1909
                                             1896
 MINIMUM TEMPERATURE (F)   45        26      1905


SUNRISE AND SUNSET
APRIL 17 2014.........SUNRISE   630 AM CDT   SUNSET   748 PM CDT
APRIL 18 2014.........SUNRISE   628 AM CDT   SUNSET   749 PM CDT


-  INDICATES NEGATIVE NUMBERS.
R  INDICATES RECORD WAS SET OR TIED.
MM INDICATES DATA IS MISSING.
T  INDICATES TRACE AMOUNT.




$$
