000
CDUS43 KLSX 170730
CLICOU


CLIMATE REPORT
NATIONAL WEATHER SERVICE ST LOUIS MO
229 AM CDT SAT SEP 17 2016


...................................

...THE COLUMBIA ASOS CLIMATE SUMMARY FOR SEPTEMBER 16 2016...

CLIMATE NORMAL PERIOD 1981 TO 2010
CLIMATE RECORD PERIOD 1890 TO 2016


WEATHER ITEM   OBSERVED TIME   RECORD YEAR NORMAL DEPARTURE LAST
                VALUE   (LST)  VALUE       VALUE  FROM      YEAR
                                                  NORMAL
..................................................................
TEMPERATURE (F)
 YESTERDAY
  MAXIMUM         80   1247 PM  99    1954  79      1       88
  MINIMUM         66   1159 PM  40    1916  56     10       62
  AVERAGE         73                        68      5       75

PRECIPITATION (IN)
  YESTERDAY        0.57          5.98 1905   0.12   0.45     0.00
  MONTH TO DATE    7.30                      2.06   5.24     1.14
  SINCE SEP 1      7.30                      2.06   5.24     1.14
  SINCE JAN 1     35.64                     31.81   3.83    33.10

SNOWFALL (IN)
  YESTERDAY        0.0           0.0  2015   0.0    0.0      0.0
  MONTH TO DATE    0.0                       0.0    0.0      0.0
  SINCE SEP 1      0.0                       0.0    0.0      0.0
  SINCE JUL 1      0.0                       0.0    0.0      0.0
  SNOW DEPTH       0

DEGREE DAYS
 HEATING
  YESTERDAY        0                         2     -2        0
  MONTH TO DATE    0                        12    -12       12
  SINCE SEP 1      0                        12    -12       12
  SINCE JUL 1      0                        14    -14       14

 COOLING
  YESTERDAY        8                         4      4       10
  MONTH TO DATE  133                       103     30      162
  SINCE SEP 1    133                       103     30      162
  SINCE JAN 1   1444                      1186    258     1283
..................................................................


WIND (MPH)
  HIGHEST WIND SPEED    15   HIGHEST WIND DIRECTION     S (160)
  HIGHEST GUST SPEED    20   HIGHEST GUST DIRECTION     S (170)
  AVERAGE WIND SPEED     6.8


SKY COVER
  AVERAGE SKY COVER 0.5


WEATHER CONDITIONS
 THE FOLLOWING WEATHER WAS RECORDED YESTERDAY.
  THUNDERSTORM
  HEAVY RAIN
  RAIN
  LIGHT RAIN
  FOG


RELATIVE HUMIDITY (PERCENT)
 HIGHEST   100
 LOWEST     79
 AVERAGE    90

..........................................................


THE COLUMBIA ASOS CLIMATE NORMALS FOR TODAY
                         NORMAL    RECORD    YEAR
 MAXIMUM TEMPERATURE (F)   78        98      1895
 MINIMUM TEMPERATURE (F)   56        37      1903


SUNRISE AND SUNSET
SEPTEMBER 17 2016.....SUNRISE   653 AM CDT   SUNSET   713 PM CDT
SEPTEMBER 18 2016.....SUNRISE   653 AM CDT   SUNSET   711 PM CDT


-  INDICATES NEGATIVE NUMBERS.
R  INDICATES RECORD WAS SET OR TIED.
MM INDICATES DATA IS MISSING.
T  INDICATES TRACE AMOUNT.




$$
