000
CDUS43 KLSX 182233
CLICOU


CLIMATE REPORT
NATIONAL WEATHER SERVICE ST LOUIS MO
532 PM CDT MON AUG 18 2014


...................................

...THE COLUMBIA ASOS CLIMATE SUMMARY FOR AUGUST 18 2014...
VALID TODAY AS OF 0500 PM LOCAL TIME.

CLIMATE NORMAL PERIOD 1981 TO 2010
CLIMATE RECORD PERIOD 1890 TO 2014


WEATHER ITEM   OBSERVED TIME   RECORD YEAR NORMAL DEPARTURE LAST
                VALUE   (LST)  VALUE       VALUE  FROM      YEAR
                                                  NORMAL
..................................................................
TEMPERATURE (F)
 TODAY
  MAXIMUM         86    349 PM 106    1936  87     -1       82
  MINIMUM         64    519 AM  47    1890  66     -2       58
  AVERAGE         75                        76     -1       70

PRECIPITATION (IN)
  TODAY            0.00          4.06 2002   0.15  -0.15     0.00
  MONTH TO DATE    2.51                      2.48   0.03     1.87
  SINCE JUN 1      9.04                     11.32  -2.28     6.37
  SINCE JAN 1     23.86                     27.87  -4.01    33.08

SNOWFALL (IN)
  TODAY            0.0           0.0  2013   0.0    0.0      0.0
  MONTH TO DATE    0.0                       0.0    0.0      0.0
  SINCE JUN 1      0.0                       0.0    0.0      0.0
  SINCE JUL 1      0.0                       0.0    0.0      0.0
  SNOW DEPTH       0

DEGREE DAYS
 HEATING
  TODAY            0                         0      0        0
  MONTH TO DATE    0                         0      0        0
  SINCE JUN 1      0                        11    -11        6
  SINCE JUL 1      0                         0      0        0

 COOLING
  TODAY           10                        11     -1        5
  MONTH TO DATE  174                       215    -41      135
  SINCE JUN 1    727                       845   -118      724
  SINCE JAN 1    887                       948    -61      858
..................................................................


WIND (MPH)
  HIGHEST WIND SPEED    10   HIGHEST WIND DIRECTION     E (100)
  HIGHEST GUST SPEED    12   HIGHEST GUST DIRECTION     E (100)
  AVERAGE WIND SPEED     3.5


SKY COVER
  AVERAGE SKY COVER 0.8



RELATIVE HUMIDITY (PERCENT)
 HIGHEST   100           100 AM
 LOWEST     55           200 PM
 AVERAGE    78

..........................................................


THE COLUMBIA ASOS CLIMATE NORMALS FOR TOMORROW
                         NORMAL    RECORD    YEAR
 MAXIMUM TEMPERATURE (F)   87       104      1936
 MINIMUM TEMPERATURE (F)   65        52      1897
                                             1890


SUNRISE AND SUNSET
AUGUST 18 2014........SUNRISE   625 AM CDT   SUNSET   759 PM CDT
AUGUST 19 2014........SUNRISE   626 AM CDT   SUNSET   758 PM CDT


-  INDICATES NEGATIVE NUMBERS.
R  INDICATES RECORD WAS SET OR TIED.
MM INDICATES DATA IS MISSING.
T  INDICATES TRACE AMOUNT.




$$
