000
CDUS43 KLSX 152227
CLICOU


CLIMATE REPORT
NATIONAL WEATHER SERVICE ST LOUIS MO
527 PM CDT SAT JUL 15 2017


...................................

...THE COLUMBIA ASOS CLIMATE SUMMARY FOR JULY 15 2017...
VALID TODAY AS OF 0500 PM LOCAL TIME.

CLIMATE NORMAL PERIOD 1981 TO 2010
CLIMATE RECORD PERIOD 1890 TO 2017


WEATHER ITEM   OBSERVED TIME   RECORD YEAR NORMAL DEPARTURE LAST
                VALUE   (LST)  VALUE       VALUE  FROM      YEAR
                                                  NORMAL
..................................................................
TEMPERATURE (F)
 TODAY
  MAXIMUM         89    337 PM 111    1936  88      1       88
  MINIMUM         68    527 AM  47    1891  67      1       68
  AVERAGE         79                        78      1       78

PRECIPITATION (IN)
  TODAY            0.00          1.92 1981   0.15  -0.15     0.00
  MONTH TO DATE    1.89                      2.25  -0.36     7.85
  SINCE JUN 1      5.65                      6.72  -1.07     9.31
  SINCE JAN 1     25.55                     23.27   2.28    19.44

SNOWFALL (IN)
  TODAY            0.0           0.0  2015   0.0    0.0      0.0
  MONTH TO DATE    0.0                       0.0    0.0      0.0
  SINCE JUN 1      0.0                       0.0    0.0      0.0
  SINCE JUL 1      0.0                       0.0    0.0      0.0
  SNOW DEPTH       0

DEGREE DAYS
 HEATING
  TODAY            0                         0      0        0
  MONTH TO DATE    0                         0      0        0
  SINCE JUN 1      1                        11    -10        0
  SINCE JUL 1      0                         0      0        0

 COOLING
  TODAY           14                        13      1       13
  MONTH TO DATE  207                       181     26      173
  SINCE JUN 1    487                       429     58      567
  SINCE JAN 1    621                       532     89      691
..................................................................


WIND (MPH)
  HIGHEST WIND SPEED    12   HIGHEST WIND DIRECTION    NE (30)
  HIGHEST GUST SPEED    14   HIGHEST GUST DIRECTION     N (20)
  AVERAGE WIND SPEED     5.6


SKY COVER
  AVERAGE SKY COVER 0.1



RELATIVE HUMIDITY (PERCENT)
 HIGHEST    97           200 AM
 LOWEST     50           300 PM
 AVERAGE    74

..........................................................


THE COLUMBIA ASOS CLIMATE NORMALS FOR TOMORROW
                         NORMAL    RECORD    YEAR
 MAXIMUM TEMPERATURE (F)   88       105      1936
 MINIMUM TEMPERATURE (F)   67        53      1930


SUNRISE AND SUNSET
JULY 15 2017..........SUNRISE   556 AM CDT   SUNSET   833 PM CDT
JULY 16 2017..........SUNRISE   557 AM CDT   SUNSET   832 PM CDT


-  INDICATES NEGATIVE NUMBERS.
R  INDICATES RECORD WAS SET OR TIED.
MM INDICATES DATA IS MISSING.
T  INDICATES TRACE AMOUNT.




$$
