000
CDUS43 KLSX 242132
CLICOU


CLIMATE REPORT
NATIONAL WEATHER SERVICE ST LOUIS MO
432 PM CDT SUN APR 24 2016


...................................

...THE COLUMBIA ASOS CLIMATE SUMMARY FOR APRIL 24 2016...
VALID TODAY AS OF 0400 PM LOCAL TIME.

CLIMATE NORMAL PERIOD 1981 TO 2010
CLIMATE RECORD PERIOD 1890 TO 2016


WEATHER ITEM   OBSERVED TIME   RECORD YEAR NORMAL DEPARTURE LAST
                VALUE   (LST)  VALUE       VALUE  FROM      YEAR
                                                  NORMAL
..................................................................
TEMPERATURE (F)
 TODAY
  MAXIMUM         81    259 PM  88    1965  69     12       66
  MINIMUM         55    521 AM  27    1910  47      8       49
  AVERAGE         68                        58     10       58

PRECIPITATION (IN)
  TODAY            0.00          2.84 2010   0.18  -0.18     0.00
  MONTH TO DATE    0.97                      3.47  -2.50     3.03
  SINCE MAR 1      2.85                      6.38  -3.53     4.57
  SINCE JAN 1      4.50                     10.55  -6.05     6.92

SNOWFALL (IN)
  TODAY            0.0           T    2013   0.0    0.0      0.0
                                      1961
  MONTH TO DATE    0.0                       0.2   -0.2      0.0
  SINCE MAR 1      T                         1.9   -1.9      1.6
  SINCE JUL 1      9.0                      18.0   -9.0     12.0
  SNOW DEPTH       0

DEGREE DAYS
 HEATING
  TODAY            0                         8     -8        7
  MONTH TO DATE  214                       276    -62      172
  SINCE MAR 1    632                       912   -280      757
  SINCE JUL 1   3809                      4858  -1049     4812

 COOLING
  TODAY            3                         1      2        0
  MONTH TO DATE   18                        17      1       15
  SINCE MAR 1     22                        20      2       15
  SINCE JAN 1     22                        20      2       15
..................................................................


WIND (MPH)
  HIGHEST WIND SPEED    24   HIGHEST WIND DIRECTION    SW (210)
  HIGHEST GUST SPEED    30   HIGHEST GUST DIRECTION    SW (220)
  AVERAGE WIND SPEED    13.2


SKY COVER
  AVERAGE SKY COVER 0.1



RELATIVE HUMIDITY (PERCENT)
 HIGHEST    86           500 AM
 LOWEST     36           200 PM
 AVERAGE    61

..........................................................


THE COLUMBIA ASOS CLIMATE NORMALS FOR TOMORROW
                         NORMAL    RECORD    YEAR
 MAXIMUM TEMPERATURE (F)   69        89      1986
 MINIMUM TEMPERATURE (F)   47        32      1934
                                             1910


SUNRISE AND SUNSET
APRIL 24 2016.........SUNRISE   619 AM CDT   SUNSET   755 PM CDT
APRIL 25 2016.........SUNRISE   618 AM CDT   SUNSET   756 PM CDT


-  INDICATES NEGATIVE NUMBERS.
R  INDICATES RECORD WAS SET OR TIED.
MM INDICATES DATA IS MISSING.
T  INDICATES TRACE AMOUNT.




$$
