000
CDUS43 KLSX 132229
CLICOU


CLIMATE REPORT
NATIONAL WEATHER SERVICE ST LOUIS MO
429 PM CST MON NOV 13 2017


...................................

...THE COLUMBIA ASOS CLIMATE SUMMARY FOR NOVEMBER 13 2017...
VALID TODAY AS OF 0400 PM LOCAL TIME.

CLIMATE NORMAL PERIOD 1981 TO 2010
CLIMATE RECORD PERIOD 1890 TO 2017


WEATHER ITEM   OBSERVED TIME   RECORD YEAR NORMAL DEPARTURE LAST
                VALUE   (LST)  VALUE       VALUE  FROM      YEAR
                                                  NORMAL
..................................................................
TEMPERATURE (F)
 TODAY
  MAXIMUM         56    245 PM  82    1999  55      1       60
  MINIMUM         42    857 AM   7    1986  36      6       32
  AVERAGE         49                        46      3       46

PRECIPITATION (IN)
  TODAY            0.00          1.35 1972   0.12  -0.12     0.00
  MONTH TO DATE    0.02                      1.39  -1.37     1.75
  SINCE SEP 1      5.95                      8.57  -2.62    10.66
  SINCE JAN 1     37.06                     38.32  -1.26    39.00

SNOWFALL (IN)
  TODAY            0.0           T    2014   0.0    0.0      0.0
                                      1997
                                      1975
  MONTH TO DATE    0.0                       0.2   -0.2      0.0
  SINCE SEP 1      T                         0.2   -0.2      0.0
  SINCE JUL 1      T                         0.2   -0.2      0.0
  SNOW DEPTH       0

DEGREE DAYS
 HEATING
  TODAY           16                        19     -3       19
  MONTH TO DATE  239                       216     23      129
  SINCE SEP 1    489                       579    -90      270
  SINCE JUL 1    492                       581    -89      270

 COOLING
  TODAY            0                         0      0        0
  MONTH TO DATE    0                         0      0       15
  SINCE SEP 1    287                       164    123      317
  SINCE JAN 1   1401                      1247    154     1628
..................................................................


WIND (MPH)
  HIGHEST WIND SPEED    13   HIGHEST WIND DIRECTION     E (110)
  HIGHEST GUST SPEED    16   HIGHEST GUST DIRECTION     S (170)
  AVERAGE WIND SPEED     5.2


SKY COVER
  AVERAGE SKY COVER 0.7



RELATIVE HUMIDITY (PERCENT)
 HIGHEST    89           100 AM
 LOWEST     51           200 PM
 AVERAGE    70

..........................................................


THE COLUMBIA ASOS CLIMATE NORMALS FOR TOMORROW
                         NORMAL    RECORD    YEAR
 MAXIMUM TEMPERATURE (F)   55        78      1931
 MINIMUM TEMPERATURE (F)   36        10      1940


SUNRISE AND SUNSET
NOVEMBER 13 2017......SUNRISE   649 AM CST   SUNSET   457 PM CST
NOVEMBER 14 2017......SUNRISE   651 AM CST   SUNSET   456 PM CST


-  INDICATES NEGATIVE NUMBERS.
R  INDICATES RECORD WAS SET OR TIED.
MM INDICATES DATA IS MISSING.
T  INDICATES TRACE AMOUNT.




$$
