000
CDUS43 KLSX 312245
CLICOU


CLIMATE REPORT
NATIONAL WEATHER SERVICE ST LOUIS MO
545 PM CDT FRI JUL 31 2015


...................................

...THE COLUMBIA ASOS CLIMATE SUMMARY FOR JULY 31 2015...
VALID TODAY AS OF 0500 PM LOCAL TIME.

CLIMATE NORMAL PERIOD 1981 TO 2010
CLIMATE RECORD PERIOD 1890 TO 2015


WEATHER ITEM   OBSERVED TIME   RECORD YEAR NORMAL DEPARTURE LAST
                VALUE   (LST)  VALUE       VALUE  FROM      YEAR
                                                  NORMAL
..................................................................
TEMPERATURE (F)
 TODAY
  MAXIMUM         90    232 PM 108    1980  88      2       86
  MINIMUM         68    546 AM  50    1971  67      1       59
  AVERAGE         79                        77      2       73

PRECIPITATION (IN)
  TODAY            0.00          1.98 1928   0.13  -0.13     0.00
  MONTH TO DATE    8.40                      4.37   4.03     1.46
  SINCE JUN 1     15.96                      8.84   7.12     6.53
  SINCE JAN 1     28.82                     25.39   3.43    21.35

SNOWFALL (IN)
  TODAY            0.0           0.0  2013   0.0    0.0      0.0
  MONTH TO DATE    0.0                       0.0    0.0      0.0
  SINCE JUN 1      0.0                       0.0    0.0      0.0
  SINCE JUL 1      0.0                       0.0    0.0      0.0
  SNOW DEPTH       0

DEGREE DAYS
 HEATING
  TODAY            0                         0      0        0
  MONTH TO DATE    1                         0      1        0
  SINCE JUN 1      8                        11     -3        0
  SINCE JUL 1      1                         0      1        0

 COOLING
  TODAY           14                        12      2        8
  MONTH TO DATE  398                       382     16      266
  SINCE JUN 1    709                       630     79      553
  SINCE JAN 1    828                       733     95      713
..................................................................


WIND (MPH)
  HIGHEST WIND SPEED    13   HIGHEST WIND DIRECTION     W (270)
  HIGHEST GUST SPEED    16   HIGHEST GUST DIRECTION    SW (220)
  AVERAGE WIND SPEED     6.2


SKY COVER
  AVERAGE SKY COVER 0.0



RELATIVE HUMIDITY (PERCENT)
 HIGHEST    90          1200 AM
 LOWEST     41           200 PM
 AVERAGE    66

..........................................................


THE COLUMBIA ASOS CLIMATE NORMALS FOR TOMORROW
                         NORMAL    RECORD    YEAR
 MAXIMUM TEMPERATURE (F)   88       108      1980
 MINIMUM TEMPERATURE (F)   67        53      1992
                                             1895


SUNRISE AND SUNSET
JULY 31 2015..........SUNRISE   609 AM CDT   SUNSET   821 PM CDT
AUGUST  1 2015........SUNRISE   610 AM CDT   SUNSET   820 PM CDT


-  INDICATES NEGATIVE NUMBERS.
R  INDICATES RECORD WAS SET OR TIED.
MM INDICATES DATA IS MISSING.
T  INDICATES TRACE AMOUNT.




$$
