822
CDUS43 KLSX 262229
CLICOU


CLIMATE REPORT
NATIONAL WEATHER SERVICE ST LOUIS MO
526 PM CDT TUE APR 26 2016


...................................

...THE COLUMBIA ASOS CLIMATE SUMMARY FOR APRIL 26 2016...
VALID TODAY AS OF 0500 PM LOCAL TIME.

CLIMATE NORMAL PERIOD 1981 TO 2010
CLIMATE RECORD PERIOD 1890 TO 2016


WEATHER ITEM   OBSERVED TIME   RECORD YEAR NORMAL DEPARTURE LAST
                VALUE   (LST)  VALUE       VALUE  FROM      YEAR
                                                  NORMAL
..................................................................
TEMPERATURE (F)
 TODAY
  MAXIMUM         74    910 AM  89    1989  69      5       63
  MINIMUM         60   1139 AM  30    1903  48     12       45
  AVERAGE         67                        58      9       54

PRECIPITATION (IN)
  TODAY            1.02          1.66 1944   0.17   0.85      T
  MONTH TO DATE    1.99                      3.81  -1.82     3.29
  SINCE MAR 1      3.87                      6.72  -2.85     4.83
  SINCE JAN 1      5.52                     10.89  -5.37     7.18

SNOWFALL (IN)
  TODAY            0.0           0.0  2015   0.0    0.0      0.0
  MONTH TO DATE    0.0                       0.2   -0.2      0.0
  SINCE MAR 1      T                         1.9   -1.9      1.6
  SINCE JUL 1      9.0                      18.0   -9.0     12.0
  SNOW DEPTH       0

DEGREE DAYS
 HEATING
  TODAY            0                         8     -8       11
  MONTH TO DATE  214                       292    -78      189
  SINCE MAR 1    632                       928   -296      774
  SINCE JUL 1   3809                      4874  -1065     4829

 COOLING
  TODAY            2                         1      1        0
  MONTH TO DATE   26                        19      7       15
  SINCE MAR 1     30                        22      8       15
  SINCE JAN 1     30                        22      8       15
..................................................................


WIND (MPH)
  HIGHEST WIND SPEED    46   HIGHEST WIND DIRECTION    NW (320)
  HIGHEST GUST SPEED    57   HIGHEST GUST DIRECTION    NW (320)
  AVERAGE WIND SPEED     8.8


SKY COVER
  AVERAGE SKY COVER 0.5



RELATIVE HUMIDITY (PERCENT)
 HIGHEST    93           400 AM
 LOWEST     73          1000 AM
 AVERAGE    83

..........................................................


THE COLUMBIA ASOS CLIMATE NORMALS FOR TOMORROW
                         NORMAL    RECORD    YEAR
 MAXIMUM TEMPERATURE (F)   70        90      1956
                                             1896
 MINIMUM TEMPERATURE (F)   48        30      1967


SUNRISE AND SUNSET
APRIL 26 2016.........SUNRISE   617 AM CDT   SUNSET   757 PM CDT
APRIL 27 2016.........SUNRISE   615 AM CDT   SUNSET   758 PM CDT


-  INDICATES NEGATIVE NUMBERS.
R  INDICATES RECORD WAS SET OR TIED.
MM INDICATES DATA IS MISSING.
T  INDICATES TRACE AMOUNT.




$$
