000
CDUS43 KLSX 192131
CLICOU


CLIMATE REPORT
NATIONAL WEATHER SERVICE ST LOUIS MO
430 PM CDT SAT JUL 19 2014


...................................

...THE COLUMBIA ASOS CLIMATE SUMMARY FOR JULY 19 2014...
VALID TODAY AS OF 0400 PM LOCAL TIME.

CLIMATE NORMAL PERIOD 1981 TO 2010
CLIMATE RECORD PERIOD 1890 TO 2014


WEATHER ITEM   OBSERVED TIME   RECORD YEAR NORMAL DEPARTURE LAST
                VALUE   (LST)  VALUE       VALUE  FROM      YEAR
                                                  NORMAL
..................................................................
TEMPERATURE (F)
 TODAY
  MAXIMUM         81    248 PM 109    1980  88     -7       96
  MINIMUM         58    530 AM  56    2009  67     -9       71
                                      1979
                                      1947
  AVERAGE         70                        78     -8       84

PRECIPITATION (IN)
  TODAY            0.00          3.25 1902   0.14  -0.14     0.00
  MONTH TO DATE    1.46                      2.85  -1.39     0.99
  SINCE JUN 1      6.53                      7.32  -0.79     3.04
  SINCE JAN 1     21.35                     23.87  -2.52    29.75

SNOWFALL (IN)
  TODAY            0.0           0.0  2013   0.0    0.0      0.0
  MONTH TO DATE    0.0                       0.0    0.0      0.0
  SINCE JUN 1      0.0                       0.0    0.0      0.0
  SINCE JUL 1      0.0                       0.0    0.0      0.0
  SNOW DEPTH       0

DEGREE DAYS
 HEATING
  TODAY            0                         0      0        0
  MONTH TO DATE    0                         0      0        0
  SINCE JUN 1      0                        11    -11        6
  SINCE JUL 1      0                         0      0        0

 COOLING
  TODAY            5                        13     -8       19
  MONTH TO DATE  143                       233    -90      228
  SINCE JUN 1    430                       481    -51      495
  SINCE JAN 1    590                       584      6      629
..................................................................


WIND (MPH)
  HIGHEST WIND SPEED     8   HIGHEST WIND DIRECTION    SE (150)
  HIGHEST GUST SPEED    11   HIGHEST GUST DIRECTION     E (70)
  AVERAGE WIND SPEED     3.8


SKY COVER
  AVERAGE SKY COVER 0.2



RELATIVE HUMIDITY (PERCENT)
 HIGHEST    87           500 AM
 LOWEST     45           100 PM
 AVERAGE    66

..........................................................


THE COLUMBIA ASOS CLIMATE NORMALS FOR TOMORROW
                         NORMAL    RECORD    YEAR
 MAXIMUM TEMPERATURE (F)   88       110      1934
 MINIMUM TEMPERATURE (F)   67        56      2009
                                             1970


SUNRISE AND SUNSET
JULY 19 2014..........SUNRISE   559 AM CDT   SUNSET   831 PM CDT
JULY 20 2014..........SUNRISE   600 AM CDT   SUNSET   830 PM CDT


-  INDICATES NEGATIVE NUMBERS.
R  INDICATES RECORD WAS SET OR TIED.
MM INDICATES DATA IS MISSING.
T  INDICATES TRACE AMOUNT.




$$
