000
CDUS43 KLSX 230730
CLICOU


CLIMATE REPORT
NATIONAL WEATHER SERVICE ST LOUIS MO
130 AM CST WED NOV 23 2016


...................................

...THE COLUMBIA ASOS CLIMATE SUMMARY FOR NOVEMBER 22 2016...

CLIMATE NORMAL PERIOD 1981 TO 2010
CLIMATE RECORD PERIOD 1890 TO 2016


WEATHER ITEM   OBSERVED TIME   RECORD YEAR NORMAL DEPARTURE LAST
                VALUE   (LST)  VALUE       VALUE  FROM      YEAR
                                                  NORMAL
..................................................................
TEMPERATURE (F)
 YESTERDAY
  MAXIMUM         52   1156 PM  75    1955  50      2       46
  MINIMUM         40    623 AM   9    1926  32      8       20
  AVERAGE         46                        41      5       33

PRECIPITATION (IN)
  YESTERDAY        0.04          1.67 1992   0.11  -0.07     0.00
  MONTH TO DATE    1.79                      2.39  -0.60     5.92
  SINCE SEP 1     10.70                      9.57   1.13     8.24
  SINCE JAN 1     39.04                     39.32  -0.28    40.20

SNOWFALL (IN)
  YESTERDAY        0.0           3.5  1941   0.1   -0.1      0.0
  MONTH TO DATE    0.0                       0.5   -0.5       T
  SINCE SEP 1      0.0                       0.5   -0.5       T
  SINCE JUL 1      0.0                       0.5   -0.5       T
  SNOW DEPTH       0

DEGREE DAYS
 HEATING
  YESTERDAY       19                        24     -5       32
  MONTH TO DATE  269                       412   -143      311
  SINCE SEP 1    410                       775   -365      543
  SINCE JUL 1    410                       777   -367      545

 COOLING
  YESTERDAY        0                         0      0        0
  MONTH TO DATE   19                         0     19        0
  SINCE SEP 1    321                       164    157      266
  SINCE JAN 1   1632                      1247    385     1387
..................................................................


WIND (MPH)
  HIGHEST WIND SPEED    22   HIGHEST WIND DIRECTION    SE (140)
  HIGHEST GUST SPEED    27   HIGHEST GUST DIRECTION     S (160)
  AVERAGE WIND SPEED    14.3


SKY COVER
  AVERAGE SKY COVER 0.7


WEATHER CONDITIONS
 THE FOLLOWING WEATHER WAS RECORDED YESTERDAY.
  THUNDERSTORM
  LIGHT RAIN


RELATIVE HUMIDITY (PERCENT)
 HIGHEST    86
 LOWEST     49
 AVERAGE    68

..........................................................


THE COLUMBIA ASOS CLIMATE NORMALS FOR TODAY
                         NORMAL    RECORD    YEAR
 MAXIMUM TEMPERATURE (F)   50        75      1974
 MINIMUM TEMPERATURE (F)   32         4      1950


SUNRISE AND SUNSET
NOVEMBER 23 2016......SUNRISE   701 AM CST   SUNSET   450 PM CST
NOVEMBER 24 2016......SUNRISE   702 AM CST   SUNSET   450 PM CST


-  INDICATES NEGATIVE NUMBERS.
R  INDICATES RECORD WAS SET OR TIED.
MM INDICATES DATA IS MISSING.
T  INDICATES TRACE AMOUNT.




$$
