000
CDUS43 KLSX 142227
CLICOU


CLIMATE REPORT
NATIONAL WEATHER SERVICE ST LOUIS MO
427 PM CST TUE NOV 14 2017


...................................

...THE COLUMBIA ASOS CLIMATE SUMMARY FOR NOVEMBER 14 2017...
VALID TODAY AS OF 0400 PM LOCAL TIME.

CLIMATE NORMAL PERIOD 1981 TO 2010
CLIMATE RECORD PERIOD 1890 TO 2017


WEATHER ITEM   OBSERVED TIME   RECORD YEAR NORMAL DEPARTURE LAST
                VALUE   (LST)  VALUE       VALUE  FROM      YEAR
                                                  NORMAL
..................................................................
TEMPERATURE (F)
 TODAY
  MAXIMUM         51    228 PM  78    1931  55     -4       66
  MINIMUM         45   1002 AM  10    1940  36      9       39
  AVERAGE         48                        45      3       53

PRECIPITATION (IN)
  TODAY            T             1.68 1913   0.12  -0.12     0.00
  MONTH TO DATE    0.02                      1.51  -1.49     1.75
  SINCE SEP 1      5.95                      8.69  -2.74    10.66
  SINCE JAN 1     37.06                     38.44  -1.38    39.00

SNOWFALL (IN)
  TODAY           MM             4.2  1906   0.0   MM        0.0
  MONTH TO DATE    0.0                       0.2   -0.2      0.0
  SINCE SEP 1      T                         0.2   -0.2      0.0
  SINCE JUL 1      T                         0.2   -0.2      0.0
  SNOW DEPTH       0

DEGREE DAYS
 HEATING
  TODAY           17                        20     -3       12
  MONTH TO DATE  256                       236     20      141
  SINCE SEP 1    506                       599    -93      282
  SINCE JUL 1    509                       601    -92      282

 COOLING
  TODAY            0                         0      0        0
  MONTH TO DATE    0                         0      0       15
  SINCE SEP 1    287                       164    123      317
  SINCE JAN 1   1401                      1247    154     1628
..................................................................


WIND (MPH)
  HIGHEST WIND SPEED    17   HIGHEST WIND DIRECTION     S (160)
  HIGHEST GUST SPEED    22   HIGHEST GUST DIRECTION     S (160)
  AVERAGE WIND SPEED    11.2


SKY COVER
  AVERAGE SKY COVER 1.0



RELATIVE HUMIDITY (PERCENT)
 HIGHEST    93          1200 PM
 LOWEST     65          1200 AM
 AVERAGE    79

..........................................................


THE COLUMBIA ASOS CLIMATE NORMALS FOR TOMORROW
                         NORMAL    RECORD    YEAR
 MAXIMUM TEMPERATURE (F)   54        78      1950
                                             1894
 MINIMUM TEMPERATURE (F)   35         6      1940


SUNRISE AND SUNSET
NOVEMBER 14 2017......SUNRISE   651 AM CST   SUNSET   456 PM CST
NOVEMBER 15 2017......SUNRISE   652 AM CST   SUNSET   455 PM CST


-  INDICATES NEGATIVE NUMBERS.
R  INDICATES RECORD WAS SET OR TIED.
MM INDICATES DATA IS MISSING.
T  INDICATES TRACE AMOUNT.




$$
