000
CDUS43 KLSX 232232
CLICOU


CLIMATE REPORT
NATIONAL WEATHER SERVICE ST LOUIS MO
432 PM CST TUE DEC 23 2014


...................................

...THE COLUMBIA ASOS CLIMATE SUMMARY FOR DECEMBER 23 2014...
VALID TODAY AS OF 0400 PM LOCAL TIME.

CLIMATE NORMAL PERIOD 1981 TO 2010
CLIMATE RECORD PERIOD 1890 TO 2014


WEATHER ITEM   OBSERVED TIME   RECORD YEAR NORMAL DEPARTURE LAST
                VALUE   (LST)  VALUE       VALUE  FROM      YEAR
                                                  NORMAL
..................................................................
TEMPERATURE (F)
 TODAY
  MAXIMUM         49    221 PM  70    1893  39     10       20
  MINIMUM         33    745 AM -19    1989  22     11        5
  AVERAGE         41                        31     10       13

PRECIPITATION (IN)
  TODAY            0.00          1.90 1932   0.07  -0.07      T
  MONTH TO DATE    2.12                      1.89   0.23     1.71
  SINCE DEC 1      2.12                      1.89   0.23     1.71
  SINCE JAN 1     44.06                     42.07   1.99    41.52

SNOWFALL (IN)
  TODAY            0.0           5.0  1918   0.2   -0.2       T
  MONTH TO DATE    1.0                       3.0   -2.0      2.4
  SINCE DEC 1      1.0                       3.0   -2.0      2.4
  SINCE JUL 1      1.8                       3.9   -2.1      2.4
  SNOW DEPTH       0

DEGREE DAYS
 HEATING
  TODAY           24                        34    -10       52
  MONTH TO DATE  619                       729   -110      794
  SINCE DEC 1    619                       729   -110      794
  SINCE JUL 1   1700                      1714    -14     1801

 COOLING
  TODAY            0                         0      0        0
  MONTH TO DATE    0                         0      0        0
  SINCE DEC 1      0                         0      0        0
  SINCE JAN 1   1266                      1249     17     1322
..................................................................


WIND (MPH)
  HIGHEST WIND SPEED    13   HIGHEST WIND DIRECTION    SW (220)
  HIGHEST GUST SPEED    17   HIGHEST GUST DIRECTION    SW (230)
  AVERAGE WIND SPEED     7.4


SKY COVER
  AVERAGE SKY COVER 0.1



RELATIVE HUMIDITY (PERCENT)
 HIGHEST   100           800 AM
 LOWEST     65           100 PM
 AVERAGE    83

..........................................................


THE COLUMBIA ASOS CLIMATE NORMALS FOR TOMORROW
                         NORMAL    RECORD    YEAR
 MAXIMUM TEMPERATURE (F)   39        69      1955
                                             1889
 MINIMUM TEMPERATURE (F)   22       -16      1983


SUNRISE AND SUNSET
DECEMBER 23 2014......SUNRISE   725 AM CST   SUNSET   452 PM CST
DECEMBER 24 2014......SUNRISE   725 AM CST   SUNSET   452 PM CST


-  INDICATES NEGATIVE NUMBERS.
R  INDICATES RECORD WAS SET OR TIED.
MM INDICATES DATA IS MISSING.
T  INDICATES TRACE AMOUNT.




$$
