000
CDUS43 KLSX 140735
CLICOU


CLIMATE REPORT
NATIONAL WEATHER SERVICE ST LOUIS MO
134 AM CST TUE FEB 14 2017


...................................

...THE COLUMBIA ASOS CLIMATE SUMMARY FOR FEBRUARY 13 2017...

CLIMATE NORMAL PERIOD 1981 TO 2010
CLIMATE RECORD PERIOD 1890 TO 2017


WEATHER ITEM   OBSERVED TIME   RECORD YEAR NORMAL DEPARTURE LAST
                VALUE   (LST)  VALUE       VALUE  FROM      YEAR
                                                  NORMAL
..................................................................
TEMPERATURE (F)
 YESTERDAY
  MAXIMUM         48    239 PM  75    1962  43      5       22
  MINIMUM         30    719 AM -25    1905  24      6       12
  AVERAGE         39                        34      5       17

PRECIPITATION (IN)
  YESTERDAY        0.01          1.11 1946   0.08  -0.07     0.00
  MONTH TO DATE    0.01                      0.98  -0.97     0.13
  SINCE DEC 1      2.03                      5.34  -3.31     8.07
  SINCE JAN 1      1.02                      2.90  -1.88     1.03

SNOWFALL (IN)
  YESTERDAY        0.0           9.3  1978   0.2   -0.2      0.0
  MONTH TO DATE    0.0                       2.4   -2.4      1.1
  SINCE DEC 1      1.6                      12.9  -11.3      8.0
  SINCE JUL 1      1.6                      13.8  -12.2      8.0
  SNOW DEPTH       0

DEGREE DAYS
 HEATING
  YESTERDAY       26                        31     -5       48
  MONTH TO DATE  338                       427    -89      419
  SINCE DEC 1   2262                      2531   -269     2148
  SINCE JUL 1   2845                      3516   -671     2844

 COOLING
  YESTERDAY        0                         0      0        0
  MONTH TO DATE    0                         0      0        0
  SINCE DEC 1      0                         0      0        0
  SINCE JAN 1      0                         0      0        0
..................................................................


WIND (MPH)
  HIGHEST WIND SPEED    12   HIGHEST WIND DIRECTION     S (180)
  HIGHEST GUST SPEED    15   HIGHEST GUST DIRECTION     S (190)
  AVERAGE WIND SPEED     4.4


SKY COVER
  AVERAGE SKY COVER 0.4


WEATHER CONDITIONS
 THE FOLLOWING WEATHER WAS RECORDED YESTERDAY.
  LIGHT RAIN


RELATIVE HUMIDITY (PERCENT)
 HIGHEST    76
 LOWEST     37
 AVERAGE    57

..........................................................


THE COLUMBIA ASOS CLIMATE NORMALS FOR TODAY
                         NORMAL    RECORD    YEAR
 MAXIMUM TEMPERATURE (F)   44        76      1954
 MINIMUM TEMPERATURE (F)   25        -5      1905


SUNRISE AND SUNSET
FEBRUARY 14 2017......SUNRISE   701 AM CST   SUNSET   546 PM CST
FEBRUARY 15 2017......SUNRISE   700 AM CST   SUNSET   547 PM CST


-  INDICATES NEGATIVE NUMBERS.
R  INDICATES RECORD WAS SET OR TIED.
MM INDICATES DATA IS MISSING.
T  INDICATES TRACE AMOUNT.




$$
