000
CDUS43 KLSX 220726
CLICOU


CLIMATE REPORT
NATIONAL WEATHER SERVICE ST LOUIS MO
125 AM CST THU JAN 22 2015


...................................

...THE COLUMBIA ASOS CLIMATE SUMMARY FOR JANUARY 21 2015...

CLIMATE NORMAL PERIOD 1981 TO 2010
CLIMATE RECORD PERIOD 1890 TO 2015


WEATHER ITEM   OBSERVED TIME   RECORD YEAR NORMAL DEPARTURE LAST
                VALUE   (LST)  VALUE       VALUE  FROM      YEAR
                                                  NORMAL
..................................................................
TEMPERATURE (F)
 YESTERDAY
  MAXIMUM         47    305 PM  73    1957  39      8       29
  MINIMUM         31   1147 PM -11    1970  21     10        7
  AVERAGE         39                        30      9       18

PRECIPITATION (IN)
  YESTERDAY        0.00          1.13 1958   0.06  -0.06      T
  MONTH TO DATE    0.53                      1.30  -0.77     0.90
  SINCE DEC 1      2.71                      3.74  -1.03     2.61
  SINCE JAN 1      0.53                      1.30  -0.77     0.90

SNOWFALL (IN)
  YESTERDAY        0.0           8.4  1958   0.2   -0.2       T
  MONTH TO DATE    0.1                       4.1   -4.0      7.5
  SINCE DEC 1      1.1                       8.5   -7.4      9.9
  SINCE JUL 1      1.9                       9.4   -7.5      9.9
  SNOW DEPTH       0

DEGREE DAYS
 HEATING
  YESTERDAY       26                        35     -9       47
  MONTH TO DATE  743                       748     -5      813
  SINCE DEC 1   1613                      1758   -145     1893
  SINCE JUL 1   2694                      2743    -49     2900

 COOLING
  YESTERDAY        0                         0      0        0
  MONTH TO DATE    0                         0      0        0
  SINCE DEC 1      0                         0      0        0
  SINCE JAN 1      0                         0      0        0
..................................................................


WIND (MPH)
  HIGHEST WIND SPEED    21   HIGHEST WIND DIRECTION     W (280)
  HIGHEST GUST SPEED    28   HIGHEST GUST DIRECTION    NW (310)
  AVERAGE WIND SPEED     9.2


SKY COVER
  AVERAGE SKY COVER 0.1


WEATHER CONDITIONS
 THE FOLLOWING WEATHER WAS RECORDED YESTERDAY.
  NO SIGNIFICANT WEATHER WAS OBSERVED.


RELATIVE HUMIDITY (PERCENT)
 HIGHEST    78
 LOWEST     49
 AVERAGE    64

..........................................................


THE COLUMBIA ASOS CLIMATE NORMALS FOR TODAY
                         NORMAL    RECORD    YEAR
 MAXIMUM TEMPERATURE (F)   39        75      1967
 MINIMUM TEMPERATURE (F)   21       -16      1930


SUNRISE AND SUNSET
JANUARY 22 2015.......SUNRISE   722 AM CST   SUNSET   519 PM CST
JANUARY 23 2015.......SUNRISE   722 AM CST   SUNSET   520 PM CST


-  INDICATES NEGATIVE NUMBERS.
R  INDICATES RECORD WAS SET OR TIED.
MM INDICATES DATA IS MISSING.
T  INDICATES TRACE AMOUNT.




$$
