000
CDUS43 KLSX 252138
CLICOU


CLIMATE REPORT
NATIONAL WEATHER SERVICE ST LOUIS MO
435 PM CDT SAT JUL 25 2015


...................................

...THE COLUMBIA ASOS CLIMATE SUMMARY FOR JULY 25 2015...
VALID TODAY AS OF 0400 PM LOCAL TIME.

CLIMATE NORMAL PERIOD 1981 TO 2010
CLIMATE RECORD PERIOD 1890 TO 2015


WEATHER ITEM   OBSERVED TIME   RECORD YEAR NORMAL DEPARTURE LAST
                VALUE   (LST)  VALUE       VALUE  FROM      YEAR
                                                  NORMAL
..................................................................
TEMPERATURE (F)
 TODAY
  MAXIMUM         90    258 PM 111    1934  88      2       89
  MINIMUM         71    646 AM  53    1911  67      4       62
                                      1905
  AVERAGE         81                        77      4       76

PRECIPITATION (IN)
  TODAY            0.10          2.36 1981   0.13  -0.03     0.00
  MONTH TO DATE    6.77                      3.63   3.14     1.46
  SINCE JUN 1     14.33                      8.10   6.23     6.53
  SINCE JAN 1     27.19                     24.65   2.54    21.35

SNOWFALL (IN)
  TODAY            0.0           0.0  2013   0.0    0.0      0.0
  MONTH TO DATE    0.0                       0.0    0.0      0.0
  SINCE JUN 1      0.0                       0.0    0.0      0.0
  SINCE JUL 1      0.0                       0.0    0.0      0.0
  SNOW DEPTH       0

DEGREE DAYS
 HEATING
  TODAY            0                         0      0        0
  MONTH TO DATE    1                         0      1        0
  SINCE JUN 1      8                        11     -3        0
  SINCE JUL 1      1                         0      1        0

 COOLING
  TODAY           16                        12      4       11
  MONTH TO DATE  309                       306      3      207
  SINCE JUN 1    620                       554     66      494
  SINCE JAN 1    739                       657     82      654
..................................................................


WIND (MPH)
  HIGHEST WIND SPEED    30   HIGHEST WIND DIRECTION    NW (330)
  HIGHEST GUST SPEED    37   HIGHEST GUST DIRECTION     N (340)
  AVERAGE WIND SPEED     8.3


SKY COVER
  AVERAGE SKY COVER 0.2



RELATIVE HUMIDITY (PERCENT)
 HIGHEST    94          1200 AM
 LOWEST     59           200 PM
 AVERAGE    77

..........................................................


THE COLUMBIA ASOS CLIMATE NORMALS FOR TOMORROW
                         NORMAL    RECORD    YEAR
 MAXIMUM TEMPERATURE (F)   88       105      1952
 MINIMUM TEMPERATURE (F)   67        51      1911


SUNRISE AND SUNSET
JULY 25 2015..........SUNRISE   604 AM CDT   SUNSET   826 PM CDT
JULY 26 2015..........SUNRISE   605 AM CDT   SUNSET   826 PM CDT


-  INDICATES NEGATIVE NUMBERS.
R  INDICATES RECORD WAS SET OR TIED.
MM INDICATES DATA IS MISSING.
T  INDICATES TRACE AMOUNT.




$$
